--
-- Host: 194.213.105.1    Database: cacti
-- ------------------------------------------------------


--
-- Table structure for table `cdef`
--

CREATE TABLE `cdef` (
  `id` mediumint(8) unsigned NOT NULL AUTO_INCREMENT,
  `hash` varchar(32) NOT NULL DEFAULT '',
  `name` varchar(255) NOT NULL DEFAULT '',
  PRIMARY KEY (`id`)
) ENGINE=MyISAM AUTO_INCREMENT=22 DEFAULT CHARSET=latin1;

--
-- Dumping data for table `cdef`
--

INSERT INTO `cdef` VALUES (3,'3d352eed9fa8f7b2791205b3273708c7','Make Stack Negative'),(4,'e961cc8ec04fda6ed4981cf5ad501aa5','Make Per 5 Minutes'),(12,'f1ac79f05f255c02f914c920f1038c54','Total All Data Sources'),(2,'73f95f8b77b5508157d64047342c421e','Turn Bytes into Bits'),(14,'634a23af5e78af0964e8d33b1a4ed26b','Multiply by 1024'),(15,'068984b5ccdfd2048869efae5166f722','Total All Data Sources, Multiply by 1024'),(16,'193736babcca6b601863267c8afe3be3','Diviser par dix'),(17,'4480e8f344d74fafab1295372d8a8b7b','CWs Correct FEC'),(18,'c63abf3355375fa64e06ca88c14c98f2','CWs UnCorrect FEC'),(19,'e120f16b9f3563ea0a109e1dbfc352b4','Dividir por 100'),(20,'b94212fee842e0e7d55b8dc612fd7514','Downstream BW 100%'),(21,'cbf9562a94c571ce937a664fa7988ce4','Downstream BW Current%');

--
-- Table structure for table `cdef_items`
--

CREATE TABLE `cdef_items` (
  `id` mediumint(8) unsigned NOT NULL AUTO_INCREMENT,
  `hash` varchar(32) NOT NULL DEFAULT '',
  `cdef_id` mediumint(8) unsigned NOT NULL DEFAULT '0',
  `sequence` mediumint(8) unsigned NOT NULL DEFAULT '0',
  `type` tinyint(2) NOT NULL DEFAULT '0',
  `value` varchar(150) NOT NULL DEFAULT '',
  PRIMARY KEY (`id`),
  KEY `cdef_id` (`cdef_id`)
) ENGINE=MyISAM AUTO_INCREMENT=50 DEFAULT CHARSET=latin1;

--
-- Dumping data for table `cdef_items`
--

INSERT INTO `cdef_items` VALUES (7,'9bbf6b792507bb9bb17d2af0970f9be9',2,1,4,'CURRENT_DATA_SOURCE'),(9,'a4b8eb2c3bf4920a3ef571a7a004be53',2,2,6,'8'),(8,'caa4e023ac2d7b1c4b4c8c4adfd55dfe',2,3,2,'3'),(10,'c888c9fe6b62c26c4bfe23e18991731d',3,1,4,'CURRENT_DATA_SOURCE'),(11,'1e1d0b29a94e08b648c8f053715442a0',3,3,2,'3'),(12,'4355c197998c7f8b285be7821ddc6da4',3,2,6,'-1'),(13,'40bb7a1143b0f2e2efca14eb356236de',4,1,4,'CURRENT_DATA_SOURCE'),(14,'42686ea0925c0220924b7d333599cd67',4,3,2,'3'),(15,'faf1b148b2c0e0527362ed5b8ca1d351',4,2,6,'300'),(16,'0ef6b8a42dc83b4e43e437960fccd2ea',12,1,4,'ALL_DATA_SOURCES_NODUPS'),(18,'86370cfa0008fe8c56b28be80ee39a40',14,1,4,'CURRENT_DATA_SOURCE'),(19,'9a35cc60d47691af37f6fddf02064e20',14,2,6,'1024'),(20,'5d7a7941ec0440b257e5598a27dd1688',14,3,2,'3'),(21,'44fd595c60539ff0f5817731d9f43a85',15,1,4,'ALL_DATA_SOURCES_NODUPS'),(22,'aa38be265e5ac31783e57ce6f9314e9a',15,2,6,'1024'),(23,'204423d4b2598f1f7252eea19458345c',15,3,2,'3'),(24,'7d0d0684b73d03f223c596107e6c4bab',16,1,4,'CURRENT_DATA_SOURCE'),(25,'03d7b054c998cc809668de8e873ce010',16,2,6,'10'),(26,'2bda505c867ae50db39eb0e08b7602c2',16,3,2,'4'),(27,'34e750962ff6dd972a651d82117ea065',17,5,6,'b'),(28,'91eef46ca64ab97c05de1c50baac0f86',17,9,6,'100'),(29,'605c46bdd9ab578d525104ee40dd64b3',17,10,2,'3'),(30,'42715e6961ef4f82beddd666e36cdc73',17,11,4,'ALL_DATA_SOURCES_NODUPS'),(31,'0d1542a3804721ddd150a4d26f958e11',17,12,2,'4'),(32,'f776b34b1a299c104764fa04de05c369',18,1,6,'c'),(33,'818b7bf5ce9823350ddf842f1fdb1d0a',18,2,6,'100'),(34,'f5a3d6821c62a6c9896ef0aadaddacbc',18,3,2,'3'),(35,'a59148c26df8bc88b38019e1176d6838',18,4,4,'ALL_DATA_SOURCES_NODUPS'),(36,'bd04776fab20ced5954a492c37e183e3',18,5,2,'4'),(37,'80f262e904896b693fa94335098e0c38',19,1,4,'CURRENT_DATA_SOURCE'),(38,'518a630993fd16c21dbc18a120929eaa',19,2,6,'100'),(39,'ff3b805864e67176e76070de782ebecf',19,3,2,'4'),(40,'563f030da642d523654f1b77a2de52c3',20,1,4,'CURRENT_DATA_SOURCE'),(41,'a1663bcd956b75d53ad1d714ddb3c3d0',20,2,6,'100'),(42,'4b540f304e3d117ca62b3880a5af8e0e',20,3,2,'3'),(43,'ca78d235be0b8f3297259672e7e89d46',20,4,6,'a'),(44,'da9b7f3a2a47aab84b20a85d779c2c59',20,5,2,'4'),(45,'09574914d1b159809b969cb614093152',21,1,4,'CURRENT_DATA_SOURCE'),(46,'f662b8a9e5e53590e9f0ae3d196f00b5',21,2,6,'100'),(47,'0d29eed023273cbf39c418991d598474',21,3,2,'3'),(48,'cea8479fc5cab45ed4e7e4d7d3df40b9',21,4,6,'a'),(49,'bfc23877ba13bacc209d1cdce1813eb9',21,5,2,'4');

--
-- Table structure for table `colors`
--

CREATE TABLE `colors` (
  `id` mediumint(8) unsigned NOT NULL AUTO_INCREMENT,
  `hex` varchar(6) NOT NULL DEFAULT '',
  PRIMARY KEY (`id`)
) ENGINE=MyISAM AUTO_INCREMENT=112 DEFAULT CHARSET=latin1;

--
-- Dumping data for table `colors`
--

INSERT INTO `colors` VALUES (1,'000000'),(2,'FFFFFF'),(4,'FAFD9E'),(5,'C0C0C0'),(6,'74C366'),(7,'6DC8FE'),(8,'EA8F00'),(9,'FF0000'),(10,'4444FF'),(11,'FF00FF'),(12,'00FF00'),(13,'8D85F3'),(14,'AD3B6E'),(15,'EACC00'),(16,'12B3B5'),(17,'157419'),(18,'C4FD3D'),(19,'817C4E'),(20,'002A97'),(21,'0000FF'),(22,'00CF00'),(24,'F9FD5F'),(25,'FFF200'),(26,'CCBB00'),(27,'837C04'),(28,'EAAF00'),(29,'FFD660'),(30,'FFC73B'),(31,'FFAB00'),(33,'FF7D00'),(34,'ED7600'),(35,'FF5700'),(36,'EE5019'),(37,'B1441E'),(38,'FFC3C0'),(39,'FF897C'),(40,'FF6044'),(41,'FF4105'),(42,'DA4725'),(43,'942D0C'),(44,'FF3932'),(45,'862F2F'),(46,'FF5576'),(47,'562B29'),(48,'F51D30'),(49,'DE0056'),(50,'ED5394'),(51,'B90054'),(52,'8F005C'),(53,'F24AC8'),(54,'E8CDEF'),(55,'D8ACE0'),(56,'A150AA'),(57,'750F7D'),(58,'8D00BA'),(59,'623465'),(60,'55009D'),(61,'3D168B'),(62,'311F4E'),(63,'D2D8F9'),(64,'9FA4EE'),(65,'6557D0'),(66,'4123A1'),(67,'4668E4'),(68,'0D006A'),(69,'00004D'),(70,'001D61'),(71,'00234B'),(72,'002A8F'),(73,'2175D9'),(74,'7CB3F1'),(75,'005199'),(76,'004359'),(77,'00A0C1'),(78,'007283'),(79,'00BED9'),(80,'AFECED'),(81,'55D6D3'),(82,'00BBB4'),(83,'009485'),(84,'005D57'),(85,'008A77'),(86,'008A6D'),(87,'00B99B'),(88,'009F67'),(89,'00694A'),(90,'00A348'),(91,'00BF47'),(92,'96E78A'),(93,'00BD27'),(94,'35962B'),(95,'7EE600'),(96,'6EA100'),(97,'CAF100'),(98,'F5F800'),(99,'CDCFC4'),(100,'BCBEB3'),(101,'AAABA1'),(102,'8F9286'),(103,'797C6E'),(104,'2E3127'),(105,'888888'),(106,'00aaaa'),(107,'FF5F00'),(108,'fa0605'),(109,'fffe04'),(110,'00ff01'),(111,'CF00FF');

--
-- Table structure for table `data_input`
--

CREATE TABLE `data_input` (
  `id` mediumint(8) unsigned NOT NULL AUTO_INCREMENT,
  `hash` varchar(32) NOT NULL DEFAULT '',
  `name` varchar(200) NOT NULL DEFAULT '',
  `input_string` varchar(255) DEFAULT NULL,
  `type_id` tinyint(2) NOT NULL DEFAULT '0',
  PRIMARY KEY (`id`),
  KEY `name` (`name`)
) ENGINE=MyISAM AUTO_INCREMENT=17 DEFAULT CHARSET=latin1;

--
-- Dumping data for table `data_input`
--

INSERT INTO `data_input` VALUES (1,'3eb92bb845b9660a7445cf9740726522','Get SNMP Data','',2),(2,'bf566c869ac6443b0c75d1c32b5a350e','Get SNMP Data (Indexed)','',3),(3,'274f4685461170b9eb1b98d22567ab5e','Unix - Get Free Disk Space','<path_cacti>/scripts/diskfree.sh <partition>',1),(4,'95ed0993eb3095f9920d431ac80f4231','Unix - Get Load Average','perl <path_cacti>/scripts/loadavg_multi.pl',1),(5,'79a284e136bb6b061c6f96ec219ac448','Unix - Get Logged In Users','perl <path_cacti>/scripts/unix_users.pl <username>',1),(6,'362e6d4768937c4f899dd21b91ef0ff8','Linux - Get Memory Usage','perl <path_cacti>/scripts/linux_memory.pl <grepstr>',1),(7,'a637359e0a4287ba43048a5fdf202066','Unix - Get System Processes','perl <path_cacti>/scripts/unix_processes.pl',1),(8,'47d6bfe8be57a45171afd678920bd399','Unix - Get TCP Connections','perl <path_cacti>/scripts/unix_tcp_connections.pl <grepstr>',1),(9,'cc948e4de13f32b6aea45abaadd287a3','Unix - Get Web Hits','perl <path_cacti>/scripts/webhits.pl <log_path>',1),(10,'8bd153aeb06e3ff89efc73f35849a7a0','Unix - Ping Host','perl <path_cacti>/scripts/ping.pl <ip>',1),(11,'80e9e4c4191a5da189ae26d0e237f015','Get Script Data (Indexed)','',4),(12,'332111d8b54ac8ce939af87a7eac0c06','Get Script Server Data (Indexed)','',6),(13,'13cc6b9a4392d4bb375a34cf336d8fa5','rn - [GET] Conntrack Status - ICMP [ SNMP ]','<path_php_binary> -q <path_cacti>/scripts/snmp_execscripts.php conntrack:<hostname>:<snmp_port>:<snmp_version>:<snmp_timeout>:<snmp_community>:<snmp_username>:<snmp_password>:<snmp_auth_protocol>:<snmp_priv_passphrase>:<snmp_priv_protocol>',1),(14,'8ff6084432fc3cb4947dc46527aa8fc0','rn - [GET] Conntrack Status - Proto [ SNMP ]','<path_php_binary> -q <path_cacti>/scripts/snmp_execscripts.php conntrack:<hostname>:<snmp_port>:<snmp_version>:<snmp_timeout>:<snmp_community>:<snmp_username>:<snmp_password>:<snmp_auth_protocol>:<snmp_priv_passphrase>:<snmp_priv_protocol>',1),(15,'d175d185ed8665ff25f122536141c5a5','rn - [GET] Conntrack Status - TCP [ SNMP ]','<path_php_binary> -q <path_cacti>/scripts/snmp_execscripts.php conntrack:<hostname>:<snmp_port>:<snmp_version>:<snmp_timeout>:<snmp_community>:<snmp_username>:<snmp_password>:<snmp_auth_protocol>:<snmp_priv_passphrase>:<snmp_priv_protocol>',1),(16,'390f7a81782a29f40794ecac08d0c6be','rn - [GET] Conntrack Status - UDP [ SNMP ]','<path_php_binary> -q <path_cacti>/scripts/snmp_execscripts.php conntrack:<hostname>:<snmp_port>:<snmp_version>:<snmp_timeout>:<snmp_community>:<snmp_username>:<snmp_password>:<snmp_auth_protocol>:<snmp_priv_passphrase>:<snmp_priv_protocol>',1);

--
-- Table structure for table `data_input_data`
--

CREATE TABLE `data_input_data` (
  `data_input_field_id` mediumint(8) unsigned NOT NULL DEFAULT '0',
  `data_template_data_id` mediumint(8) unsigned NOT NULL DEFAULT '0',
  `t_value` char(2) DEFAULT NULL,
  `value` text,
  PRIMARY KEY (`data_input_field_id`,`data_template_data_id`),
  KEY `t_value` (`t_value`)
) ENGINE=MyISAM DEFAULT CHARSET=latin1;

--
-- Dumping data for table `data_input_data`
--

INSERT INTO `data_input_data` VALUES (14,3,'on',''),(13,3,'on',''),(12,3,'on',''),(1,4,'',''),(1,5,'',''),(1,6,'',''),(14,7,'on',''),(13,7,'on',''),(12,7,'on',''),(14,8,'on',''),(13,8,'on',''),(12,8,'on',''),(14,9,'on',''),(13,9,'on',''),(12,9,'on',''),(14,10,'on',''),(13,10,'on',''),(12,10,'on',''),(22,13,'','MemFree:'),(22,15,'','SwapFree:'),(29,18,'',''),(1,19,'',''),(2,19,'',''),(1,27,'',''),(1,30,'',''),(1,31,'',''),(1,32,'',''),(1,33,'',''),(1,34,'',''),(14,35,'on',''),(13,35,'on',''),(12,35,'on',''),(14,36,'on',''),(13,36,'on',''),(12,36,'on',''),(1,22,'',''),(1,23,'',''),(1,24,'',''),(1,25,'',''),(1,26,'',''),(33,37,'on',''),(32,37,'on',''),(31,37,'on',''),(14,38,'on',''),(13,38,'on',''),(12,38,'on',''),(14,39,'on',''),(13,39,'on',''),(12,39,'on',''),(14,40,'on',''),(13,40,'on',''),(12,40,'on',''),(46,41,'',''),(45,41,'',''),(44,41,'',''),(14,55,'on',''),(13,55,'on',''),(12,55,'on',''),(37,56,'on',''),(36,56,'on',''),(35,56,'on',''),(37,57,'on',''),(36,57,'on',''),(35,57,'on',''),(1,58,'',''),(1,59,'',''),(1,20,'',''),(5,6,'',''),(4,6,'',''),(3,6,'',''),(2,6,'',''),(6,69,'on',''),(1,68,'',''),(2,68,'',''),(6,6,'','.1.3.6.1.4.1.2021.11.51.0'),(2,27,'',''),(3,27,'',''),(4,27,'',''),(5,27,'',''),(6,27,'','.1.3.6.1.4.1.9.2.1.58.0'),(2,59,'',''),(3,59,'',''),(4,59,'',''),(5,59,'',''),(6,59,'','.1.3.6.1.2.1.25.1.5.0'),(2,58,'',''),(3,58,'',''),(4,58,'',''),(5,58,'',''),(6,58,'','.1.3.6.1.2.1.25.1.6.0'),(2,24,'',''),(3,24,'',''),(4,24,'',''),(5,24,'',''),(6,24,'','.1.3.6.1.4.1.23.2.28.2.5.0'),(2,25,'',''),(3,25,'',''),(4,25,'',''),(5,25,'',''),(6,25,'','.1.3.6.1.4.1.23.2.28.2.6.0'),(2,22,'',''),(3,22,'',''),(4,22,'',''),(5,22,'',''),(6,22,'','.1.3.6.1.4.1.23.2.28.2.1.0'),(2,23,'',''),(3,23,'',''),(4,23,'',''),(5,23,'',''),(6,23,'','.1.3.6.1.4.1.23.2.28.2.2.0'),(2,26,'',''),(3,26,'',''),(4,26,'',''),(5,26,'',''),(6,26,'','.1.3.6.1.4.1.23.2.28.2.7.0'),(2,20,'',''),(3,20,'',''),(4,20,'',''),(5,20,'',''),(6,20,'','.1.3.6.1.4.1.23.2.28.3.2.0'),(3,19,'',''),(4,19,'',''),(5,19,'',''),(6,19,'','.1.3.6.1.4.1.23.2.28.3.1'),(2,4,'',''),(3,4,'',''),(4,4,'',''),(5,4,'',''),(6,4,'','.1.3.6.1.4.1.2021.11.52.0'),(2,5,'',''),(3,5,'',''),(4,5,'',''),(5,5,'',''),(6,5,'','.1.3.6.1.4.1.2021.11.50.0'),(2,30,'',''),(3,30,'',''),(4,30,'',''),(5,30,'',''),(6,30,'','.1.3.6.1.4.1.2021.10.1.3.1'),(2,32,'',''),(3,32,'',''),(4,32,'',''),(5,32,'',''),(6,32,'','.1.3.6.1.4.1.2021.10.1.3.3'),(2,31,'',''),(3,31,'',''),(4,31,'',''),(5,31,'',''),(6,31,'','.1.3.6.1.4.1.2021.10.1.3.2'),(2,33,'',''),(3,33,'',''),(4,33,'',''),(5,33,'',''),(6,33,'','.1.3.6.1.4.1.2021.4.14.0'),(3,68,'',''),(4,68,'',''),(5,68,'',''),(6,68,'','.1.3.6.1.4.1.2021.4.15.0'),(2,34,'',''),(3,34,'',''),(4,34,'',''),(5,34,'',''),(6,34,'','.1.3.6.1.4.1.2021.4.6.0'),(20,17,'',''),(39,41,'',''),(14,41,'on',''),(13,41,'on',''),(12,41,'on',''),(11,41,'',''),(10,41,'',''),(9,41,'',''),(8,41,'',''),(7,41,'',''),(14,219,'on',''),(13,219,'on',''),(12,219,'on',''),(11,219,'',''),(10,219,'',''),(9,219,'',''),(8,219,'',''),(7,219,'',''),(14,220,'on',''),(13,220,'on',''),(12,220,'on',''),(11,220,'',''),(10,220,'',''),(9,220,'',''),(8,220,'',''),(7,220,'',''),(14,221,'on',''),(13,221,'on',''),(12,221,'on',''),(11,221,'',''),(10,221,'',''),(9,221,'',''),(8,221,'',''),(7,221,'',''),(7,222,'',''),(8,222,'',''),(9,222,'',''),(10,222,'',''),(11,222,'',''),(12,222,'on',''),(13,222,'on',''),(14,222,'on',''),(14,223,'on',''),(13,223,'on',''),(12,223,'on',''),(11,223,'',''),(10,223,'',''),(9,223,'',''),(8,223,'',''),(7,223,'',''),(14,224,'on',''),(13,224,'on',''),(12,224,'on',''),(11,224,'',''),(10,224,'',''),(9,224,'',''),(8,224,'',''),(7,224,'',''),(46,223,'',''),(45,223,'',''),(44,223,'',''),(39,223,'',''),(46,2050,'',''),(45,2050,'',''),(44,2050,'',''),(39,2050,'',''),(14,2050,'on',''),(13,2050,'on',''),(12,2050,'on',''),(11,2050,'',''),(10,2050,'',''),(9,2050,'',''),(8,2050,'',''),(7,2050,'',''),(46,2051,'',''),(45,2051,'',''),(44,2051,'',''),(39,2051,'',''),(14,2051,'on',''),(13,2051,'on',''),(12,2051,'on',''),(11,2051,'',''),(10,2051,'',''),(9,2051,'',''),(8,2051,'',''),(7,2051,'',''),(46,2303,NULL,''),(45,2303,NULL,''),(44,2303,NULL,''),(39,2303,NULL,'161'),(14,2303,'','14'),(13,2303,'','eth0'),(12,2303,'','ifDescr'),(11,2303,NULL,'2'),(10,2303,NULL,''),(9,2303,NULL,''),(8,2303,NULL,'redpub'),(7,2303,NULL,'194.213.105.3'),(46,2304,NULL,''),(45,2304,NULL,''),(44,2304,NULL,''),(39,2304,NULL,'161'),(14,2304,'','14'),(13,2304,'','eth1'),(12,2304,'','ifDescr'),(11,2304,NULL,'2'),(10,2304,NULL,''),(9,2304,NULL,''),(8,2304,NULL,'redpub'),(7,2304,NULL,'194.213.105.3'),(37,2305,'','19'),(36,2305,'','0'),(35,2305,'','hrProcessorFrwID'),(37,2306,'','19'),(36,2306,'','1'),(35,2306,'','hrProcessorFrwID'),(69,2922,'',''),(47,2921,'',''),(48,2921,'',''),(49,2921,'',''),(50,2921,'',''),(51,2921,'',''),(52,2921,'',''),(53,2921,'',''),(54,2921,'',''),(55,2921,'',''),(56,2921,'',''),(14,2317,'','2'),(13,2317,'','eth0'),(12,2317,'','ifDescr'),(7,2317,NULL,'194.213.105.3'),(8,2317,NULL,'redpub'),(9,2317,NULL,''),(10,2317,NULL,''),(11,2317,NULL,'2'),(39,2317,NULL,'161'),(44,2317,NULL,''),(45,2317,NULL,''),(46,2317,NULL,''),(14,2318,'','2'),(13,2318,'','eth1'),(12,2318,'','ifDescr'),(7,2318,NULL,'194.213.105.3'),(8,2318,NULL,'redpub'),(9,2318,NULL,''),(10,2318,NULL,''),(11,2318,NULL,'2'),(39,2318,NULL,'161'),(44,2318,NULL,''),(45,2318,NULL,''),(46,2318,NULL,''),(68,2922,'',''),(67,2922,'',''),(66,2922,'',''),(65,2922,'',''),(64,2922,'',''),(63,2922,'',''),(62,2922,'',''),(61,2922,'',''),(60,2922,'',''),(101,2923,'',''),(100,2923,'',''),(99,2923,'',''),(98,2923,'',''),(97,2923,'',''),(96,2923,'',''),(95,2923,'',''),(94,2923,'',''),(93,2923,'',''),(92,2923,'',''),(123,2924,'',''),(122,2924,'',''),(121,2924,'',''),(120,2924,'',''),(119,2924,'',''),(118,2924,'',''),(117,2924,'',''),(116,2924,'',''),(115,2924,'',''),(114,2924,'',''),(6,3371,'','.1.3.6.1.4.1.1916.1.1.1.28.0'),(5,3371,'',''),(4,3371,'',''),(3,3371,'',''),(2,3371,'',''),(1,3371,'',''),(128,3371,'',''),(6,3372,'','.1.3.6.1.4.1.1916.1.1.1.8.0'),(5,3372,'',''),(4,3372,'',''),(3,3372,'',''),(2,3372,'',''),(1,3372,'',''),(128,3372,'',''),(7,5289,NULL,'10.100.0.2'),(8,5289,NULL,'redpub'),(9,5289,NULL,''),(10,5289,NULL,''),(11,5289,NULL,'2'),(12,5289,'','ifDescr'),(13,5289,'','Stack Port 3:25'),(14,5289,'','14'),(39,5289,NULL,'161'),(44,5289,NULL,''),(45,5289,NULL,''),(46,5289,NULL,''),(7,5379,'','10.100.0.88'),(8,5379,'','redpub'),(9,5379,'',''),(10,5379,'',''),(11,5379,'','2'),(12,5379,'','ifSpeed'),(13,5379,'','Ethernet Port on unit 1, port 7'),(14,5379,'','13'),(39,5379,'','161'),(44,5379,'',''),(45,5379,'',''),(46,5379,'',''),(7,5382,NULL,'10.100.0.88'),(8,5382,NULL,'redpub'),(9,5382,NULL,''),(10,5382,NULL,''),(11,5382,NULL,'2'),(12,5382,'','ifDescr'),(13,5382,'','Ethernet Port on unit 1, port 26'),(14,5382,'','13'),(39,5382,NULL,'161'),(44,5382,NULL,''),(45,5382,NULL,''),(46,5382,NULL,''),(7,5381,'','10.100.0.88'),(8,5381,'','redpub'),(9,5381,'',''),(10,5381,'',''),(11,5381,'','2'),(12,5381,'','ifSpeed'),(13,5381,'','VLAN ID 0001'),(14,5381,'','13'),(39,5381,'','161'),(44,5381,'',''),(45,5381,'',''),(46,5381,'',''),(4,5406,NULL,''),(3,5406,NULL,''),(2,5406,NULL,'public'),(1,5406,NULL,'127.0.0.1'),(6,5405,'','.1.3.6.1.4.1.2021.11.51.0'),(2,5405,NULL,'public'),(3,5405,NULL,''),(4,5405,NULL,''),(5,5405,NULL,'2'),(1,5405,NULL,'127.0.0.1'),(6,5407,'','.1.3.6.1.4.1.2021.11.50.0'),(5,5407,NULL,'2'),(4,5407,NULL,''),(3,5407,NULL,''),(2,5407,NULL,'public'),(1,5407,NULL,'127.0.0.1'),(6,5406,'','.1.3.6.1.4.1.2021.11.52.0'),(5,5406,NULL,'2'),(46,5220,NULL,''),(45,5220,NULL,''),(44,5220,NULL,''),(39,5220,NULL,'161'),(14,5220,'','13'),(13,5220,'','X450a-24x Port 1'),(12,5220,'','ifDescr'),(11,5220,NULL,'2'),(10,5220,NULL,''),(9,5220,NULL,''),(8,5220,NULL,'redpub'),(7,5220,NULL,'10.100.0.211'),(46,5221,NULL,''),(45,5221,NULL,''),(44,5221,NULL,''),(39,5221,NULL,'161'),(14,5221,'','13'),(13,5221,'','X450a-24x Port 2'),(12,5221,'','ifDescr'),(11,5221,NULL,'2'),(10,5221,NULL,''),(9,5221,NULL,''),(8,5221,NULL,'redpub'),(7,5221,NULL,'10.100.0.211'),(46,5222,NULL,''),(45,5222,NULL,''),(44,5222,NULL,''),(39,5222,NULL,'161'),(14,5222,'','13'),(13,5222,'','X450a-24x Port 3'),(12,5222,'','ifDescr'),(11,5222,NULL,'2'),(10,5222,NULL,''),(9,5222,NULL,''),(8,5222,NULL,'redpub'),(7,5222,NULL,'10.100.0.211'),(46,5223,NULL,''),(45,5223,NULL,''),(44,5223,NULL,''),(39,5223,NULL,'161'),(14,5223,'','13'),(13,5223,'','X450a-24x Port 4'),(12,5223,'','ifDescr'),(11,5223,NULL,'2'),(10,5223,NULL,''),(9,5223,NULL,''),(8,5223,NULL,'redpub'),(7,5223,NULL,'10.100.0.211'),(46,5224,NULL,''),(45,5224,NULL,''),(44,5224,NULL,''),(39,5224,NULL,'161'),(14,5224,'','13'),(13,5224,'','X450a-24x Port 5'),(12,5224,'','ifDescr'),(11,5224,NULL,'2'),(10,5224,NULL,''),(9,5224,NULL,''),(8,5224,NULL,'redpub'),(7,5224,NULL,'10.100.0.211'),(46,5225,NULL,''),(45,5225,NULL,''),(44,5225,NULL,''),(39,5225,NULL,'161'),(14,5225,'','13'),(13,5225,'','X450a-24x Port 6'),(12,5225,'','ifDescr'),(11,5225,NULL,'2'),(10,5225,NULL,''),(9,5225,NULL,''),(8,5225,NULL,'redpub'),(7,5225,NULL,'10.100.0.211'),(46,5226,NULL,''),(45,5226,NULL,''),(44,5226,NULL,''),(39,5226,NULL,'161'),(14,5226,'','13'),(13,5226,'','X450a-24x Port 7'),(12,5226,'','ifDescr'),(11,5226,NULL,'2'),(10,5226,NULL,''),(9,5226,NULL,''),(8,5226,NULL,'redpub'),(7,5226,NULL,'10.100.0.211'),(46,5227,NULL,''),(45,5227,NULL,''),(44,5227,NULL,''),(39,5227,NULL,'161'),(14,5227,'','13'),(13,5227,'','X450a-24x Port 8'),(12,5227,'','ifDescr'),(11,5227,NULL,'2'),(10,5227,NULL,''),(9,5227,NULL,''),(8,5227,NULL,'redpub'),(7,5227,NULL,'10.100.0.211'),(46,5228,NULL,''),(45,5228,NULL,''),(44,5228,NULL,''),(39,5228,NULL,'161'),(14,5228,'','13'),(13,5228,'','X450a-24x Port 9'),(12,5228,'','ifDescr'),(11,5228,NULL,'2'),(10,5228,NULL,''),(9,5228,NULL,''),(8,5228,NULL,'redpub'),(7,5228,NULL,'10.100.0.211'),(46,5229,NULL,''),(45,5229,NULL,''),(44,5229,NULL,''),(39,5229,NULL,'161'),(14,5229,'','13'),(13,5229,'','X450a-24x Port 10'),(12,5229,'','ifDescr'),(11,5229,NULL,'2'),(10,5229,NULL,''),(9,5229,NULL,''),(8,5229,NULL,'redpub'),(7,5229,NULL,'10.100.0.211'),(46,5230,NULL,''),(45,5230,NULL,''),(44,5230,NULL,''),(39,5230,NULL,'161'),(14,5230,'','13'),(13,5230,'','X450a-24x Port 11'),(12,5230,'','ifDescr'),(11,5230,NULL,'2'),(10,5230,NULL,''),(9,5230,NULL,''),(8,5230,NULL,'redpub'),(7,5230,NULL,'10.100.0.211'),(46,5231,NULL,''),(45,5231,NULL,''),(44,5231,NULL,''),(39,5231,NULL,'161'),(14,5231,'','13'),(13,5231,'','X450a-24x Port 12'),(12,5231,'','ifDescr'),(11,5231,NULL,'2'),(10,5231,NULL,''),(9,5231,NULL,''),(8,5231,NULL,'redpub'),(7,5231,NULL,'10.100.0.211'),(46,5232,NULL,''),(45,5232,NULL,''),(44,5232,NULL,''),(39,5232,NULL,'161'),(14,5232,'','13'),(13,5232,'','X450a-24x Port 13'),(12,5232,'','ifDescr'),(11,5232,NULL,'2'),(10,5232,NULL,''),(9,5232,NULL,''),(8,5232,NULL,'redpub'),(7,5232,NULL,'10.100.0.211'),(46,5233,NULL,''),(45,5233,NULL,''),(44,5233,NULL,''),(39,5233,NULL,'161'),(14,5233,'','13'),(13,5233,'','X450a-24x Port 14'),(12,5233,'','ifDescr'),(11,5233,NULL,'2'),(10,5233,NULL,''),(9,5233,NULL,''),(8,5233,NULL,'redpub'),(7,5233,NULL,'10.100.0.211'),(46,5234,NULL,''),(45,5234,NULL,''),(44,5234,NULL,''),(39,5234,NULL,'161'),(14,5234,'','13'),(13,5234,'','X450a-24x Port 15'),(12,5234,'','ifDescr'),(11,5234,NULL,'2'),(10,5234,NULL,''),(9,5234,NULL,''),(8,5234,NULL,'redpub'),(7,5234,NULL,'10.100.0.211'),(46,5235,NULL,''),(45,5235,NULL,''),(44,5235,NULL,''),(39,5235,NULL,'161'),(14,5235,'','13'),(13,5235,'','X450a-24x Port 16'),(12,5235,'','ifDescr'),(11,5235,NULL,'2'),(10,5235,NULL,''),(9,5235,NULL,''),(8,5235,NULL,'redpub'),(7,5235,NULL,'10.100.0.211'),(46,5236,NULL,''),(45,5236,NULL,''),(44,5236,NULL,''),(39,5236,NULL,'161'),(14,5236,'','13'),(13,5236,'','X450a-24x Port 17'),(12,5236,'','ifDescr'),(11,5236,NULL,'2'),(10,5236,NULL,''),(9,5236,NULL,''),(8,5236,NULL,'redpub'),(7,5236,NULL,'10.100.0.211'),(46,5237,NULL,''),(45,5237,NULL,''),(44,5237,NULL,''),(39,5237,NULL,'161'),(14,5237,'','13'),(13,5237,'','X450a-24x Port 18'),(12,5237,'','ifDescr'),(11,5237,NULL,'2'),(10,5237,NULL,''),(9,5237,NULL,''),(8,5237,NULL,'redpub'),(7,5237,NULL,'10.100.0.211'),(46,5238,NULL,''),(45,5238,NULL,''),(44,5238,NULL,''),(39,5238,NULL,'161'),(14,5238,'','13'),(13,5238,'','X450a-24x Port 19'),(12,5238,'','ifDescr'),(11,5238,NULL,'2'),(10,5238,NULL,''),(9,5238,NULL,''),(8,5238,NULL,'redpub'),(7,5238,NULL,'10.100.0.211'),(46,5239,NULL,''),(45,5239,NULL,''),(44,5239,NULL,''),(39,5239,NULL,'161'),(14,5239,'','13'),(13,5239,'','X450a-24x Port 20'),(12,5239,'','ifDescr'),(11,5239,NULL,'2'),(10,5239,NULL,''),(9,5239,NULL,''),(8,5239,NULL,'redpub'),(7,5239,NULL,'10.100.0.211'),(46,5240,NULL,''),(45,5240,NULL,''),(44,5240,NULL,''),(39,5240,NULL,'161'),(14,5240,'','13'),(13,5240,'','X450a-24x Port 21'),(12,5240,'','ifDescr'),(11,5240,NULL,'2'),(10,5240,NULL,''),(9,5240,NULL,''),(8,5240,NULL,'redpub'),(7,5240,NULL,'10.100.0.211'),(46,5241,NULL,''),(45,5241,NULL,''),(44,5241,NULL,''),(39,5241,NULL,'161'),(14,5241,'','13'),(13,5241,'','X450a-24x Port 22'),(12,5241,'','ifDescr'),(11,5241,NULL,'2'),(10,5241,NULL,''),(9,5241,NULL,''),(8,5241,NULL,'redpub'),(7,5241,NULL,'10.100.0.211'),(46,5242,NULL,''),(45,5242,NULL,''),(44,5242,NULL,''),(39,5242,NULL,'161'),(14,5242,'','13'),(13,5242,'','X450a-24x Port 23'),(12,5242,'','ifDescr'),(11,5242,NULL,'2'),(10,5242,NULL,''),(9,5242,NULL,''),(8,5242,NULL,'redpub'),(7,5242,NULL,'10.100.0.211'),(46,5243,NULL,''),(45,5243,NULL,''),(44,5243,NULL,''),(39,5243,NULL,'161'),(14,5243,'','13'),(13,5243,'','X450a-24x Port 24'),(12,5243,'','ifDescr'),(11,5243,NULL,'2'),(10,5243,NULL,''),(9,5243,NULL,''),(8,5243,NULL,'redpub'),(7,5243,NULL,'10.100.0.211'),(46,5389,NULL,''),(45,5389,NULL,''),(44,5389,NULL,''),(39,5389,NULL,'161'),(14,5389,'','13'),(13,5389,'','Ethernet Port on unit 1, port 28'),(12,5389,'','ifDescr'),(11,5389,NULL,'2'),(10,5389,NULL,''),(9,5389,NULL,''),(8,5389,NULL,'redpub'),(7,5389,NULL,'10.100.1.40'),(46,5390,NULL,''),(45,5390,NULL,''),(44,5390,NULL,''),(39,5390,NULL,'161'),(14,5390,'','13'),(13,5390,'','Ethernet Port on unit 1, port 28'),(12,5390,'','ifDescr'),(11,5390,NULL,'2'),(10,5390,NULL,''),(9,5390,NULL,''),(8,5390,NULL,'redpub'),(7,5390,NULL,'10.100.1.43'),(46,5404,NULL,''),(45,5404,NULL,''),(44,5404,NULL,''),(39,5404,NULL,'161'),(14,5404,'','13'),(13,5404,'','Ethernet Port on unit 1, port 28'),(12,5404,'','ifDescr'),(11,5404,NULL,'2'),(10,5404,NULL,''),(9,5404,NULL,''),(8,5404,NULL,'redpub'),(7,5404,NULL,'10.100.1.50'),(40,5405,NULL,'161'),(41,5405,NULL,''),(42,5405,NULL,''),(43,5405,NULL,''),(128,5405,NULL,'161'),(40,5406,NULL,'161'),(41,5406,NULL,''),(42,5406,NULL,''),(43,5406,NULL,''),(128,5406,NULL,'161'),(40,5407,NULL,'161'),(41,5407,NULL,''),(42,5407,NULL,''),(43,5407,NULL,''),(128,5407,NULL,'161'),(1,5408,NULL,'127.0.0.1'),(2,5408,NULL,'public'),(3,5408,NULL,''),(4,5408,NULL,''),(5,5408,NULL,'2'),(6,5408,'','.1.3.6.1.4.1.2021.10.1.3.1'),(1,5409,NULL,'127.0.0.1'),(2,5409,NULL,'public'),(3,5409,NULL,''),(4,5409,NULL,''),(5,5409,NULL,'2'),(6,5409,'','.1.3.6.1.4.1.2021.10.1.3.3'),(1,5410,NULL,'127.0.0.1'),(2,5410,NULL,'public'),(3,5410,NULL,''),(4,5410,NULL,''),(5,5410,NULL,'2'),(6,5410,'','.1.3.6.1.4.1.2021.10.1.3.2'),(40,5408,NULL,'161'),(41,5408,NULL,''),(42,5408,NULL,''),(43,5408,NULL,''),(128,5408,NULL,'161'),(40,5409,NULL,'161'),(41,5409,NULL,''),(42,5409,NULL,''),(43,5409,NULL,''),(128,5409,NULL,'161'),(40,5410,NULL,'161'),(41,5410,NULL,''),(42,5410,NULL,''),(43,5410,NULL,''),(128,5410,NULL,'161'),(1,5411,NULL,'127.0.0.1'),(2,5411,NULL,'public'),(3,5411,NULL,''),(4,5411,NULL,''),(5,5411,NULL,'2'),(6,5411,'','.1.3.6.1.4.1.2021.4.14.0'),(1,5412,NULL,'127.0.0.1'),(2,5412,NULL,'public'),(3,5412,NULL,''),(4,5412,NULL,''),(5,5412,NULL,'2'),(6,5412,'','.1.3.6.1.4.1.2021.4.15.0'),(1,5413,NULL,'127.0.0.1'),(2,5413,NULL,'public'),(3,5413,NULL,''),(4,5413,NULL,''),(5,5413,NULL,'2'),(6,5413,'','.1.3.6.1.4.1.2021.4.6.0'),(40,5411,NULL,'161'),(41,5411,NULL,''),(42,5411,NULL,''),(43,5411,NULL,''),(128,5411,NULL,'161'),(40,5412,NULL,'161'),(41,5412,NULL,''),(42,5412,NULL,''),(43,5412,NULL,''),(128,5412,NULL,'161'),(40,5413,NULL,'161'),(41,5413,NULL,''),(42,5413,NULL,''),(43,5413,NULL,''),(128,5413,NULL,'161'),(46,5414,NULL,''),(45,5414,NULL,''),(44,5414,NULL,''),(39,5414,NULL,'161'),(14,5414,'','14'),(13,5414,'','eth8'),(12,5414,'','ifDescr'),(11,5414,NULL,'2'),(10,5414,NULL,''),(9,5414,NULL,''),(8,5414,NULL,'public'),(7,5414,NULL,'127.0.0.1'),(46,5415,NULL,''),(45,5415,NULL,''),(44,5415,NULL,''),(39,5415,NULL,'161'),(14,5415,'','14'),(13,5415,'','eth9'),(12,5415,'','ifDescr'),(11,5415,NULL,'2'),(10,5415,NULL,''),(9,5415,NULL,''),(8,5415,NULL,'public'),(7,5415,NULL,'127.0.0.1'),(6,5546,'','.1.3.6.1.4.1.1916.1.1.1.28.0'),(5,5546,NULL,'2'),(4,5546,NULL,''),(3,5546,NULL,''),(2,5546,NULL,'public'),(1,5546,NULL,'10.100.0.132'),(128,5546,NULL,'161'),(40,5546,NULL,'161'),(41,5546,NULL,''),(42,5546,NULL,''),(43,5546,NULL,''),(6,5547,'','.1.3.6.1.4.1.1916.1.1.1.8.0'),(5,5547,NULL,'2'),(4,5547,NULL,''),(3,5547,NULL,''),(2,5547,NULL,'public'),(1,5547,NULL,'10.100.0.132'),(128,5547,NULL,'161'),(40,5547,NULL,'161'),(41,5547,NULL,''),(42,5547,NULL,''),(43,5547,NULL,''),(6,5548,'','.1.3.6.1.4.1.1916.1.1.1.28.0'),(5,5548,NULL,'2'),(4,5548,NULL,''),(3,5548,NULL,''),(2,5548,NULL,'redpub'),(1,5548,NULL,'10.100.0.2'),(128,5548,NULL,'161'),(40,5548,NULL,'161'),(41,5548,NULL,''),(42,5548,NULL,''),(43,5548,NULL,''),(6,5549,'','.1.3.6.1.4.1.1916.1.1.1.8.0'),(5,5549,NULL,'2'),(4,5549,NULL,''),(3,5549,NULL,''),(2,5549,NULL,'redpub'),(1,5549,NULL,'10.100.0.2'),(128,5549,NULL,'161'),(40,5549,NULL,'161'),(41,5549,NULL,''),(42,5549,NULL,''),(43,5549,NULL,''),(1,5550,NULL,'10.100.0.2'),(2,5550,NULL,'redpub'),(3,5550,NULL,''),(4,5550,NULL,''),(5,5550,NULL,'2'),(6,5550,'','.1.3.6.1.4.1.9.2.1.58.0'),(40,5550,NULL,'161'),(41,5550,NULL,''),(42,5550,NULL,''),(43,5550,NULL,''),(128,5550,NULL,'161'),(47,5551,NULL,'10.100.0.2'),(48,5551,NULL,'161'),(49,5551,NULL,'2'),(50,5551,NULL,'500'),(51,5551,NULL,'redpub'),(52,5551,NULL,''),(53,5551,NULL,''),(54,5551,NULL,''),(55,5551,NULL,''),(56,5551,NULL,''),(69,5552,NULL,''),(68,5552,NULL,''),(67,5552,NULL,''),(66,5552,NULL,''),(65,5552,NULL,''),(64,5552,NULL,'redpub'),(63,5552,NULL,'500'),(62,5552,NULL,'2'),(61,5552,NULL,'161'),(60,5552,NULL,'10.100.0.2'),(29,5553,NULL,'10.100.0.224'),(46,5558,NULL,''),(45,5558,NULL,''),(44,5558,NULL,''),(39,5558,NULL,'161'),(14,5558,'','13'),(13,5558,'','GigaEthernet0/1'),(12,5558,'','ifDescr'),(11,5558,NULL,'2'),(10,5558,NULL,''),(9,5558,NULL,''),(8,5558,NULL,'redpub'),(7,5558,NULL,'10.100.100.200'),(46,5565,NULL,''),(45,5565,NULL,''),(44,5565,NULL,''),(39,5565,NULL,'161'),(14,5565,'','13'),(13,5565,'','GigaEthernet0/6'),(12,5565,'','ifDescr'),(11,5565,NULL,'2'),(10,5565,NULL,''),(9,5565,NULL,''),(8,5565,NULL,'redpub'),(7,5565,NULL,'10.100.100.201'),(46,5566,NULL,''),(45,5566,NULL,''),(44,5566,NULL,''),(39,5566,NULL,'161'),(14,5566,'','14'),(13,5566,'','EtherNet Port on unit 1, port:1'),(12,5566,'','ifDescr'),(11,5566,NULL,'2'),(10,5566,NULL,''),(9,5566,NULL,''),(8,5566,NULL,'redpub'),(7,5566,NULL,'10.100.0.101');

--
-- Table structure for table `data_input_fields`
--

CREATE TABLE `data_input_fields` (
  `id` mediumint(8) unsigned NOT NULL AUTO_INCREMENT,
  `hash` varchar(32) NOT NULL DEFAULT '',
  `data_input_id` mediumint(8) unsigned NOT NULL DEFAULT '0',
  `name` varchar(200) NOT NULL DEFAULT '',
  `data_name` varchar(50) NOT NULL DEFAULT '',
  `input_output` char(3) NOT NULL DEFAULT '',
  `update_rra` char(2) DEFAULT '0',
  `sequence` smallint(5) NOT NULL DEFAULT '0',
  `type_code` varchar(40) DEFAULT NULL,
  `regexp_match` varchar(200) DEFAULT NULL,
  `allow_nulls` char(2) DEFAULT NULL,
  PRIMARY KEY (`id`),
  KEY `data_input_id` (`data_input_id`),
  KEY `type_code` (`type_code`),
  KEY `input_output` (`input_output`)
) ENGINE=MyISAM AUTO_INCREMENT=129 DEFAULT CHARSET=latin1;

--
-- Dumping data for table `data_input_fields`
--

INSERT INTO `data_input_fields` VALUES (1,'92f5906c8dc0f964b41f4253df582c38',1,'SNMP IP Address','management_ip','in','',0,'hostname','',''),(2,'32285d5bf16e56c478f5e83f32cda9ef',1,'SNMP Community','snmp_community','in','',0,'snmp_community','',''),(3,'ad14ac90641aed388139f6ba86a2e48b',1,'SNMP Username','snmp_username','in','',0,'snmp_username','','on'),(4,'9c55a74bd571b4f00a96fd4b793278c6',1,'SNMP Password','snmp_password','in','',0,'snmp_password','','on'),(5,'012ccb1d3687d3edb29c002ea66e72da',1,'SNMP Version (1, 2, or 3)','snmp_version','in','',0,'snmp_version','','on'),(6,'4276a5ec6e3fe33995129041b1909762',1,'OID','oid','in','',0,'snmp_oid','',''),(7,'617cdc8a230615e59f06f361ef6e7728',2,'SNMP IP Address','management_ip','in','',0,'hostname','',''),(8,'acb449d1451e8a2a655c2c99d31142c7',2,'SNMP Community','snmp_community','in','',0,'snmp_community','',''),(9,'f4facc5e2ca7ebee621f09bc6d9fc792',2,'SNMP Username (v3)','snmp_username','in','',0,'snmp_username','','on'),(10,'1cc1493a6781af2c478fa4de971531cf',2,'SNMP Password (v3)','snmp_password','in','',0,'snmp_password','','on'),(11,'b5c23f246559df38662c255f4aa21d6b',2,'SNMP Version (1, 2, or 3)','snmp_version','in','',0,'snmp_version','',''),(12,'6027a919c7c7731fbe095b6f53ab127b',2,'Index Type','index_type','in','',0,'index_type','',''),(13,'cbbe5c1ddfb264a6e5d509ce1c78c95f',2,'Index Value','index_value','in','',0,'index_value','',''),(14,'e6deda7be0f391399c5130e7c4a48b28',2,'Output Type ID','output_type','in','',0,'output_type','',''),(15,'edfd72783ad02df128ff82fc9324b4b9',3,'Disk Partition','partition','in','',1,'','',''),(16,'8b75fb61d288f0b5fc0bd3056af3689b',3,'Kilobytes Free','kilobytes','out','on',0,'','',''),(17,'363588d49b263d30aecb683c52774f39',4,'1 Minute Average','1min','out','on',0,'','',''),(18,'ad139a9e1d69881da36fca07889abf58',4,'5 Minute Average','5min','out','on',0,'','',''),(19,'5db9fee64824c08258c7ff6f8bc53337',4,'10 Minute Average','10min','out','on',0,'','',''),(20,'c0cfd0beae5e79927c5a360076706820',5,'Username (Optional)','username','in','',1,'','','on'),(21,'52c58ad414d9a2a83b00a7a51be75a53',5,'Logged In Users','users','out','on',0,'','',''),(22,'05eb5d710f0814871b8515845521f8d7',6,'Grep String','grepstr','in','',1,'','',''),(23,'86cb1cbfde66279dbc7f1144f43a3219',6,'Result (in Kilobytes)','kilobytes','out','on',0,'','',''),(24,'d5a8dd5fbe6a5af11667c0039af41386',7,'Number of Processes','proc','out','on',0,'','',''),(25,'8848cdcae831595951a3f6af04eec93b',8,'Grep String','grepstr','in','',1,'','','on'),(26,'3d1288d33008430ce354e8b9c162f7ff',8,'Connections','connections','out','on',0,'','',''),(27,'c6af570bb2ed9c84abf32033702e2860',9,'(Optional) Log Path','log_path','in','',1,'','','on'),(28,'f9389860f5c5340c9b27fca0b4ee5e71',9,'Web Hits','webhits','out','on',0,'','',''),(29,'5fbadb91ad66f203463c1187fe7bd9d5',10,'IP Address','ip','in','',1,'hostname','',''),(30,'6ac4330d123c69067d36a933d105e89a',10,'Milliseconds','out_ms','out','on',0,'','',''),(31,'d39556ecad6166701bfb0e28c5a11108',11,'Index Type','index_type','in','',0,'index_type','',''),(32,'3b7caa46eb809fc238de6ef18b6e10d5',11,'Index Value','index_value','in','',0,'index_value','',''),(33,'74af2e42dc12956c4817c2ef5d9983f9',11,'Output Type ID','output_type','in','',0,'output_type','',''),(34,'8ae57f09f787656bf4ac541e8bd12537',11,'Output Value','output','out','on',0,'','',''),(35,'172b4b0eacee4948c6479f587b62e512',12,'Index Type','index_type','in','',0,'index_type','',''),(36,'30fb5d5bcf3d66bb5abe88596f357c26',12,'Index Value','index_value','in','',0,'index_value','',''),(37,'31112c85ae4ff821d3b288336288818c',12,'Output Type ID','output_type','in','',0,'output_type','',''),(38,'5be8fa85472d89c621790b43510b5043',12,'Output Value','output','out','on',0,'','',''),(39,'c1f36ee60c3dc98945556d57f26e475b',2,'SNMP Port','snmp_port','in','',0,'snmp_port','',''),(40,'fc64b99742ec417cc424dbf8c7692d36',1,'SNMP Port','snmp_port','in','',0,'snmp_port','',''),(41,'20832ce12f099c8e54140793a091af90',1,'SNMP Authenticaion Protocol (v3)','snmp_auth_protocol','in','',0,'snmp_auth_protocol','',''),(42,'c60c9aac1e1b3555ea0620b8bbfd82cb',1,'SNMP Privacy Passphrase (v3)','snmp_priv_passphrase','in','',0,'snmp_priv_passphrase','',''),(43,'feda162701240101bc74148415ef415a',1,'SNMP Privacy Protocol (v3)','snmp_priv_protocol','in','',0,'snmp_priv_protocol','',''),(44,'2cf7129ad3ff819a7a7ac189bee48ce8',2,'SNMP Authenticaion Protocol (v3)','snmp_auth_protocol','in','',0,'snmp_auth_protocol','',''),(45,'6b13ac0a0194e171d241d4b06f913158',2,'SNMP Privacy Passphrase (v3)','snmp_priv_passphrase','in','',0,'snmp_priv_passphrase','',''),(46,'3a33d4fc65b8329ab2ac46a36da26b72',2,'SNMP Privacy Protocol (v3)','snmp_priv_protocol','in','',0,'snmp_priv_protocol','',''),(47,'bc13865dec5948b24f98d05a769a48b1',13,'hostname','hostname','in','',2,'hostname','',''),(48,'c0ff84202f7a48a70550460bcddcf80c',13,'snmp_port','snmp_port','in','',3,'snmp_port','',''),(49,'cee93bdcffd0e1f551a0fae538b7c837',13,'snmp_version','snmp_version','in','',4,'snmp_version','',''),(50,'16d3cd4e37285e599ec67df873ba78d9',13,'snmp_timeout','snmp_timeout','in','',5,'snmp_timeout','',''),(51,'0175f58cfb829124462ff045ceb1924b',13,'snmp_community','snmp_community','in','',6,'snmp_community','','on'),(52,'3673133fa4f75b79f86812f2429ff534',13,'snmp_username','snmp_username','in','',7,'snmp_username','','on'),(53,'a0baa0d3597de00840456cf16071e90b',13,'snmp_password','snmp_password','in','',8,'snmp_password','','on'),(54,'e320c3514c1e6f35902affb8578b8cdc',13,'snmp_auth_protocol','snmp_auth_protocol','in','',9,'snmp_auth_protocol','','on'),(55,'d6011ee1d03ff10a6a8733687905247b',13,'snmp_priv_passphrase','snmp_priv_passphrase','in','',10,'snmp_priv_passphrase','','on'),(56,'155e7da569c0d372b39b034b315aa3bf',13,'snmp_priv_protocol','snmp_priv_protocol','in','',11,'snmp_priv_protocol','','on'),(57,'366c435c3b3a5dd8ea9546c35a1340b8',13,'icmp half-assured','icmp_ha','out','on',0,'','',''),(58,'044b028a1d8eda9938d58cfbdb5e960e',13,'icmp unreplied','icmp_u','out','on',0,'','',''),(59,'37e7939e0dcbf886a309b3397fc41e14',13,'icmp total','icmp_tot','out','on',0,'','',''),(60,'1cfc35d2baba9c2274716ee76a327ea7',14,'hostname','hostname','in','',2,'hostname','',''),(61,'440b3c0158dd11903f3fb19c9b34f9b6',14,'snmp_port','snmp_port','in','',3,'snmp_port','',''),(62,'9e34dea0d7ef95669aa6860a2276853c',14,'snmp_version','snmp_version','in','',4,'snmp_version','',''),(63,'7192382c5022d97933e10b050e080593',14,'snmp_timeout','snmp_timeout','in','',5,'snmp_timeout','',''),(64,'e61273b5fb99a5b3e45f9fc2bc26b442',14,'snmp_community','snmp_community','in','',6,'snmp_community','','on'),(65,'9e8d1dd12b3c10bd1494cde2de51d392',14,'snmp_username','snmp_username','in','',7,'snmp_username','','on'),(66,'e4dd5b29e138dbf5a4f8df2289ab5886',14,'snmp_password','snmp_password','in','',8,'snmp_password','','on'),(67,'08d508e12ae27e2ab72ef008bb627574',14,'snmp_auth_protocol','snmp_auth_protocol','in','',9,'snmp_auth_protocol','','on'),(68,'61b842e3430258d94a9ed57addaf5f8f',14,'snmp_priv_passphrase','snmp_priv_passphrase','in','',10,'snmp_priv_passphrase','','on'),(69,'f8fb201a767e839427539c6fb7812e84',14,'snmp_priv_protocol','snmp_priv_protocol','in','',11,'snmp_priv_protocol','','on'),(70,'5338ab78d343e5179adb66e7804344da',14,'tcp assured','tcp_a','out','on',0,'','',''),(71,'c8587fb3a33e8df27fb358f5390e174b',14,'tcp half-assured','tcp_ha','out','on',0,'','',''),(72,'d6e3b0a875fd86d2f59bd35d801b6a5a',14,'tcp unreplied','tcp_u','out','on',0,'','',''),(73,'aca3c5bbe9b5a2b5d2ef17a2835f9e0a',14,'tcp total','tcp_tot','out','on',0,'','',''),(74,'970534ef12fefb3ee53504af47bd8470',14,'udp assured','udp_a','out','on',0,'','',''),(75,'9e61a338aaaaed3b2410710046d20404',14,'udp half-assured','udp_ha','out','on',0,'','',''),(76,'d85e1c55fb89b28889fd7adef4b5f892',14,'udp unreplied','udp_u','out','on',0,'','',''),(77,'e3f17749eac11640cc78b47624d6de11',14,'udp total','udp_tot','out','on',0,'','',''),(78,'adbd998a278c45d1c6dee6f63f108b8e',14,'icmp total','icmp_tot','out','on',0,'','',''),(79,'ac5e0344eef5b76e4dde96788f31f6d8',14,'icmp half-assured','icmp_ha','out','on',0,'','',''),(80,'0f9b1db1aa8a049028785a38fad295d4',14,'icmp unreplied','icmp_u','out','on',0,'','',''),(81,'9fe66159b3537af64ddb3052893469df',14,'igmp half-assured','igmp_ha','out','on',0,'','',''),(82,'ecbea1dfd9fed64c50bc6c90103f3255',14,'igmp unreplied','igmp_u','out','on',0,'','',''),(83,'4f44c7a079e9056995fced26f339f6a6',14,'igmp total','igmp_tot','out','on',0,'','',''),(84,'203a0557fb7a0ef7d4824f7dace61b06',14,'other assured','other_a','out','on',0,'','',''),(85,'0de2daf8a870e6b0c9873b00321cf170',14,'other half-assured','other_ha','out','on',0,'','',''),(86,'edf2b77ee9bc5092ac0e5fd7aa6cbc5c',14,'other unreplied','other_u','out','on',0,'','',''),(87,'9d36b2f2853bdc03b707ff34287483b5',14,'other total','other_tot','out','on',0,'','',''),(88,'ee412260add72724dc55cb5298e58022',14,'total assured','tot_a','out','on',0,'','',''),(89,'cfc3d432aa431acb471349a28fa0803b',14,'total half-assured','tot_ha','out','on',0,'','',''),(90,'7e7430de1c081d11a7c812a5b46716fa',14,'total unreplied','tot_u','out','on',0,'','',''),(91,'72bf2a058fd6f473dab70c923dadcfdb',14,'total all','tot','out','on',0,'','',''),(92,'2e4268d0064000666fdce2c7eab07faf',15,'hostname','hostname','in','',2,'hostname','',''),(93,'d904dd339d88886b84641857ec2db398',15,'snmp_port','snmp_port','in','',3,'snmp_port','',''),(94,'214672a2827d44ca8bb7dc7922e4989e',15,'snmp_version','snmp_version','in','',4,'snmp_version','',''),(95,'2c5d04e96afaa886cd075208fceec7d9',15,'snmp_timeout','snmp_timeout','in','',5,'snmp_timeout','',''),(96,'ab92b867da21d26e0dd82bca879f07e8',15,'snmp_community','snmp_community','in','',6,'snmp_community','','on'),(97,'5d2b981b0b36bb1930f8b044c9ce8036',15,'snmp_username','snmp_username','in','',7,'snmp_username','','on'),(98,'5694ea295a42b1ff1078119de60e8796',15,'snmp_password','snmp_password','in','',8,'snmp_password','','on'),(99,'7b32c7b8d00dd4e85e01ffb2b6248e22',15,'snmp_auth_protocol','snmp_auth_protocol','in','',9,'snmp_auth_protocol','','on'),(100,'2700724c63111d9e623088490b15ae6e',15,'snmp_priv_passphrase','snmp_priv_passphrase','in','',10,'snmp_priv_passphrase','','on'),(101,'b4b24108a71b0fb24c4046d07e32729c',15,'snmp_priv_protocol','snmp_priv_protocol','in','',11,'snmp_priv_protocol','','on'),(102,'dcae01ad35e78ba66b60b2066e101cbf',15,'tcp CLOSE','tcp_c','out','on',0,'','',''),(103,'ddc41ddf53290e6107118bb40956d11a',15,'tcp CLOSE_WAIT','tcp_cw','out','on',0,'','',''),(104,'4a14a1ae07bea025d69b5a036d7f15a1',15,'tcp ESTABLISHED','tcp_e','out','on',0,'','',''),(105,'2b84b578bc56c4d785c2138f82acb92b',15,'tcp FIN_WAIT','tcp_fw','out','on',0,'','',''),(106,'698be81f2aaad9951b4f41575ba005b2',15,'tcp LAST_ACK','tcp_la','out','on',0,'','',''),(107,'d20b2900b5f06edee7cca7004e136c20',15,'tcp SYN_RECV','tcp_sr','out','on',0,'','',''),(108,'90ebe67fe4af83a747d78947ad817069',15,'tcp SYN_SENT','tcp_ss','out','on',0,'','',''),(109,'85e858451cd836ed9c5010d77493289e',15,'tcp total','tcp_tot','out','on',0,'','',''),(110,'a781b222e856ddd82eb0a35e8599c931',15,'tcp TIME_WAIT','tcp_tw','out','on',0,'','',''),(111,'7237524ab1a41946e109ae04d1e94095',15,'tcp assured','tcp_a','out','on',0,'','',''),(112,'4a30528440dc41aab6644298b98ccbac',15,'tcp unreplied','tcp_u','out','on',0,'','',''),(113,'21fc82993a88923488aa66e5ec16db53',15,'tcp half-assured','tcp_ha','out','on',0,'','',''),(114,'ef08fa2effd31cdaecf5340cee4943c7',16,'hostname','hostname','in','',2,'hostname','',''),(115,'4a846ebb39fbd7abb40600237e8b1740',16,'snmp_port','snmp_port','in','',3,'snmp_port','',''),(116,'db0f5857222a328a9ccc52bb9eb7f648',16,'snmp_version','snmp_version','in','',4,'snmp_version','',''),(117,'3943f811e140e70dc0a3c128dcf2aa36',16,'snmp_timeout','snmp_timeout','in','',5,'snmp_timeout','',''),(118,'38378e9734ce1742982924200d6ece60',16,'snmp_community','snmp_community','in','',6,'snmp_community','','on'),(119,'cc4c927358725084fbcc21c46a7df834',16,'snmp_username','snmp_username','in','',7,'snmp_username','','on'),(120,'06d3d284ff88aed1d01c58a78b5f5fe1',16,'snmp_password','snmp_password','in','',8,'snmp_password','','on'),(121,'d09baef543c38d8128a5eeae0b4dddfa',16,'snmp_auth_protocol','snmp_auth_protocol','in','',9,'snmp_auth_protocol','','on'),(122,'06db914cd04b0efce103ff9ab4afb599',16,'snmp_priv_passphrase','snmp_priv_passphrase','in','',10,'snmp_priv_passphrase','','on'),(123,'4359083b5153873931677375c650d302',16,'snmp_priv_protocol','snmp_priv_protocol','in','',11,'snmp_priv_protocol','','on'),(124,'84dee8b1ba1d4c80aea650194c2b0e6e',16,'udp assured','udp_a','out','on',0,'','',''),(125,'9bb47caf4748ba0cadfdf7b601524047',16,'udp half-assured','udp_ha','out','on',0,'','',''),(126,'84a313fe2f85b6fa32dcc70220229816',16,'udp unreplied','udp_u','out','on',0,'','',''),(127,'0a9891ba5b977d936532c4a55729f60f',16,'total udp ','udp_tot','out','on',0,'','',''),(128,'d94caa7cc3733bd95ee00a3917fdcbb5',1,'SNMP Port','snmp_port','in','',0,'snmp_port','','on');

--
-- Table structure for table `data_local`
--

CREATE TABLE `data_local` (
  `id` mediumint(8) unsigned NOT NULL AUTO_INCREMENT,
  `data_template_id` mediumint(8) unsigned NOT NULL DEFAULT '0',
  `host_id` mediumint(8) unsigned NOT NULL DEFAULT '0',
  `snmp_query_id` mediumint(8) NOT NULL DEFAULT '0',
  `snmp_index` varchar(255) NOT NULL DEFAULT '',
  PRIMARY KEY (`id`),
  KEY `host_id` (`host_id`)
) ENGINE=MyISAM AUTO_INCREMENT=5552 DEFAULT CHARSET=latin1;

--
-- Dumping data for table `data_local`
--

INSERT INTO `data_local` VALUES (5213,41,210,1,'3025'),(2233,41,91,1,'2'),(2234,41,91,1,'3'),(2235,44,91,9,'0'),(2236,44,91,9,'1'),(2247,38,91,1,'2'),(2248,38,91,1,'3'),(5489,41,407,1,'2'),(5482,41,384,1,'5'),(5490,41,412,1,'1'),(5152,41,259,1,'1009'),(5151,41,259,1,'1008'),(5150,41,259,1,'1007'),(5149,41,259,1,'1006'),(5148,41,259,1,'1005'),(5147,41,259,1,'1004'),(5146,41,259,1,'1003'),(5145,41,259,1,'1002'),(5144,41,259,1,'1001'),(5303,41,153,1,'7'),(5330,4,383,0,''),(5306,41,153,1,'26'),(5305,41,153,1,'1001'),(5329,6,383,0,''),(5339,41,383,1,'5'),(5338,41,383,1,'7'),(5337,34,383,0,''),(5336,47,383,0,''),(5335,33,383,0,''),(5153,41,259,1,'1010'),(5154,41,259,1,'1011'),(5155,41,259,1,'1012'),(5156,41,259,1,'1013'),(5157,41,259,1,'1014'),(5158,41,259,1,'1015'),(5159,41,259,1,'1016'),(5160,41,259,1,'1017'),(5161,41,259,1,'1018'),(5162,41,259,1,'1019'),(5163,41,259,1,'1020'),(5164,41,259,1,'1021'),(5165,41,259,1,'1022'),(5166,41,259,1,'1023'),(5167,41,259,1,'1024'),(5313,41,367,1,'28'),(5314,41,369,1,'28'),(5334,31,383,0,''),(5333,32,383,0,''),(5332,30,383,0,''),(5331,5,383,0,''),(5328,41,375,1,'28'),(5470,61,196,0,''),(5471,62,196,0,''),(5472,61,210,0,''),(5473,62,210,0,''),(5474,27,210,0,''),(5475,57,210,0,''),(5476,58,210,0,''),(5477,18,284,0,'');

--
-- Table structure for table `data_template`
--

CREATE TABLE `data_template` (
  `id` mediumint(8) unsigned NOT NULL AUTO_INCREMENT,
  `hash` varchar(32) NOT NULL DEFAULT '',
  `name` varchar(150) NOT NULL DEFAULT '',
  PRIMARY KEY (`id`)
) ENGINE=MyISAM AUTO_INCREMENT=63 DEFAULT CHARSET=latin1;

--
-- Dumping data for table `data_template`
--

INSERT INTO `data_template` VALUES (3,'c8a8f50f5f4a465368222594c5709ede','ucd/net - Hard Drive Space'),(4,'cdfed2d401723d2f41fc239d4ce249c7','ucd/net - CPU Usage - System'),(5,'a27e816377d2ac6434a87c494559c726','ucd/net - CPU Usage - User'),(6,'c06c3d20eccb9598939dc597701ff574','ucd/net - CPU Usage - Nice'),(7,'a14f2d6f233b05e64263ff03a5b0b386','Karlnet - Noise Level'),(8,'def1a9019d888ed2ad2e106aa9595ede','Karlnet - Signal Level'),(9,'513a99ae3c9c4413609c1534ffc36eab','Karlnet - Wireless Transmits'),(10,'77404ae93c9cc410f1c2c717e7117378','Karlnet - Wireless Re-Transmits'),(11,'9e72511e127de200733eb502eb818e1d','Unix - Load Average'),(13,'dc33aa9a8e71fb7c61ec0e7a6da074aa','Linux - Memory - Free'),(15,'41f55087d067142d702dd3c73c98f020','Linux - Memory - Free Swap'),(16,'9b8c92d3c32703900ff7dd653bfc9cd8','Unix - Processes'),(17,'c221c2164c585b6da378013a7a6a2c13','Unix - Logged in Users'),(18,'a30a81cb1de65b52b7da542c8df3f188','Unix - Ping Host'),(19,'0de466a1b81dfe581d44ac014b86553a','Netware - Total Users'),(20,'bbe2da0708103029fbf949817d3a4537','Netware - Total Logins'),(22,'e4ac5d5fe73e3c773671c6d0498a8d9d','Netware - File System Reads'),(23,'f29f8c998425eedd249be1e7caf90ceb','Netware - File System Writes'),(24,'7a6216a113e19881e35565312db8a371','Netware - Cache Checks'),(25,'1dbd1251c8e94b334c0e6aeae5ca4b8d','Netware - Cache Hits'),(26,'1a4c5264eb27b5e57acd3160af770a61','Netware - Open Files'),(27,'e9def3a0e409f517cb804dfeba4ccd90','Cisco Router - 5 Minute CPU'),(30,'9b82d44eb563027659683765f92c9757','ucd/net - Load Average - 1 Minute'),(31,'87847714d19f405ff3c74f3341b3f940','ucd/net - Load Average - 5 Minute'),(32,'308ac157f24e2763f8cd828a80b3e5ff','ucd/net - Load Average - 15 Minute'),(33,'797a3e92b0039841b52e441a2823a6fb','ucd/net - Memory - Buffers'),(34,'fa15932d3cab0da2ab94c69b1a9f5ca7','ucd/net - Memory - Free'),(35,'6ce4ab04378f9f3b03ee0623abb6479f','Netware - Volumes'),(36,'03060555fab086b8412bbf9951179cd9','Netware - Directory Entries'),(37,'e4ac6919d4f6f21ec5b281a1d6ac4d4e','Unix - Hard Drive Space'),(38,'36335cd98633963a575b70639cd2fdad','Interface - Errors/Discards'),(39,'2f654f7d69ac71a5d56b1db8543ccad3','Interface - Unicast Packets'),(40,'c84e511401a747409053c90ba910d0fe','Interface - Non-Unicast Packets'),(41,'6632e1e0b58a565c135d7ff90440c335','Interface - Traffic'),(42,'1d17325f416b262921a0b55fe5f7e31d','Netware - CPU Utilization'),(43,'d814fa3b79bd0f8933b6e0834d3f16d0','Host MIB - Hard Drive Space'),(44,'f6e7d21c19434666bbdac00ccef9932f','Host MIB - CPU Utilization'),(45,'f383db441d1c246cff8482f15e184e5f','Host MIB - Processes'),(46,'2ef027cc76d75720ee5f7a528f0f1fda','Host MIB - Logged in Users'),(47,'a274deec1f78654dca6c446ba75ebca4','ucd/net - Memory - Cache'),(48,'d429e4a6019c91e6e84562593c1968ca','SNMP - Generic OID Template'),(49,'fd66df70ab5b360d85a129473fac3c7c','Interface - Upstream FEC'),(50,'9008fdd68a86a33d6bcbbfb63b48ac6c','Interface - Bandwidth Utilization'),(51,'3341603c71e01238bc55a27cce1e337d','Interface - Modems per Upstream'),(52,'387956655d0b22759b067fd0009f0b8d','Interface - UGS'),(53,'9c18b32b11521427e2050eb18f88bb0e','Interface - Upstream SNR'),(54,'36454b3d832a466a43b78b79ea69fed0','Interface - Upstream Utilization'),(55,'f8c0e75661bae86645f3a90365a1f94d','Host MIB - Disk IO Bytes'),(56,'129b4ec91d882d7a99a7ce84e7365ba5','Host MIB - Disk IO Transactions'),(57,'c7a261efe16daf33bd2f0f9b1de4cfe5','rn - Conntrack Status - ICMP [ SNMP ]'),(58,'3aa28d2bd0f48af3bdaaea5e877b7714','rn - Conntrack Status - Proto [ SNMP ]'),(59,'fbd956423c20b2d7b222fe3396003b39','rn - Conntrack Status - TCP [ SNMP ]'),(60,'a4b06362a1c60d99c994833ba5a06d97','rn - Conntrack Status - UDP [ SNMP ]'),(61,'83f9e8dd916507a66df776a7b3c6aaaa','Extreme Networks - CPU Utilization'),(62,'6595796ee3758b0a8e56fef6395bf1c6','Extreme Networks - Internal Temperature');

--
-- Table structure for table `data_template_data`
--

CREATE TABLE `data_template_data` (
  `id` mediumint(8) unsigned NOT NULL AUTO_INCREMENT,
  `local_data_template_data_id` mediumint(8) unsigned NOT NULL DEFAULT '0',
  `local_data_id` mediumint(8) unsigned NOT NULL DEFAULT '0',
  `data_template_id` mediumint(8) unsigned NOT NULL DEFAULT '0',
  `data_input_id` mediumint(8) unsigned NOT NULL DEFAULT '0',
  `t_name` char(2) DEFAULT NULL,
  `name` varchar(250) NOT NULL DEFAULT '',
  `name_cache` varchar(255) NOT NULL DEFAULT '',
  `data_source_path` varchar(255) DEFAULT NULL,
  `t_active` char(2) DEFAULT NULL,
  `active` char(2) DEFAULT NULL,
  `t_rrd_step` char(2) DEFAULT NULL,
  `rrd_step` mediumint(8) unsigned NOT NULL DEFAULT '0',
  `t_rra_id` char(2) DEFAULT NULL,
  PRIMARY KEY (`id`),
  KEY `local_data_id` (`local_data_id`),
  KEY `data_template_id` (`data_template_id`),
  KEY `data_input_id` (`data_input_id`)
) ENGINE=MyISAM AUTO_INCREMENT=5628 DEFAULT CHARSET=latin1;

--
-- Dumping data for table `data_template_data`
--

INSERT INTO `data_template_data` VALUES (3,0,0,3,2,'on','|host_description| - Hard Drive Space','',NULL,'','on','',300,''),(4,0,0,4,1,'','|host_description| - CPU Usage - System','',NULL,'','on','',300,''),(5,0,0,5,1,'','|host_description| - CPU Usage - User','',NULL,'','on','',300,''),(6,0,0,6,1,'','|host_description| - CPU Usage - Nice','',NULL,'','on','',300,''),(7,0,0,7,2,'on','|host_description| - Noise Level','',NULL,'','on','',300,''),(8,0,0,8,2,'on','|host_description| - Signal Level','',NULL,'','on','',300,''),(9,0,0,9,2,'on','|host_description| - Wireless Transmits','',NULL,'','on','',300,''),(10,0,0,10,2,'on','|host_description| - Wireless Re-Transmits','',NULL,'','on','',300,''),(11,0,0,11,4,'','|host_description| - Load Average','',NULL,'','on','',300,''),(13,0,0,13,6,'','|host_description| - Memory - Free','',NULL,'','on','',300,''),(15,0,0,15,6,'','|host_description| - Memory - Free Swap','',NULL,'','on','',300,''),(16,0,0,16,7,'','|host_description| - Processes','',NULL,'','on','',300,''),(17,0,0,17,5,'','|host_description| - Logged in Users','',NULL,'','on','',300,''),(18,0,0,18,10,'','|host_description| - Ping Host','',NULL,'','on','',300,''),(19,0,0,19,1,'','|host_description| - Total Users','',NULL,'','on','',300,''),(20,0,0,20,1,'','|host_description| - Total Logins','',NULL,'','on','',300,''),(22,0,0,22,1,'','|host_description| - File System Reads','',NULL,'','on','',300,''),(23,0,0,23,1,'','|host_description| - File System Writes','',NULL,'','on','',300,''),(24,0,0,24,1,'','|host_description| - Cache Checks','',NULL,'','on','',300,''),(25,0,0,25,1,'','|host_description| - Cache Hits','',NULL,'','on','',300,''),(26,0,0,26,1,'','|host_description| - Open Files','',NULL,'','on','',300,''),(27,0,0,27,1,'','|host_description| - 5 Minute CPU','',NULL,'','on','',300,''),(30,0,0,30,1,'','|host_description| - Load Average - 1 Minute','',NULL,'','on','',300,''),(31,0,0,31,1,'','|host_description| - Load Average - 5 Minute','',NULL,'','on','',300,''),(32,0,0,32,1,'','|host_description| - Load Average - 15 Minute','',NULL,'','on','',300,''),(33,0,0,33,1,'','|host_description| - Memory - Buffers','',NULL,'','on','',300,''),(34,0,0,34,1,'','|host_description| - Memory - Free','',NULL,'','on','',300,''),(35,0,0,35,2,'on','|host_description| - Volumes','',NULL,'','on','',300,''),(36,0,0,36,2,'on','|host_description| - Directory Entries','',NULL,'','on','',300,''),(37,0,0,37,11,'on','|host_description| - Hard Drive Space','',NULL,'','on','',300,''),(38,0,0,38,2,'on','|host_description| - Errors/Discards','',NULL,'','on','',300,''),(39,0,0,39,2,'on','|host_description| - Unicast Packets','',NULL,'','on','',300,''),(40,0,0,40,2,'on','|host_description| - Non-Unicast Packets','',NULL,'','on','',300,''),(41,0,0,41,2,'on','|host_description| - Traffic','',NULL,'','on','',300,''),(55,0,0,42,2,'','|host_description| - CPU Utilization','',NULL,'','on','',300,''),(56,0,0,43,12,'','|host_description| - Hard Drive Space','',NULL,'','on','',300,''),(57,0,0,44,12,'','|host_description| - CPU Utilization','',NULL,'','on','',300,''),(58,0,0,45,1,'','|host_description| - Processes','',NULL,'','on','',300,''),(59,0,0,46,1,'','|host_description| - Logged in Users','',NULL,'','on','',300,''),(68,0,0,47,1,'','|host_description| - Memory - Cache','',NULL,'','on','',300,''),(69,0,0,48,1,'on','|host_description| -','',NULL,'','on','',300,''),(219,0,0,49,2,'','|host_description| - |query_ifDescr| - FEC Errors','',NULL,'','on','',300,''),(220,0,0,50,2,'','|host_description| - |query_ifDescr| -','',NULL,'','on','',300,''),(221,0,0,51,2,'','|host_description| - |query_ifDescr| - Modems','',NULL,'','on','',300,''),(222,0,0,52,2,'','|host_description| - |query_ifDescr| - Unsolicited Grant Service','',NULL,'','on','',300,''),(223,0,0,53,2,'','|query_ifDescr| - SNR','',NULL,'','on','',300,''),(224,0,0,54,2,'','|host_description| - Utilization','',NULL,'','on','',300,''),(5289,41,5213,41,2,NULL,'|host_description| - Traffic - 3:25','Extreme x450a 10.100.0.2 - Traffic - 3:25','<path_rra>/extreme_x450a_10_100_0_2_traffic_in_5213.rrd',NULL,'on',NULL,300,NULL),(2050,0,0,55,2,'on','|host_description| - Disk IO Bytes','',NULL,'','on','',300,''),(2051,0,0,56,2,'on','|host_description| - Disk IO Transactions','',NULL,'','on','',300,''),(2303,41,2233,41,2,NULL,'|host_description| - Traffic - 194.213.104.14 - eth0','frigg - Traffic - 194.213.104.14 - eth0','<path_rra>/frigg_traffic_in_2233.rrd',NULL,'on',NULL,300,NULL),(2304,41,2234,41,2,NULL,'|host_description| - Traffic - 194.213.105.1 - eth1','frigg - Traffic - 194.213.105.1 - eth1','<path_rra>/frigg_traffic_in_2234.rrd',NULL,'on',NULL,300,NULL),(2305,57,2235,44,12,NULL,'|host_description| - CPU Utilization - CPU0','frigg - CPU Utilization - CPU0','<path_rra>/frigg_cpu_2235.rrd',NULL,'on',NULL,300,NULL),(2306,57,2236,44,12,NULL,'|host_description| - CPU Utilization - CPU1','frigg - CPU Utilization - CPU1','<path_rra>/frigg_cpu_2236.rrd',NULL,'on',NULL,300,NULL),(2923,0,0,59,15,'','|host_description| - Conntrack Status - TCP','',NULL,'','on','',300,''),(2921,0,0,57,13,'','|host_description| - Conntrack Status - UDP','',NULL,'','on','',300,''),(2922,0,0,58,14,'','|host_description| - Conntrack Status - Proto','',NULL,'','on','',300,''),(2317,38,2247,38,2,NULL,'|host_description| - Errors - 194.213.104.14 - eth0','frigg - Errors - 194.213.104.14 - eth0','<path_rra>/frigg_errors_in_2247.rrd',NULL,'on',NULL,300,NULL),(2318,38,2248,38,2,NULL,'|host_description| - Errors - 194.213.105.1 - eth1','frigg - Errors - 194.213.105.1 - eth1','<path_rra>/frigg_errors_in_2248.rrd',NULL,'on',NULL,300,NULL),(5565,41,5489,41,2,NULL,'|host_description| - Traffic - GigaEthernet0/6','OLT_BDCOM_2 - Traffic - GigaEthernet0/6','<path_rra>/olt_bdcom_2_traffic_in_5489.rrd',NULL,'on',NULL,300,NULL),(2924,0,0,60,16,'','|host_description| - Conntrack Status - UDP','',NULL,'','on','',300,''),(3371,0,0,61,1,'','extreme_cpu_util','',NULL,'','on','',300,''),(3372,0,0,62,1,'','extreme_intTemp','',NULL,'','on','',300,''),(5566,41,5490,41,2,NULL,'|host_description| - Traffic - Port1','Zank06-_4612_101 - Traffic - Port1','<path_rra>/zank06-_4612_101_traffic_in_5490.rrd',NULL,'on',NULL,300,NULL),(5558,41,5482,41,2,NULL,'|host_description| - Traffic - GigaEthernet0/1','OLT_BDCOM1 - Traffic - GigaEthernet0/1','<path_rra>/olt-bdcom1_traffic_in_5482.rrd',NULL,'on',NULL,300,NULL),(5230,41,5154,41,2,NULL,'|host_description| - Traffic - 1:11','zank06_Extreme_x450a - Traffic - 1:11','<path_rra>/zank06_extreme_x450a_traffic_in_5154.rrd',NULL,'on',NULL,300,NULL),(5229,41,5153,41,2,NULL,'|host_description| - Traffic - 1:10','zank06_Extreme_x450a - Traffic - 1:10','<path_rra>/zank06_extreme_x450a_traffic_in_5153.rrd',NULL,'on',NULL,300,NULL),(5228,41,5152,41,2,NULL,'|host_description| - Traffic - 1:9','zank06_Extreme_x450a - Traffic - 1:9','<path_rra>/zank06_extreme_x450a_traffic_in_5152.rrd',NULL,'on',NULL,300,NULL),(5227,41,5151,41,2,NULL,'|host_description| - Traffic - 1:8','zank06_Extreme_x450a - Traffic - 1:8','<path_rra>/zank06_extreme_x450a_traffic_in_5151.rrd',NULL,'on',NULL,300,NULL),(5226,41,5150,41,2,NULL,'|host_description| - Traffic - 1:7','zank06_Extreme_x450a - Traffic - 1:7','<path_rra>/zank06_extreme_x450a_traffic_in_5150.rrd',NULL,'on',NULL,300,NULL),(5225,41,5149,41,2,NULL,'|host_description| - Traffic - 1:6','zank06_Extreme_x450a - Traffic - 1:6','<path_rra>/zank06_extreme_x450a_traffic_in_5149.rrd',NULL,'on',NULL,300,NULL),(5224,41,5148,41,2,NULL,'|host_description| - Traffic - 1:5','zank06_Extreme_x450a - Traffic - 1:5','<path_rra>/zank06_extreme_x450a_traffic_in_5148.rrd',NULL,'on',NULL,300,NULL),(5223,41,5147,41,2,NULL,'|host_description| - Traffic - 1:4','zank06_Extreme_x450a - Traffic - 1:4','<path_rra>/zank06_extreme_x450a_traffic_in_5147.rrd',NULL,'on',NULL,300,NULL),(5222,41,5146,41,2,NULL,'|host_description| - Traffic - 1:3','zank06_Extreme_x450a - Traffic - 1:3','<path_rra>/zank06_extreme_x450a_traffic_in_5146.rrd',NULL,'on',NULL,300,NULL),(5221,41,5145,41,2,NULL,'|host_description| - Traffic - 1:2','zank06_Extreme_x450a - Traffic - 1:2','<path_rra>/zank06_extreme_x450a_traffic_in_5145.rrd',NULL,'on',NULL,300,NULL),(5220,41,5144,41,2,NULL,'|host_description| - Traffic - 1:1','zank06_Extreme_x450a - Traffic - 1:1','<path_rra>/zank06_extreme_x450a_traffic_in_5144.rrd',NULL,'on',NULL,300,NULL),(5379,41,5303,41,2,NULL,'|host_description| - Traffic - Port7','kap149-4pid_2 - Traffic - Port7','<path_rra>/kap149-4pid_2_traffic_in_5303.rrd',NULL,'on',NULL,300,NULL),(5381,41,5305,41,2,NULL,'|host_description| - Traffic - 10.100.0.88 - VLAN1','kap149-4pid_2 - Traffic - 10.100.0.88 - VLAN1','<path_rra>/kap149-4pid_2_traffic_in_5305.rrd',NULL,'on',NULL,300,NULL),(5382,41,5306,41,2,NULL,'|host_description| - Traffic - Port26','kap149-4pid_2 - Traffic - Port26','<path_rra>/kap149-4pid_2_traffic_in_5306.rrd',NULL,'on',NULL,300,NULL),(5412,68,5336,47,1,NULL,'|host_description| - Memory - Cache','SYV - Memory - Cache','<path_rra>/syv_mem_cache_5336.rrd',NULL,'on',NULL,300,NULL),(5405,6,5329,6,1,NULL,'|host_description| - CPU Usage - Nice','SYV - CPU Usage - Nice','<path_rra>/syv_cpu_nice_5329.rrd',NULL,'on',NULL,300,NULL),(5406,4,5330,4,1,NULL,'|host_description| - CPU Usage - System','SYV - CPU Usage - System','<path_rra>/syv_cpu_system_5330.rrd',NULL,'on',NULL,300,NULL),(5407,5,5331,5,1,NULL,'|host_description| - CPU Usage - User','SYV - CPU Usage - User','<path_rra>/syv_cpu_user_5331.rrd',NULL,'on',NULL,300,NULL),(5408,30,5332,30,1,NULL,'|host_description| - Load Average - 1 Minute','SYV - Load Average - 1 Minute','<path_rra>/syv_load_1min_5332.rrd',NULL,'on',NULL,300,NULL),(5409,32,5333,32,1,NULL,'|host_description| - Load Average - 15 Minute','SYV - Load Average - 15 Minute','<path_rra>/syv_load_15min_5333.rrd',NULL,'on',NULL,300,NULL),(5410,31,5334,31,1,NULL,'|host_description| - Load Average - 5 Minute','SYV - Load Average - 5 Minute','<path_rra>/syv_load_5min_5334.rrd',NULL,'on',NULL,300,NULL),(5411,33,5335,33,1,NULL,'|host_description| - Memory - Buffers','SYV - Memory - Buffers','<path_rra>/syv_mem_buffers_5335.rrd',NULL,'on',NULL,300,NULL),(5231,41,5155,41,2,NULL,'|host_description| - Traffic - 1:12','zank06_Extreme_x450a - Traffic - 1:12','<path_rra>/zank06_extreme_x450a_traffic_in_5155.rrd',NULL,'on',NULL,300,NULL),(5232,41,5156,41,2,NULL,'|host_description| - Traffic - 1:13','zank06_Extreme_x450a - Traffic - 1:13','<path_rra>/zank06_extreme_x450a_traffic_in_5156.rrd',NULL,'on',NULL,300,NULL),(5233,41,5157,41,2,NULL,'|host_description| - Traffic - 1:14','zank06_Extreme_x450a - Traffic - 1:14','<path_rra>/zank06_extreme_x450a_traffic_in_5157.rrd',NULL,'on',NULL,300,NULL),(5234,41,5158,41,2,NULL,'|host_description| - Traffic - 1:15','zank06_Extreme_x450a - Traffic - 1:15','<path_rra>/zank06_extreme_x450a_traffic_in_5158.rrd',NULL,'on',NULL,300,NULL),(5235,41,5159,41,2,NULL,'|host_description| - Traffic - 1:16','zank06_Extreme_x450a - Traffic - 1:16','<path_rra>/zank06_extreme_x450a_traffic_in_5159.rrd',NULL,'on',NULL,300,NULL),(5236,41,5160,41,2,NULL,'|host_description| - Traffic - 1:17','zank06_Extreme_x450a - Traffic - 1:17','<path_rra>/zank06_extreme_x450a_traffic_in_5160.rrd',NULL,'on',NULL,300,NULL),(5237,41,5161,41,2,NULL,'|host_description| - Traffic - 1:18','zank06_Extreme_x450a - Traffic - 1:18','<path_rra>/zank06_extreme_x450a_traffic_in_5161.rrd',NULL,'on',NULL,300,NULL),(5238,41,5162,41,2,NULL,'|host_description| - Traffic - 1:19','zank06_Extreme_x450a - Traffic - 1:19','<path_rra>/zank06_extreme_x450a_traffic_in_5162.rrd',NULL,'on',NULL,300,NULL),(5239,41,5163,41,2,NULL,'|host_description| - Traffic - 1:20','zank06_Extreme_x450a - Traffic - 1:20','<path_rra>/zank06_extreme_x450a_traffic_in_5163.rrd',NULL,'on',NULL,300,NULL),(5240,41,5164,41,2,NULL,'|host_description| - Traffic - 1:21','zank06_Extreme_x450a - Traffic - 1:21','<path_rra>/zank06_extreme_x450a_traffic_in_5164.rrd',NULL,'on',NULL,300,NULL),(5241,41,5165,41,2,NULL,'|host_description| - Traffic - 1:22','zank06_Extreme_x450a - Traffic - 1:22','<path_rra>/zank06_extreme_x450a_traffic_in_5165.rrd',NULL,'on',NULL,300,NULL),(5242,41,5166,41,2,NULL,'|host_description| - Traffic - 1:23','zank06_Extreme_x450a - Traffic - 1:23','<path_rra>/zank06_extreme_x450a_traffic_in_5166.rrd',NULL,'on',NULL,300,NULL),(5243,41,5167,41,2,NULL,'|host_description| - Traffic - 1:24','zank06_Extreme_x450a - Traffic - 1:24','<path_rra>/zank06_extreme_x450a_traffic_in_5167.rrd',NULL,'on',NULL,300,NULL),(5389,41,5313,41,2,NULL,'|host_description| - Traffic - Port28','Kap165 - Traffic - Port28','<path_rra>/kap165_traffic_in_5313.rrd',NULL,'on',NULL,300,NULL),(5390,41,5314,41,2,NULL,'|host_description| - Traffic - Port28','Prospect_31_2pid - Traffic - Port28','<path_rra>/prospect_31_traffic_in_5314.rrd',NULL,'on',NULL,300,NULL),(5415,41,5339,41,2,NULL,'|host_description| - Traffic - 194.213.105.233 - eth9','SYV - Traffic - 194.213.105.233 - eth9','<path_rra>/syv_traffic_in_5339.rrd',NULL,'on',NULL,300,NULL),(5414,41,5338,41,2,NULL,'|host_description| - Traffic - 194.213.105.14 - eth8','SYV - Traffic - 194.213.105.14 - eth8','<path_rra>/syv_traffic_in_5338.rrd',NULL,'on',NULL,300,NULL),(5413,34,5337,34,1,NULL,'|host_description| - Memory - Free','SYV - Memory - Free','<path_rra>/syv_mem_free_5337.rrd',NULL,'on',NULL,300,NULL),(5404,41,5328,41,2,NULL,'|host_description| - Traffic - Port28','tlehas_20 - Traffic - Port28','<path_rra>/tlexas20_traffic_in_5328.rrd',NULL,'on',NULL,300,NULL),(5546,3371,5470,61,1,NULL,'extreme_cpu_util','extreme_cpu_util','<path_rra>/best08_extreme_cpu_util_5470.rrd',NULL,'on',NULL,300,NULL),(5547,3372,5471,62,1,NULL,'extreme_intTemp','extreme_intTemp','<path_rra>/best08_extreme_inttemp_5471.rrd',NULL,'on',NULL,300,NULL),(5548,3371,5472,61,1,NULL,'extreme_cpu_util','extreme_cpu_util','<path_rra>/extreme_x450a_10_100_0_2_extreme_cpu_util_5472.rrd',NULL,'on',NULL,300,NULL),(5549,3372,5473,62,1,NULL,'extreme_intTemp','extreme_intTemp','<path_rra>/extreme_x450a_10_100_0_2_extreme_inttemp_5473.rrd',NULL,'on',NULL,300,NULL),(5550,27,5474,27,1,NULL,'|host_description| - 5 Minute CPU','Extreme x450a 10.100.0.2 - 5 Minute CPU','<path_rra>/extreme_x450a_10_100_0_2_5min_cpu_5474.rrd',NULL,'on',NULL,300,NULL),(5551,2921,5475,57,13,NULL,'|host_description| - Conntrack Status - UDP','Extreme x450a 10.100.0.2 - Conntrack Status - UDP','<path_rra>/extreme_x450a_10_100_0_2_icmp_unreplied_5475.rrd',NULL,'on',NULL,300,NULL),(5552,2922,5476,58,14,NULL,'|host_description| - Conntrack Status - Proto','Extreme x450a 10.100.0.2 - Conntrack Status - Proto','<path_rra>/extreme_x450a_10_100_0_2_tot_unreplied_5476.rrd',NULL,'on',NULL,300,NULL),(5553,18,5477,18,10,NULL,'|host_description| - Ping Host','kap177a-6pid - Ping Host','<path_rra>/kap177a-6pid_ping_5477.rrd',NULL,'on',NULL,300,NULL);

--
-- Table structure for table `data_template_data_rra`
--

CREATE TABLE `data_template_data_rra` (
  `data_template_data_id` mediumint(8) unsigned NOT NULL DEFAULT '0',
  `rra_id` mediumint(8) unsigned NOT NULL DEFAULT '0',
  PRIMARY KEY (`data_template_data_id`,`rra_id`),
  KEY `data_template_data_id` (`data_template_data_id`)
) ENGINE=MyISAM DEFAULT CHARSET=latin1;

--
-- Dumping data for table `data_template_data_rra`
--

INSERT INTO `data_template_data_rra` VALUES (3,1),(3,2),(3,3),(3,4),(4,1),(4,2),(4,3),(4,4),(5,1),(5,2),(5,3),(5,4),(6,1),(6,2),(6,3),(6,4),(7,1),(7,2),(7,3),(7,4),(8,1),(8,2),(8,3),(8,4),(9,1),(9,2),(9,3),(9,4),(10,1),(10,2),(10,3),(10,4),(11,1),(11,2),(11,3),(11,4),(13,1),(13,2),(13,3),(13,4),(15,1),(15,2),(15,3),(15,4),(16,1),(16,2),(16,3),(16,4),(17,1),(17,2),(17,3),(17,4),(18,1),(18,2),(18,3),(18,4),(19,1),(19,2),(19,3),(19,4),(20,1),(20,2),(20,3),(20,4),(22,1),(22,2),(22,3),(22,4),(23,1),(23,2),(23,3),(23,4),(24,1),(24,2),(24,3),(24,4),(25,1),(25,2),(25,3),(25,4),(26,1),(26,2),(26,3),(26,4),(27,1),(27,2),(27,3),(27,4),(30,1),(30,2),(30,3),(30,4),(31,1),(31,2),(31,3),(31,4),(32,1),(32,2),(32,3),(32,4),(33,1),(33,2),(33,3),(33,4),(34,1),(34,2),(34,3),(34,4),(35,1),(35,2),(35,3),(35,4),(36,1),(36,2),(36,3),(36,4),(37,1),(37,2),(37,3),(37,4),(38,1),(38,2),(38,3),(38,4),(39,1),(39,2),(39,3),(39,4),(40,1),(40,2),(40,3),(40,4),(41,1),(41,2),(41,3),(41,4),(55,1),(55,2),(55,3),(55,4),(56,1),(56,2),(56,3),(56,4),(57,1),(57,2),(57,3),(57,4),(58,1),(58,2),(58,3),(58,4),(59,1),(59,2),(59,3),(59,4),(62,1),(62,2),(62,3),(62,4),(63,1),(63,2),(63,3),(63,4),(64,1),(64,2),(64,3),(64,4),(65,1),(65,2),(65,3),(65,4),(66,1),(66,2),(66,3),(66,4),(68,1),(68,2),(68,3),(68,4),(69,1),(69,2),(69,3),(69,4),(74,1),(74,2),(74,3),(74,4),(75,1),(75,2),(75,3),(75,4),(76,1),(76,2),(76,3),(76,4),(77,1),(77,2),(77,3),(77,4),(78,1),(78,2),(78,3),(78,4),(79,1),(79,2),(79,3),(79,4),(80,1),(80,2),(80,3),(80,4),(81,1),(81,2),(81,3),(81,4),(82,1),(82,2),(82,3),(82,4),(83,1),(83,2),(83,3),(83,4),(84,1),(84,2),(84,3),(84,4),(85,1),(85,2),(85,3),(85,4),(86,1),(86,2),(86,3),(86,4),(87,1),(87,2),(87,3),(87,4),(88,1),(88,2),(88,3),(88,4),(89,1),(89,2),(89,3),(89,4),(90,1),(90,2),(90,3),(90,4),(91,1),(91,2),(91,3),(91,4),(92,1),(92,2),(92,3),(92,4),(93,1),(93,2),(93,3),(93,4),(94,1),(94,2),(94,3),(94,4),(95,1),(95,2),(95,3),(95,4),(96,1),(96,2),(96,3),(96,4),(97,1),(97,2),(97,3),(97,4),(98,1),(98,2),(98,3),(98,4),(99,1),(99,2),(99,3),(99,4),(100,1),(100,2),(100,3),(100,4),(101,1),(101,2),(101,3),(101,4),(102,1),(102,2),(102,3),(102,4),(103,1),(103,2),(103,3),(103,4),(104,1),(104,2),(104,3),(104,4),(105,1),(105,2),(105,3),(105,4),(106,1),(106,2),(106,3),(106,4),(107,1),(107,2),(107,3),(107,4),(108,1),(108,2),(108,3),(108,4),(109,1),(109,2),(109,3),(109,4),(110,1),(110,2),(110,3),(110,4),(111,1),(111,2),(111,3),(111,4),(112,1),(112,2),(112,3),(112,4),(113,1),(113,2),(113,3),(113,4),(114,1),(114,2),(114,3),(114,4),(115,1),(115,2),(115,3),(115,4),(116,1),(116,2),(116,3),(116,4),(117,1),(117,2),(117,3),(117,4),(118,1),(118,2),(118,3),(118,4),(119,1),(119,2),(119,3),(119,4),(123,1),(123,2),(123,3),(123,4),(124,1),(124,2),(124,3),(124,4),(125,1),(125,2),(125,3),(125,4),(126,1),(126,2),(126,3),(126,4),(127,1),(127,2),(127,3),(127,4),(128,1),(128,2),(128,3),(128,4),(129,1),(129,2),(129,3),(129,4),(130,1),(130,2),(130,3),(130,4),(131,1),(131,2),(131,3),(131,4),(132,1),(132,2),(132,3),(132,4),(133,1),(133,2),(133,3),(133,4),(134,1),(134,2),(134,3),(134,4),(135,1),(135,2),(135,3),(135,4),(136,1),(136,2),(136,3),(136,4),(148,1),(148,2),(148,3),(148,4),(149,1),(149,2),(149,3),(149,4),(150,1),(150,2),(150,3),(150,4),(151,1),(151,2),(151,3),(151,4),(152,1),(152,2),(152,3),(152,4),(153,1),(153,2),(153,3),(153,4),(154,1),(154,2),(154,3),(154,4),(155,1),(155,2),(155,3),(155,4),(156,1),(156,2),(156,3),(156,4),(157,1),(157,2),(157,3),(157,4),(158,1),(158,2),(158,3),(158,4),(219,1),(219,2),(219,3),(219,4),(219,5),(220,1),(220,2),(220,3),(220,4),(220,5),(221,1),(221,2),(221,3),(221,4),(221,5),(222,1),(222,2),(222,3),(222,4),(222,5),(223,1),(223,2),(223,3),(223,4),(223,5),(224,1),(224,2),(224,3),(224,4),(224,5),(237,1),(237,2),(237,3),(237,4),(237,5),(238,1),(238,2),(238,3),(238,4),(238,5),(239,1),(239,2),(239,3),(239,4),(239,5),(240,1),(240,2),(240,3),(240,4),(240,5),(241,1),(241,2),(241,3),(241,4),(241,5),(242,1),(242,2),(242,3),(242,4),(242,5),(243,1),(243,2),(243,3),(243,4),(243,5),(244,1),(244,2),(244,3),(244,4),(244,5),(245,1),(245,2),(245,3),(245,4),(245,5),(246,1),(246,2),(246,3),(246,4),(246,5),(247,1),(247,2),(247,3),(247,4),(247,5),(248,1),(248,2),(248,3),(248,4),(248,5),(249,1),(249,2),(249,3),(249,4),(249,5),(250,1),(250,2),(250,3),(250,4),(250,5),(251,1),(251,2),(251,3),(251,4),(251,5),(252,1),(252,2),(252,3),(252,4),(252,5),(253,1),(253,2),(253,3),(253,4),(253,5),(254,1),(254,2),(254,3),(254,4),(254,5),(255,1),(255,2),(255,3),(255,4),(255,5),(275,1),(275,2),(275,3),(275,4),(275,5),(276,1),(276,2),(276,3),(276,4),(276,5),(277,1),(277,2),(277,3),(277,4),(277,5),(278,1),(278,2),(278,3),(278,4),(278,5),(279,1),(279,2),(279,3),(279,4),(279,5),(280,1),(280,2),(280,3),(280,4),(280,5),(281,1),(281,2),(281,3),(281,4),(281,5),(282,1),(282,2),(282,3),(282,4),(282,5),(283,1),(283,2),(283,3),(283,4),(283,5),(284,1),(284,2),(284,3),(284,4),(284,5),(285,1),(285,2),(285,3),(285,4),(285,5),(286,1),(286,2),(286,3),(286,4),(286,5),(287,1),(287,2),(287,3),(287,4),(287,5),(288,1),(288,2),(288,3),(288,4),(288,5),(289,1),(289,2),(289,3),(289,4),(289,5),(290,1),(290,2),(290,3),(290,4),(290,5),(291,1),(291,2),(291,3),(291,4),(291,5),(292,1),(292,2),(292,3),(292,4),(292,5),(293,1),(293,2),(293,3),(293,4),(293,5),(294,1),(294,2),(294,3),(294,4),(294,5),(295,1),(295,2),(295,3),(295,4),(295,5),(296,1),(296,2),(296,3),(296,4),(296,5),(297,1),(297,2),(297,3),(297,4),(297,5),(298,1),(298,2),(298,3),(298,4),(298,5),(299,1),(299,2),(299,3),(299,4),(299,5),(300,1),(300,2),(300,3),(300,4),(300,5),(301,1),(301,2),(301,3),(301,4),(301,5),(302,1),(302,2),(302,3),(302,4),(302,5),(303,1),(303,2),(303,3),(303,4),(303,5),(304,1),(304,2),(304,3),(304,4),(304,5),(305,1),(305,2),(305,3),(305,4),(305,5),(306,1),(306,2),(306,3),(306,4),(306,5),(307,1),(307,2),(307,3),(307,4),(307,5),(308,1),(308,2),(308,3),(308,4),(308,5),(309,1),(309,2),(309,3),(309,4),(309,5),(310,1),(310,2),(310,3),(310,4),(310,5),(311,1),(311,2),(311,3),(311,4),(311,5),(312,1),(312,2),(312,3),(312,4),(312,5),(313,1),(313,2),(313,3),(313,4),(313,5),(314,1),(314,2),(314,3),(314,4),(314,5),(315,1),(315,2),(315,3),(315,4),(315,5),(316,1),(316,2),(316,3),(316,4),(316,5),(317,1),(317,2),(317,3),(317,4),(317,5),(318,1),(318,2),(318,3),(318,4),(318,5),(319,1),(319,2),(319,3),(319,4),(319,5),(320,1),(320,2),(320,3),(320,4),(320,5),(321,1),(321,2),(321,3),(321,4),(321,5),(322,1),(322,2),(322,3),(322,4),(322,5),(323,1),(323,2),(323,3),(323,4),(323,5),(324,1),(324,2),(324,3),(324,4),(324,5),(325,1),(325,2),(325,3),(325,4),(325,5),(326,1),(326,2),(326,3),(326,4),(326,5),(327,1),(327,2),(327,3),(327,4),(327,5),(328,1),(328,2),(328,3),(328,4),(328,5),(329,1),(329,2),(329,3),(329,4),(330,1),(330,2),(330,3),(330,4),(331,1),(331,2),(331,3),(331,4),(332,1),(332,2),(332,3),(332,4),(433,1),(433,2),(433,3),(433,4),(433,5),(434,1),(434,2),(434,3),(434,4),(434,5),(435,1),(435,2),(435,3),(435,4),(435,5),(436,1),(436,2),(436,3),(436,4),(436,5),(437,1),(437,2),(437,3),(437,4),(437,5),(438,1),(438,2),(438,3),(438,4),(438,5),(439,1),(439,2),(439,3),(439,4),(439,5),(440,1),(440,2),(440,3),(440,4),(440,5),(441,1),(441,2),(441,3),(441,4),(441,5),(442,1),(442,2),(442,3),(442,4),(442,5),(443,1),(443,2),(443,3),(443,4),(443,5),(444,1),(444,2),(444,3),(444,4),(444,5),(445,1),(445,2),(445,3),(445,4),(445,5),(446,1),(446,2),(446,3),(446,4),(446,5),(447,1),(447,2),(447,3),(447,4),(447,5),(448,1),(448,2),(448,3),(448,4),(448,5),(449,1),(449,2),(449,3),(449,4),(449,5),(450,1),(450,2),(450,3),(450,4),(450,5),(451,1),(451,2),(451,3),(451,4),(451,5),(452,1),(452,2),(452,3),(452,4),(452,5),(453,1),(453,2),(453,3),(453,4),(453,5),(454,1),(454,2),(454,3),(454,4),(454,5),(455,1),(455,2),(455,3),(455,4),(455,5),(456,1),(456,2),(456,3),(456,4),(456,5),(457,1),(457,2),(457,3),(457,4),(457,5),(458,1),(458,2),(458,3),(458,4),(458,5),(459,1),(459,2),(459,3),(459,4),(459,5),(460,1),(460,2),(460,3),(460,4),(460,5),(461,1),(461,2),(461,3),(461,4),(461,5),(462,1),(462,2),(462,3),(462,4),(462,5),(463,1),(463,2),(463,3),(463,4),(464,1),(464,2),(464,3),(464,4),(465,1),(465,2),(465,3),(465,4),(466,1),(466,2),(466,3),(466,4),(467,1),(467,2),(467,3),(467,4),(468,1),(468,2),(468,3),(468,4),(469,1),(469,2),(469,3),(469,4),(470,1),(470,2),(470,3),(470,4),(471,1),(471,2),(471,3),(471,4),(472,1),(472,2),(472,3),(472,4),(473,1),(473,2),(473,3),(473,4),(474,1),(474,2),(474,3),(474,4),(475,1),(475,2),(475,3),(475,4),(476,1),(476,2),(476,3),(476,4),(477,1),(477,2),(477,3),(477,4),(478,1),(478,2),(478,3),(478,4),(479,1),(479,2),(479,3),(479,4),(480,1),(480,2),(480,3),(480,4),(481,1),(481,2),(481,3),(481,4),(482,1),(482,2),(482,3),(482,4),(483,1),(483,2),(483,3),(483,4),(484,1),(484,2),(484,3),(484,4),(485,1),(485,2),(485,3),(485,4),(486,1),(486,2),(486,3),(486,4),(487,1),(487,2),(487,3),(487,4),(488,1),(488,2),(488,3),(488,4),(489,1),(489,2),(489,3),(489,4),(490,1),(490,2),(490,3),(490,4),(491,1),(491,2),(491,3),(491,4),(492,1),(492,2),(492,3),(492,4),(493,1),(493,2),(493,3),(493,4),(493,5),(494,1),(494,2),(494,3),(494,4),(494,5),(495,1),(495,2),(495,3),(495,4),(495,5),(496,1),(496,2),(496,3),(496,4),(496,5),(497,1),(497,2),(497,3),(497,4),(497,5),(498,1),(498,2),(498,3),(498,4),(498,5),(499,1),(499,2),(499,3),(499,4),(499,5),(500,1),(500,2),(500,3),(500,4),(500,5),(501,1),(501,2),(501,3),(501,4),(501,5),(502,1),(502,2),(502,3),(502,4),(502,5),(503,1),(503,2),(503,3),(503,4),(503,5),(504,1),(504,2),(504,3),(504,4),(504,5),(505,1),(505,2),(505,3),(505,4),(505,5),(506,1),(506,2),(506,3),(506,4),(506,5),(507,1),(507,2),(507,3),(507,4),(507,5),(508,1),(508,2),(508,3),(508,4),(508,5),(509,1),(509,2),(509,3),(509,4),(509,5),(510,1),(510,2),(510,3),(510,4),(510,5),(511,1),(511,2),(511,3),(511,4),(511,5),(512,1),(512,2),(512,3),(512,4),(512,5),(513,1),(513,2),(513,3),(513,4),(513,5),(514,1),(514,2),(514,3),(514,4),(514,5),(515,1),(515,2),(515,3),(515,4),(515,5),(516,1),(516,2),(516,3),(516,4),(516,5),(517,1),(517,2),(517,3),(517,4),(517,5),(518,1),(518,2),(518,3),(518,4),(518,5),(519,1),(519,2),(519,3),(519,4),(519,5),(520,1),(520,2),(520,3),(520,4),(520,5),(521,1),(521,2),(521,3),(521,4),(521,5),(522,1),(522,2),(522,3),(522,4),(522,5),(523,1),(523,2),(523,3),(523,4),(523,5),(524,1),(524,2),(524,3),(524,4),(524,5),(525,1),(525,2),(525,3),(525,4),(525,5),(526,1),(526,2),(526,3),(526,4),(526,5),(527,1),(527,2),(527,3),(527,4),(527,5),(528,1),(528,2),(528,3),(528,4),(528,5),(529,1),(529,2),(529,3),(529,4),(529,5),(530,1),(530,2),(530,3),(530,4),(530,5),(531,1),(531,2),(531,3),(531,4),(531,5),(532,1),(532,2),(532,3),(532,4),(532,5),(533,1),(533,2),(533,3),(533,4),(533,5),(534,1),(534,2),(534,3),(534,4),(534,5),(535,1),(535,2),(535,3),(535,4),(535,5),(536,1),(536,2),(536,3),(536,4),(536,5),(537,1),(537,2),(537,3),(537,4),(537,5),(538,1),(538,2),(538,3),(538,4),(538,5),(539,1),(539,2),(539,3),(539,4),(539,5),(540,1),(540,2),(540,3),(540,4),(540,5),(541,1),(541,2),(541,3),(541,4),(541,5),(542,1),(542,2),(542,3),(542,4),(542,5),(543,1),(543,2),(543,3),(543,4),(543,5),(544,1),(544,2),(544,3),(544,4),(544,5),(545,1),(545,2),(545,3),(545,4),(545,5),(546,1),(546,2),(546,3),(546,4),(546,5),(547,1),(547,2),(547,3),(547,4),(547,5),(548,1),(548,2),(548,3),(548,4),(548,5),(549,1),(549,2),(549,3),(549,4),(549,5),(550,1),(550,2),(550,3),(550,4),(550,5),(551,1),(551,2),(551,3),(551,4),(551,5),(552,1),(552,2),(552,3),(552,4),(552,5),(553,1),(553,2),(553,3),(553,4),(553,5),(554,1),(554,2),(554,3),(554,4),(554,5),(555,1),(555,2),(555,3),(555,4),(555,5),(556,1),(556,2),(556,3),(556,4),(556,5),(557,1),(557,2),(557,3),(557,4),(557,5),(558,1),(558,2),(558,3),(558,4),(558,5),(559,1),(559,2),(559,3),(559,4),(559,5),(560,1),(560,2),(560,3),(560,4),(560,5),(561,1),(561,2),(561,3),(561,4),(561,5),(562,1),(562,2),(562,3),(562,4),(562,5),(563,1),(563,2),(563,3),(563,4),(563,5),(564,1),(564,2),(564,3),(564,4),(564,5),(565,1),(565,2),(565,3),(565,4),(565,5),(566,1),(566,2),(566,3),(566,4),(566,5),(567,1),(567,2),(567,3),(567,4),(567,5),(568,1),(568,2),(568,3),(568,4),(568,5),(569,1),(569,2),(569,3),(569,4),(569,5),(570,1),(570,2),(570,3),(570,4),(570,5),(571,1),(571,2),(571,3),(571,4),(571,5),(572,1),(572,2),(572,3),(572,4),(572,5),(573,1),(573,2),(573,3),(573,4),(573,5),(574,1),(574,2),(574,3),(574,4),(574,5),(575,1),(575,2),(575,3),(575,4),(575,5),(576,1),(576,2),(576,3),(576,4),(576,5),(577,1),(577,2),(577,3),(577,4),(577,5),(578,1),(578,2),(578,3),(578,4),(578,5),(579,1),(579,2),(579,3),(579,4),(579,5),(580,1),(580,2),(580,3),(580,4),(580,5),(581,1),(581,2),(581,3),(581,4),(581,5),(582,1),(582,2),(582,3),(582,4),(582,5),(583,1),(583,2),(583,3),(583,4),(583,5),(584,1),(584,2),(584,3),(584,4),(584,5),(585,1),(585,2),(585,3),(585,4),(585,5),(586,1),(586,2),(586,3),(586,4),(586,5),(587,1),(587,2),(587,3),(587,4),(587,5),(588,1),(588,2),(588,3),(588,4),(588,5),(589,1),(589,2),(589,3),(589,4),(589,5),(590,1),(590,2),(590,3),(590,4),(590,5),(591,1),(591,2),(591,3),(591,4),(591,5),(592,1),(592,2),(592,3),(592,4),(592,5),(593,1),(593,2),(593,3),(593,4),(593,5),(594,1),(594,2),(594,3),(594,4),(594,5),(595,1),(595,2),(595,3),(595,4),(595,5),(596,1),(596,2),(596,3),(596,4),(596,5),(597,1),(597,2),(597,3),(597,4),(597,5),(598,1),(598,2),(598,3),(598,4),(598,5),(599,1),(599,2),(599,3),(599,4),(599,5),(600,1),(600,2),(600,3),(600,4),(600,5),(601,1),(601,2),(601,3),(601,4),(601,5),(602,1),(602,2),(602,3),(602,4),(602,5),(603,1),(603,2),(603,3),(603,4),(603,5),(604,1),(604,2),(604,3),(604,4),(604,5),(605,1),(605,2),(605,3),(605,4),(605,5),(606,1),(606,2),(606,3),(606,4),(606,5),(607,1),(607,2),(607,3),(607,4),(607,5),(608,1),(608,2),(608,3),(608,4),(608,5),(609,1),(609,2),(609,3),(609,4),(609,5),(610,1),(610,2),(610,3),(610,4),(610,5),(611,1),(611,2),(611,3),(611,4),(611,5),(612,1),(612,2),(612,3),(612,4),(612,5),(613,1),(613,2),(613,3),(613,4),(613,5),(614,1),(614,2),(614,3),(614,4),(614,5),(615,1),(615,2),(615,3),(615,4),(615,5),(616,1),(616,2),(616,3),(616,4),(616,5),(617,1),(617,2),(617,3),(617,4),(617,5),(618,1),(618,2),(618,3),(618,4),(618,5),(619,1),(619,2),(619,3),(619,4),(619,5),(620,1),(620,2),(620,3),(620,4),(620,5),(621,1),(621,2),(621,3),(621,4),(621,5),(622,1),(622,2),(622,3),(622,4),(622,5),(623,1),(623,2),(623,3),(623,4),(623,5),(624,1),(624,2),(624,3),(624,4),(624,5),(625,1),(625,2),(625,3),(625,4),(625,5),(626,1),(626,2),(626,3),(626,4),(626,5),(627,1),(627,2),(627,3),(627,4),(627,5),(628,1),(628,2),(628,3),(628,4),(628,5),(629,1),(629,2),(629,3),(629,4),(629,5),(630,1),(630,2),(630,3),(630,4),(630,5),(631,1),(631,2),(631,3),(631,4),(631,5),(632,1),(632,2),(632,3),(632,4),(632,5),(633,1),(633,2),(633,3),(633,4),(633,5),(634,1),(634,2),(634,3),(634,4),(634,5),(635,1),(635,2),(635,3),(635,4),(635,5),(636,1),(636,2),(636,3),(636,4),(636,5),(637,1),(637,2),(637,3),(637,4),(637,5),(638,1),(638,2),(638,3),(638,4),(638,5),(639,1),(639,2),(639,3),(639,4),(639,5),(640,1),(640,2),(640,3),(640,4),(640,5),(641,1),(641,2),(641,3),(641,4),(641,5),(642,1),(642,2),(642,3),(642,4),(642,5),(643,1),(643,2),(643,3),(643,4),(644,1),(644,2),(644,3),(644,4),(645,1),(645,2),(645,3),(645,4),(646,1),(646,2),(646,3),(646,4),(647,1),(647,2),(647,3),(647,4),(648,1),(648,2),(648,3),(648,4),(649,1),(649,2),(649,3),(649,4),(650,1),(650,2),(650,3),(650,4),(651,1),(651,2),(651,3),(651,4),(652,1),(652,2),(652,3),(652,4),(653,1),(653,2),(653,3),(653,4),(653,5),(654,1),(654,2),(654,3),(654,4),(654,5),(655,1),(655,2),(655,3),(655,4),(655,5),(656,1),(656,2),(656,3),(656,4),(656,5),(657,1),(657,2),(657,3),(657,4),(657,5),(658,1),(658,2),(658,3),(658,4),(658,5),(659,1),(659,2),(659,3),(659,4),(659,5),(660,1),(660,2),(660,3),(660,4),(660,5),(661,1),(661,2),(661,3),(661,4),(661,5),(662,1),(662,2),(662,3),(662,4),(662,5),(663,1),(663,2),(663,3),(663,4),(663,5),(664,1),(664,2),(664,3),(664,4),(664,5),(665,1),(665,2),(665,3),(665,4),(665,5),(666,1),(666,2),(666,3),(666,4),(666,5),(667,1),(667,2),(667,3),(667,4),(668,1),(668,2),(668,3),(668,4),(875,1),(875,2),(875,3),(875,4),(876,1),(876,2),(876,3),(876,4),(877,1),(877,2),(877,3),(877,4),(878,1),(878,2),(878,3),(878,4),(879,1),(879,2),(879,3),(879,4),(880,1),(880,2),(880,3),(880,4),(881,1),(881,2),(881,3),(881,4),(882,1),(882,2),(882,3),(882,4),(883,1),(883,2),(883,3),(883,4),(884,1),(884,2),(884,3),(884,4),(885,1),(885,2),(885,3),(885,4),(886,1),(886,2),(886,3),(886,4),(887,1),(887,2),(887,3),(887,4),(888,1),(888,2),(888,3),(888,4),(889,1),(889,2),(889,3),(889,4),(890,1),(890,2),(890,3),(890,4),(891,1),(891,2),(891,3),(891,4),(892,1),(892,2),(892,3),(892,4),(893,1),(893,2),(893,3),(893,4),(894,1),(894,2),(894,3),(894,4),(895,1),(895,2),(895,3),(895,4),(896,1),(896,2),(896,3),(896,4),(897,1),(897,2),(897,3),(897,4),(898,1),(898,2),(898,3),(898,4),(899,1),(899,2),(899,3),(899,4),(900,1),(900,2),(900,3),(900,4),(901,1),(901,2),(901,3),(901,4),(902,1),(902,2),(902,3),(902,4),(1806,1),(1806,2),(1806,3),(1806,4),(1807,1),(1807,2),(1807,3),(1807,4),(1808,1),(1808,2),(1808,3),(1808,4),(1809,1),(1809,2),(1809,3),(1809,4),(1810,1),(1810,2),(1810,3),(1810,4),(1811,1),(1811,2),(1811,3),(1811,4),(1812,1),(1812,2),(1812,3),(1812,4),(1813,1),(1813,2),(1813,3),(1813,4),(1814,1),(1814,2),(1814,3),(1814,4),(1815,1),(1815,2),(1815,3),(1815,4),(1816,1),(1816,2),(1816,3),(1816,4),(1817,1),(1817,2),(1817,3),(1817,4),(1818,1),(1818,2),(1818,3),(1818,4),(1819,1),(1819,2),(1819,3),(1819,4),(1820,1),(1820,2),(1820,3),(1820,4),(1821,1),(1821,2),(1821,3),(1821,4),(1822,1),(1822,2),(1822,3),(1822,4),(1823,1),(1823,2),(1823,3),(1823,4),(1824,1),(1824,2),(1824,3),(1824,4),(1825,1),(1825,2),(1825,3),(1825,4),(1826,1),(1826,2),(1826,3),(1826,4),(1827,1),(1827,2),(1827,3),(1827,4),(1828,1),(1828,2),(1828,3),(1828,4),(1829,1),(1829,2),(1829,3),(1829,4),(1830,1),(1830,2),(1830,3),(1830,4),(1831,1),(1831,2),(1831,3),(1831,4),(1832,1),(1832,2),(1832,3),(1832,4),(1833,1),(1833,2),(1833,3),(1833,4),(1834,1),(1834,2),(1834,3),(1834,4),(1835,1),(1835,2),(1835,3),(1835,4),(1836,1),(1836,2),(1836,3),(1836,4),(1837,1),(1837,2),(1837,3),(1837,4),(1838,1),(1838,2),(1838,3),(1838,4),(1839,1),(1839,2),(1839,3),(1839,4),(1840,1),(1840,2),(1840,3),(1840,4),(1841,1),(1841,2),(1841,3),(1841,4),(1842,1),(1842,2),(1842,3),(1842,4),(1843,1),(1843,2),(1843,3),(1843,4),(1844,1),(1844,2),(1844,3),(1844,4),(1845,1),(1845,2),(1845,3),(1845,4),(1886,1),(1886,2),(1886,3),(1886,4),(1887,1),(1887,2),(1887,3),(1887,4),(1888,1),(1888,2),(1888,3),(1888,4),(1889,1),(1889,2),(1889,3),(1889,4),(1890,1),(1890,2),(1890,3),(1890,4),(1891,1),(1891,2),(1891,3),(1891,4),(1892,1),(1892,2),(1892,3),(1892,4),(1893,1),(1893,2),(1893,3),(1893,4),(1894,1),(1894,2),(1894,3),(1894,4),(1895,1),(1895,2),(1895,3),(1895,4),(1896,1),(1896,2),(1896,3),(1896,4),(1897,1),(1897,2),(1897,3),(1897,4),(1898,1),(1898,2),(1898,3),(1898,4),(1899,1),(1899,2),(1899,3),(1899,4),(1900,1),(1900,2),(1900,3),(1900,4),(1901,1),(1901,2),(1901,3),(1901,4),(1902,1),(1902,2),(1902,3),(1902,4),(1944,1),(1944,2),(1944,3),(1944,4),(1945,1),(1945,2),(1945,3),(1945,4),(1946,1),(1946,2),(1946,3),(1946,4),(1947,1),(1947,2),(1947,3),(1947,4),(1948,1),(1948,2),(1948,3),(1948,4),(1949,1),(1949,2),(1949,3),(1949,4),(1950,1),(1950,2),(1950,3),(1950,4),(1951,1),(1951,2),(1951,3),(1951,4),(2002,1),(2002,2),(2002,3),(2002,4),(2003,1),(2003,2),(2003,3),(2003,4),(2033,1),(2033,2),(2033,3),(2033,4),(2035,1),(2035,2),(2035,3),(2035,4),(2037,1),(2037,2),(2037,3),(2037,4),(2048,1),(2048,2),(2048,3),(2048,4),(2049,1),(2049,2),(2049,3),(2049,4),(2050,1),(2050,2),(2050,3),(2050,4),(2050,5),(2051,1),(2051,2),(2051,3),(2051,4),(2051,5),(2059,1),(2059,2),(2059,3),(2059,4),(2060,1),(2060,2),(2060,3),(2060,4),(2061,1),(2061,2),(2061,3),(2061,4),(2062,1),(2062,2),(2062,3),(2062,4),(2063,1),(2063,2),(2063,3),(2063,4),(2064,1),(2064,2),(2064,3),(2064,4),(2065,1),(2065,2),(2065,3),(2065,4),(2066,1),(2066,2),(2066,3),(2066,4),(2077,1),(2077,2),(2077,3),(2077,4),(2078,1),(2078,2),(2078,3),(2078,4),(2079,1),(2079,2),(2079,3),(2079,4),(2080,1),(2080,2),(2080,3),(2080,4),(2081,1),(2081,2),(2081,3),(2081,4),(2082,1),(2082,2),(2082,3),(2082,4),(2083,1),(2083,2),(2083,3),(2083,4),(2084,1),(2084,2),(2084,3),(2084,4),(2085,1),(2085,2),(2085,3),(2085,4),(2086,1),(2086,2),(2086,3),(2086,4),(2087,1),(2087,2),(2087,3),(2087,4),(2088,1),(2088,2),(2088,3),(2088,4),(2089,1),(2089,2),(2089,3),(2089,4),(2090,1),(2090,2),(2090,3),(2090,4),(2091,1),(2091,2),(2091,3),(2091,4),(2092,1),(2092,2),(2092,3),(2092,4),(2093,1),(2093,2),(2093,3),(2093,4),(2094,1),(2094,2),(2094,3),(2094,4),(2123,1),(2123,2),(2123,3),(2123,4),(2124,1),(2124,2),(2124,3),(2124,4),(2125,1),(2125,2),(2125,3),(2125,4),(2126,1),(2126,2),(2126,3),(2126,4),(2127,1),(2127,2),(2127,3),(2127,4),(2128,1),(2128,2),(2128,3),(2128,4),(2129,1),(2129,2),(2129,3),(2129,4),(2130,1),(2130,2),(2130,3),(2130,4),(2131,1),(2131,2),(2131,3),(2131,4),(2132,1),(2132,2),(2132,3),(2132,4),(2133,1),(2133,2),(2133,3),(2133,4),(2134,1),(2134,2),(2134,3),(2134,4),(2135,1),(2135,2),(2135,3),(2135,4),(2136,1),(2136,2),(2136,3),(2136,4),(2137,1),(2137,2),(2137,3),(2137,4),(2138,1),(2138,2),(2138,3),(2138,4),(2139,1),(2139,2),(2139,3),(2139,4),(2140,1),(2140,2),(2140,3),(2140,4),(2141,1),(2141,2),(2141,3),(2141,4),(2142,1),(2142,2),(2142,3),(2142,4),(2143,1),(2143,2),(2143,3),(2143,4),(2144,1),(2144,2),(2144,3),(2144,4),(2145,1),(2145,2),(2145,3),(2145,4),(2146,1),(2146,2),(2146,3),(2146,4),(2147,1),(2147,2),(2147,3),(2147,4),(2148,1),(2148,2),(2148,3),(2148,4),(2149,1),(2149,2),(2149,3),(2149,4),(2150,1),(2150,2),(2150,3),(2150,4),(2179,1),(2179,2),(2179,3),(2179,4),(2180,1),(2180,2),(2180,3),(2180,4),(2181,1),(2181,2),(2181,3),(2181,4),(2182,1),(2182,2),(2182,3),(2182,4),(2183,1),(2183,2),(2183,3),(2183,4),(2184,1),(2184,2),(2184,3),(2184,4),(2185,1),(2185,2),(2185,3),(2185,4),(2186,1),(2186,2),(2186,3),(2186,4),(2187,1),(2187,2),(2187,3),(2187,4),(2188,1),(2188,2),(2188,3),(2188,4),(2189,1),(2189,2),(2189,3),(2189,4),(2190,1),(2190,2),(2190,3),(2190,4),(2191,1),(2191,2),(2191,3),(2191,4),(2192,1),(2192,2),(2192,3),(2192,4),(2193,1),(2193,2),(2193,3),(2193,4),(2194,1),(2194,2),(2194,3),(2194,4),(2195,1),(2195,2),(2195,3),(2195,4),(2196,1),(2196,2),(2196,3),(2196,4),(2197,1),(2197,2),(2197,3),(2197,4),(2198,1),(2198,2),(2198,3),(2198,4),(2199,1),(2199,2),(2199,3),(2199,4),(2200,1),(2200,2),(2200,3),(2200,4),(2201,1),(2201,2),(2201,3),(2201,4),(2202,1),(2202,2),(2202,3),(2202,4),(2203,1),(2203,2),(2203,3),(2203,4),(2204,1),(2204,2),(2204,3),(2204,4),(2205,1),(2205,2),(2205,3),(2205,4),(2206,1),(2206,2),(2206,3),(2206,4),(2207,1),(2207,2),(2207,3),(2207,4),(2208,1),(2208,2),(2208,3),(2208,4),(2209,1),(2209,2),(2209,3),(2209,4),(2210,1),(2210,2),(2210,3),(2210,4),(2211,1),(2211,2),(2211,3),(2211,4),(2212,1),(2212,2),(2212,3),(2212,4),(2213,1),(2213,2),(2213,3),(2213,4),(2214,1),(2214,2),(2214,3),(2214,4),(2215,1),(2215,2),(2215,3),(2215,4),(2216,1),(2216,2),(2216,3),(2216,4),(2217,1),(2217,2),(2217,3),(2217,4),(2218,1),(2218,2),(2218,3),(2218,4),(2219,1),(2219,2),(2219,3),(2219,4),(2220,1),(2220,2),(2220,3),(2220,4),(2221,1),(2221,2),(2221,3),(2221,4),(2222,1),(2222,2),(2222,3),(2222,4),(2223,1),(2223,2),(2223,3),(2223,4),(2224,1),(2224,2),(2224,3),(2224,4),(2225,1),(2225,2),(2225,3),(2225,4),(2226,1),(2226,2),(2226,3),(2226,4),(2227,1),(2227,2),(2227,3),(2227,4),(2228,1),(2228,2),(2228,3),(2228,4),(2229,1),(2229,2),(2229,3),(2229,4),(2230,1),(2230,2),(2230,3),(2230,4),(2231,1),(2231,2),(2231,3),(2231,4),(2232,1),(2232,2),(2232,3),(2232,4),(2233,1),(2233,2),(2233,3),(2233,4),(2234,1),(2234,2),(2234,3),(2234,4),(2303,1),(2303,2),(2303,3),(2303,4),(2304,1),(2304,2),(2304,3),(2304,4),(2305,1),(2305,2),(2305,3),(2305,4),(2306,1),(2306,2),(2306,3),(2306,4),(2317,1),(2317,2),(2317,3),(2317,4),(2318,1),(2318,2),(2318,3),(2318,4),(2374,1),(2374,2),(2374,3),(2374,4),(2375,1),(2375,2),(2375,3),(2375,4),(2376,1),(2376,2),(2376,3),(2376,4),(2377,1),(2377,2),(2377,3),(2377,4),(2378,1),(2378,2),(2378,3),(2378,4),(2379,1),(2379,2),(2379,3),(2379,4),(2380,1),(2380,2),(2380,3),(2380,4),(2381,1),(2381,2),(2381,3),(2381,4),(2382,1),(2382,2),(2382,3),(2382,4),(2383,1),(2383,2),(2383,3),(2383,4),(2384,1),(2384,2),(2384,3),(2384,4),(2385,1),(2385,2),(2385,3),(2385,4),(2386,1),(2386,2),(2386,3),(2386,4),(2387,1),(2387,2),(2387,3),(2387,4),(2388,1),(2388,2),(2388,3),(2388,4),(2389,1),(2389,2),(2389,3),(2389,4),(2390,1),(2390,2),(2390,3),(2390,4),(2391,1),(2391,2),(2391,3),(2391,4),(2392,1),(2392,2),(2392,3),(2392,4),(2393,1),(2393,2),(2393,3),(2393,4),(2394,1),(2394,2),(2394,3),(2394,4),(2395,1),(2395,2),(2395,3),(2395,4),(2396,1),(2396,2),(2396,3),(2396,4),(2397,1),(2397,2),(2397,3),(2397,4),(2398,1),(2398,2),(2398,3),(2398,4),(2399,1),(2399,2),(2399,3),(2399,4),(2400,1),(2400,2),(2400,3),(2400,4),(2401,1),(2401,2),(2401,3),(2401,4),(2402,1),(2402,2),(2402,3),(2402,4),(2403,1),(2403,2),(2403,3),(2403,4),(2404,1),(2404,2),(2404,3),(2404,4),(2405,1),(2405,2),(2405,3),(2405,4),(2406,1),(2406,2),(2406,3),(2406,4),(2473,1),(2473,2),(2473,3),(2473,4),(2474,1),(2474,2),(2474,3),(2474,4),(2475,1),(2475,2),(2475,3),(2475,4),(2476,1),(2476,2),(2476,3),(2476,4),(2477,1),(2477,2),(2477,3),(2477,4),(2478,1),(2478,2),(2478,3),(2478,4),(2479,1),(2479,2),(2479,3),(2479,4),(2480,1),(2480,2),(2480,3),(2480,4),(2481,1),(2481,2),(2481,3),(2481,4),(2482,1),(2482,2),(2482,3),(2482,4),(2483,1),(2483,2),(2483,3),(2483,4),(2484,1),(2484,2),(2484,3),(2484,4),(2485,1),(2485,2),(2485,3),(2485,4),(2486,1),(2486,2),(2486,3),(2486,4),(2487,1),(2487,2),(2487,3),(2487,4),(2488,1),(2488,2),(2488,3),(2488,4),(2903,1),(2903,2),(2903,3),(2903,4),(2904,1),(2904,2),(2904,3),(2904,4),(2905,1),(2905,2),(2905,3),(2905,4),(2906,1),(2906,2),(2906,3),(2906,4),(2907,1),(2907,2),(2907,3),(2907,4),(2908,1),(2908,2),(2908,3),(2908,4),(2909,1),(2909,2),(2909,3),(2909,4),(2910,1),(2910,2),(2910,3),(2910,4),(2921,1),(2921,2),(2921,3),(2921,4),(2921,5),(2922,1),(2922,2),(2922,3),(2922,4),(2922,5),(2923,1),(2923,2),(2923,3),(2923,4),(2923,5),(2924,1),(2924,2),(2924,3),(2924,4),(2924,5),(2929,1),(2929,2),(2929,3),(2929,4),(2930,1),(2930,2),(2930,3),(2930,4),(2931,1),(2931,2),(2931,3),(2931,4),(2932,1),(2932,2),(2932,3),(2932,4),(2933,1),(2933,2),(2933,3),(2933,4),(2934,1),(2934,2),(2934,3),(2934,4),(2935,1),(2935,2),(2935,3),(2935,4),(2936,1),(2936,2),(2936,3),(2936,4),(2937,1),(2937,2),(2937,3),(2937,4),(2938,1),(2938,2),(2938,3),(2938,4),(2966,1),(2966,2),(2966,3),(2966,4),(2967,1),(2967,2),(2967,3),(2967,4),(2968,1),(2968,2),(2968,3),(2968,4),(2969,1),(2969,2),(2969,3),(2969,4),(2970,1),(2970,2),(2970,3),(2970,4),(2971,1),(2971,2),(2971,3),(2971,4),(2972,1),(2972,2),(2972,3),(2972,4),(2973,1),(2973,2),(2973,3),(2973,4),(2974,1),(2974,2),(2974,3),(2974,4),(2975,1),(2975,2),(2975,3),(2975,4),(2976,1),(2976,2),(2976,3),(2976,4),(2977,1),(2977,2),(2977,3),(2977,4),(2978,1),(2978,2),(2978,3),(2978,4),(3051,1),(3051,2),(3051,3),(3051,4),(3052,1),(3052,2),(3052,3),(3052,4),(3087,1),(3087,2),(3087,3),(3087,4),(3088,1),(3088,2),(3088,3),(3088,4),(3158,1),(3158,2),(3158,3),(3158,4),(3159,1),(3159,2),(3159,3),(3159,4),(3160,1),(3160,2),(3160,3),(3160,4),(3161,1),(3161,2),(3161,3),(3161,4),(3162,1),(3162,2),(3162,3),(3162,4),(3163,1),(3163,2),(3163,3),(3163,4),(3164,1),(3164,2),(3164,3),(3164,4),(3165,1),(3165,2),(3165,3),(3165,4),(3166,1),(3166,2),(3166,3),(3166,4),(3167,1),(3167,2),(3167,3),(3167,4),(3168,1),(3168,2),(3168,3),(3168,4),(3169,1),(3169,2),(3169,3),(3169,4),(3170,1),(3170,2),(3170,3),(3170,4),(3171,1),(3171,2),(3171,3),(3171,4),(3172,1),(3172,2),(3172,3),(3172,4),(3173,1),(3173,2),(3173,3),(3173,4),(3212,1),(3212,2),(3212,3),(3212,4),(3213,1),(3213,2),(3213,3),(3213,4),(3214,1),(3214,2),(3214,3),(3214,4),(3215,1),(3215,2),(3215,3),(3215,4),(3216,1),(3216,2),(3216,3),(3216,4),(3217,1),(3217,2),(3217,3),(3217,4),(3218,1),(3218,2),(3218,3),(3218,4),(3219,1),(3219,2),(3219,3),(3219,4),(3276,1),(3276,2),(3276,3),(3276,4),(3277,1),(3277,2),(3277,3),(3277,4),(3278,1),(3278,2),(3278,3),(3278,4),(3279,1),(3279,2),(3279,3),(3279,4),(3280,1),(3280,2),(3280,3),(3280,4),(3281,1),(3281,2),(3281,3),(3281,4),(3282,1),(3282,2),(3282,3),(3282,4),(3283,1),(3283,2),(3283,3),(3283,4),(3284,1),(3284,2),(3284,3),(3284,4),(3285,1),(3285,2),(3285,3),(3285,4),(3333,1),(3333,2),(3333,3),(3333,4),(3334,1),(3334,2),(3334,3),(3334,4),(3335,1),(3335,2),(3335,3),(3335,4),(3336,1),(3336,2),(3336,3),(3336,4),(3337,1),(3337,2),(3337,3),(3337,4),(3338,1),(3338,2),(3338,3),(3338,4),(3339,1),(3339,2),(3339,3),(3339,4),(3340,1),(3340,2),(3340,3),(3340,4),(3341,1),(3341,2),(3341,3),(3341,4),(3342,1),(3342,2),(3342,3),(3342,4),(3343,1),(3343,2),(3343,3),(3343,4),(3344,1),(3344,2),(3344,3),(3344,4),(3357,1),(3357,2),(3357,3),(3357,4),(3358,1),(3358,2),(3358,3),(3358,4),(3359,1),(3359,2),(3359,3),(3359,4),(3360,1),(3360,2),(3360,3),(3360,4),(3361,1),(3361,2),(3361,3),(3361,4),(3362,1),(3362,2),(3362,3),(3362,4),(3363,1),(3363,2),(3363,3),(3363,4),(3364,1),(3364,2),(3364,3),(3364,4),(3365,1),(3365,2),(3365,3),(3365,4),(3366,1),(3366,2),(3366,3),(3366,4),(3367,1),(3367,2),(3367,3),(3367,4),(3368,1),(3368,2),(3368,3),(3368,4),(3369,1),(3369,2),(3369,3),(3369,4),(3370,1),(3370,2),(3370,3),(3370,4),(3371,1),(3371,2),(3371,3),(3371,4),(3371,5),(3372,1),(3372,2),(3372,3),(3372,4),(3372,5),(3373,1),(3373,2),(3373,3),(3373,4),(3373,5),(3374,1),(3374,2),(3374,3),(3374,4),(3374,5),(3424,1),(3424,2),(3424,3),(3424,4),(3442,1),(3442,2),(3442,3),(3442,4),(3443,1),(3443,2),(3443,3),(3443,4),(3443,5),(3444,1),(3444,2),(3444,3),(3444,4),(3481,1),(3481,2),(3481,3),(3481,4),(3482,1),(3482,2),(3482,3),(3482,4),(3483,1),(3483,2),(3483,3),(3483,4),(3484,1),(3484,2),(3484,3),(3484,4),(3485,1),(3485,2),(3485,3),(3485,4),(3486,1),(3486,2),(3486,3),(3486,4),(3487,1),(3487,2),(3487,3),(3487,4),(3488,1),(3488,2),(3488,3),(3488,4),(3489,1),(3489,2),(3489,3),(3489,4),(3490,1),(3490,2),(3490,3),(3490,4),(3491,1),(3491,2),(3491,3),(3491,4),(3663,1),(3663,2),(3663,3),(3663,4),(3664,1),(3664,2),(3664,3),(3664,4),(3665,1),(3665,2),(3665,3),(3665,4),(3666,1),(3666,2),(3666,3),(3666,4),(3667,1),(3667,2),(3667,3),(3667,4),(3668,1),(3668,2),(3668,3),(3668,4),(3669,1),(3669,2),(3669,3),(3669,4),(3670,1),(3670,2),(3670,3),(3670,4),(3671,1),(3671,2),(3671,3),(3671,4),(3672,1),(3672,2),(3672,3),(3672,4),(3673,1),(3673,2),(3673,3),(3673,4),(3674,1),(3674,2),(3674,3),(3674,4),(3675,1),(3675,2),(3675,3),(3675,4),(3676,1),(3676,2),(3676,3),(3676,4),(3677,1),(3677,2),(3677,3),(3677,4),(3678,1),(3678,2),(3678,3),(3678,4),(3679,1),(3679,2),(3679,3),(3679,4),(3680,1),(3680,2),(3680,3),(3680,4),(3681,1),(3681,2),(3681,3),(3681,4),(3682,1),(3682,2),(3682,3),(3682,4),(3683,1),(3683,2),(3683,3),(3683,4),(3684,1),(3684,2),(3684,3),(3684,4),(3685,1),(3685,2),(3685,3),(3685,4),(3686,1),(3686,2),(3686,3),(3686,4),(3687,1),(3687,2),(3687,3),(3687,4),(3688,1),(3688,2),(3688,3),(3688,4),(3689,1),(3689,2),(3689,3),(3689,4),(3690,1),(3690,2),(3690,3),(3690,4),(3691,1),(3691,2),(3691,3),(3691,4),(3692,1),(3692,2),(3692,3),(3692,4),(3693,1),(3693,2),(3693,3),(3693,4),(3694,1),(3694,2),(3694,3),(3694,4),(3695,1),(3695,2),(3695,3),(3695,4),(3696,1),(3696,2),(3696,3),(3696,4),(3697,1),(3697,2),(3697,3),(3697,4),(3698,1),(3698,2),(3698,3),(3698,4),(3699,1),(3699,2),(3699,3),(3699,4),(3700,1),(3700,2),(3700,3),(3700,4),(3701,1),(3701,2),(3701,3),(3701,4),(3702,1),(3702,2),(3702,3),(3702,4),(3703,1),(3703,2),(3703,3),(3703,4),(3704,1),(3704,2),(3704,3),(3704,4),(3705,1),(3705,2),(3705,3),(3705,4),(3706,1),(3706,2),(3706,3),(3706,4),(3707,1),(3707,2),(3707,3),(3707,4),(3719,1),(3719,2),(3719,3),(3719,4),(3720,1),(3720,2),(3720,3),(3720,4),(3721,1),(3721,2),(3721,3),(3721,4),(3722,1),(3722,2),(3722,3),(3722,4),(3723,1),(3723,2),(3723,3),(3723,4),(3724,1),(3724,2),(3724,3),(3724,4),(3725,1),(3725,2),(3725,3),(3725,4),(3726,1),(3726,2),(3726,3),(3726,4),(3727,1),(3727,2),(3727,3),(3727,4),(3728,1),(3728,2),(3728,3),(3728,4),(3823,1),(3823,2),(3823,3),(3823,4),(3823,5),(3824,1),(3824,2),(3824,3),(3824,4),(3825,1),(3825,2),(3825,3),(3825,4),(3825,5),(4163,1),(4163,2),(4163,3),(4163,4),(4164,1),(4164,2),(4164,3),(4164,4),(4165,1),(4165,2),(4165,3),(4165,4),(4166,1),(4166,2),(4166,3),(4166,4),(4169,1),(4169,2),(4169,3),(4169,4),(4170,1),(4170,2),(4170,3),(4170,4),(4171,1),(4171,2),(4171,3),(4171,4),(4172,1),(4172,2),(4172,3),(4172,4),(4173,1),(4173,2),(4173,3),(4173,4),(4174,1),(4174,2),(4174,3),(4174,4),(4175,1),(4175,2),(4175,3),(4175,4),(4176,1),(4176,2),(4176,3),(4176,4),(4177,1),(4177,2),(4177,3),(4177,4),(4178,1),(4178,2),(4178,3),(4178,4),(4179,1),(4179,2),(4179,3),(4179,4),(4237,1),(4237,2),(4237,3),(4237,4),(4238,1),(4238,2),(4238,3),(4238,4),(4239,1),(4239,2),(4239,3),(4239,4),(4240,1),(4240,2),(4240,3),(4240,4),(4241,1),(4241,2),(4241,3),(4241,4),(4242,1),(4242,2),(4242,3),(4242,4),(4328,1),(4328,2),(4328,3),(4328,4),(4329,1),(4329,2),(4329,3),(4329,4),(4330,1),(4330,2),(4330,3),(4330,4),(4331,1),(4331,2),(4331,3),(4331,4),(4332,1),(4332,2),(4332,3),(4332,4),(4333,1),(4333,2),(4333,3),(4333,4),(4334,1),(4334,2),(4334,3),(4334,4),(4335,1),(4335,2),(4335,3),(4335,4),(4336,1),(4336,2),(4336,3),(4336,4),(4337,1),(4337,2),(4337,3),(4337,4),(4338,1),(4338,2),(4338,3),(4338,4),(4339,1),(4339,2),(4339,3),(4339,4),(4340,1),(4340,2),(4340,3),(4340,4),(4341,1),(4341,2),(4341,3),(4341,4),(4342,1),(4342,2),(4342,3),(4342,4),(4343,1),(4343,2),(4343,3),(4343,4),(4344,1),(4344,2),(4344,3),(4344,4),(4345,1),(4345,2),(4345,3),(4345,4),(4346,1),(4346,2),(4346,3),(4346,4),(4347,1),(4347,2),(4347,3),(4347,4),(4348,1),(4348,2),(4348,3),(4348,4),(4349,1),(4349,2),(4349,3),(4349,4),(4350,1),(4350,2),(4350,3),(4350,4),(4351,1),(4351,2),(4351,3),(4351,4),(4352,1),(4352,2),(4352,3),(4352,4),(4439,1),(4439,2),(4439,3),(4439,4),(4439,5),(4440,1),(4440,2),(4440,3),(4440,4),(4440,5),(4441,1),(4441,2),(4441,3),(4441,4),(4442,1),(4442,2),(4442,3),(4442,4),(4443,1),(4443,2),(4443,3),(4443,4),(4444,1),(4444,2),(4444,3),(4444,4),(4445,1),(4445,2),(4445,3),(4445,4),(4446,1),(4446,2),(4446,3),(4446,4),(4447,1),(4447,2),(4447,3),(4447,4),(4448,1),(4448,2),(4448,3),(4448,4),(4449,1),(4449,2),(4449,3),(4449,4),(4450,1),(4450,2),(4450,3),(4450,4),(4451,1),(4451,2),(4451,3),(4451,4),(4452,1),(4452,2),(4452,3),(4452,4),(4453,1),(4453,2),(4453,3),(4453,4),(4454,1),(4454,2),(4454,3),(4454,4),(4455,1),(4455,2),(4455,3),(4455,4),(4456,1),(4456,2),(4456,3),(4456,4),(4457,1),(4457,2),(4457,3),(4457,4),(4458,1),(4458,2),(4458,3),(4458,4),(4459,1),(4459,2),(4459,3),(4459,4),(4460,1),(4460,2),(4460,3),(4460,4),(4461,1),(4461,2),(4461,3),(4461,4),(4462,1),(4462,2),(4462,3),(4462,4),(4463,1),(4463,2),(4463,3),(4463,4),(4464,1),(4464,2),(4464,3),(4464,4),(4465,1),(4465,2),(4465,3),(4465,4),(4466,1),(4466,2),(4466,3),(4466,4),(4471,1),(4471,2),(4471,3),(4471,4),(4472,1),(4472,2),(4472,3),(4472,4),(4473,1),(4473,2),(4473,3),(4473,4),(4474,1),(4474,2),(4474,3),(4474,4),(4475,1),(4475,2),(4475,3),(4475,4),(4476,1),(4476,2),(4476,3),(4476,4),(4477,1),(4477,2),(4477,3),(4477,4),(4478,1),(4478,2),(4478,3),(4478,4),(4479,1),(4479,2),(4479,3),(4479,4),(4480,1),(4480,2),(4480,3),(4480,4),(4481,1),(4481,2),(4481,3),(4481,4),(4482,1),(4482,2),(4482,3),(4482,4),(4483,1),(4483,2),(4483,3),(4483,4),(4484,1),(4484,2),(4484,3),(4484,4),(4485,1),(4485,2),(4485,3),(4485,4),(4486,1),(4486,2),(4486,3),(4486,4),(4487,1),(4487,2),(4487,3),(4487,4),(4488,1),(4488,2),(4488,3),(4488,4),(4489,1),(4489,2),(4489,3),(4489,4),(4490,1),(4490,2),(4490,3),(4490,4),(4491,1),(4491,2),(4491,3),(4491,4),(4492,1),(4492,2),(4492,3),(4492,4),(4493,1),(4493,2),(4493,3),(4493,4),(4494,1),(4494,2),(4494,3),(4494,4),(4495,1),(4495,2),(4495,3),(4495,4),(4496,1),(4496,2),(4496,3),(4496,4),(4497,1),(4497,2),(4497,3),(4497,4),(4498,1),(4498,2),(4498,3),(4498,4),(4499,1),(4499,2),(4499,3),(4499,4),(4500,1),(4500,2),(4500,3),(4500,4),(4639,1),(4639,2),(4639,3),(4639,4),(4639,5),(4640,1),(4640,2),(4640,3),(4640,4),(4641,1),(4641,2),(4641,3),(4641,4),(4642,1),(4642,2),(4642,3),(4642,4),(4643,1),(4643,2),(4643,3),(4643,4),(4644,1),(4644,2),(4644,3),(4644,4),(4645,1),(4645,2),(4645,3),(4645,4),(4646,1),(4646,2),(4646,3),(4646,4),(4647,1),(4647,2),(4647,3),(4647,4),(4648,1),(4648,2),(4648,3),(4648,4),(4649,1),(4649,2),(4649,3),(4649,4),(4650,1),(4650,2),(4650,3),(4650,4),(4651,1),(4651,2),(4651,3),(4651,4),(4652,1),(4652,2),(4652,3),(4652,4),(4653,1),(4653,2),(4653,3),(4653,4),(4654,1),(4654,2),(4654,3),(4654,4),(4655,1),(4655,2),(4655,3),(4655,4),(4656,1),(4656,2),(4656,3),(4656,4),(4657,1),(4657,2),(4657,3),(4657,4),(4658,1),(4658,2),(4658,3),(4658,4),(4659,1),(4659,2),(4659,3),(4659,4),(4660,1),(4660,2),(4660,3),(4660,4),(4661,1),(4661,2),(4661,3),(4661,4),(4662,1),(4662,2),(4662,3),(4662,4),(4663,1),(4663,2),(4663,3),(4663,4),(4664,1),(4664,2),(4664,3),(4664,4),(4665,1),(4665,2),(4665,3),(4665,4),(4666,1),(4666,2),(4666,3),(4666,4),(4667,1),(4667,2),(4667,3),(4667,4),(4668,1),(4668,2),(4668,3),(4668,4),(4669,1),(4669,2),(4669,3),(4669,4),(4670,1),(4670,2),(4670,3),(4670,4),(4671,1),(4671,2),(4671,3),(4671,4),(4672,1),(4672,2),(4672,3),(4672,4),(4673,1),(4673,2),(4673,3),(4673,4),(4674,1),(4674,2),(4674,3),(4674,4),(4675,1),(4675,2),(4675,3),(4675,4),(4676,1),(4676,2),(4676,3),(4676,4),(4677,1),(4677,2),(4677,3),(4677,4),(4678,1),(4678,2),(4678,3),(4678,4),(4679,1),(4679,2),(4679,3),(4679,4),(4686,1),(4686,2),(4686,3),(4686,4),(4687,1),(4687,2),(4687,3),(4687,4),(4688,1),(4688,2),(4688,3),(4688,4),(4689,1),(4689,2),(4689,3),(4689,4),(4690,1),(4690,2),(4690,3),(4690,4),(4691,1),(4691,2),(4691,3),(4691,4),(4692,1),(4692,2),(4692,3),(4692,4),(4693,1),(4693,2),(4693,3),(4693,4),(4694,1),(4694,2),(4694,3),(4694,4),(4695,1),(4695,2),(4695,3),(4695,4),(4696,1),(4696,2),(4696,3),(4696,4),(4697,1),(4697,2),(4697,3),(4697,4),(4698,1),(4698,2),(4698,3),(4698,4),(4699,1),(4699,2),(4699,3),(4699,4),(4700,1),(4700,2),(4700,3),(4700,4),(4701,1),(4701,2),(4701,3),(4701,4),(4702,1),(4702,2),(4702,3),(4702,4),(4703,1),(4703,2),(4703,3),(4703,4),(4704,1),(4704,2),(4704,3),(4704,4),(4705,1),(4705,2),(4705,3),(4705,4),(4706,1),(4706,2),(4706,3),(4706,4),(4707,1),(4707,2),(4707,3),(4707,4),(4708,1),(4708,2),(4708,3),(4708,4),(4709,1),(4709,2),(4709,3),(4709,4),(4710,1),(4710,2),(4710,3),(4710,4),(4711,1),(4711,2),(4711,3),(4711,4),(4712,1),(4712,2),(4712,3),(4712,4),(4713,1),(4713,2),(4713,3),(4713,4),(4714,1),(4714,2),(4714,3),(4714,4),(4715,1),(4715,2),(4715,3),(4715,4),(4716,1),(4716,2),(4716,3),(4716,4),(4717,1),(4717,2),(4717,3),(4717,4),(4718,1),(4718,2),(4718,3),(4718,4),(4719,1),(4719,2),(4719,3),(4719,4),(4720,1),(4720,2),(4720,3),(4720,4),(4721,1),(4721,2),(4721,3),(4721,4),(4722,1),(4722,2),(4722,3),(4722,4),(4723,1),(4723,2),(4723,3),(4723,4),(4724,1),(4724,2),(4724,3),(4724,4),(4725,1),(4725,2),(4725,3),(4725,4),(4726,1),(4726,2),(4726,3),(4726,4),(4727,1),(4727,2),(4727,3),(4727,4),(4728,1),(4728,2),(4728,3),(4728,4),(4729,1),(4729,2),(4729,3),(4729,4),(4876,1),(4876,2),(4876,3),(4876,4),(4877,1),(4877,2),(4877,3),(4877,4),(4878,1),(4878,2),(4878,3),(4878,4),(4879,1),(4879,2),(4879,3),(4879,4),(4880,1),(4880,2),(4880,3),(4880,4),(4881,1),(4881,2),(4881,3),(4881,4),(4882,1),(4882,2),(4882,3),(4882,4),(4883,1),(4883,2),(4883,3),(4883,4),(4884,1),(4884,2),(4884,3),(4884,4),(4885,1),(4885,2),(4885,3),(4885,4),(4886,1),(4886,2),(4886,3),(4886,4),(4887,1),(4887,2),(4887,3),(4887,4),(4888,1),(4888,2),(4888,3),(4888,4),(4889,1),(4889,2),(4889,3),(4889,4),(4890,1),(4890,2),(4890,3),(4890,4),(4891,1),(4891,2),(4891,3),(4891,4),(4892,1),(4892,2),(4892,3),(4892,4),(4893,1),(4893,2),(4893,3),(4893,4),(4894,1),(4894,2),(4894,3),(4894,4),(5097,1),(5097,2),(5097,3),(5097,4),(5113,1),(5113,2),(5113,3),(5113,4),(5143,1),(5143,2),(5143,3),(5143,4),(5144,1),(5144,2),(5144,3),(5144,4),(5145,1),(5145,2),(5145,3),(5145,4),(5146,1),(5146,2),(5146,3),(5146,4),(5148,1),(5148,2),(5148,3),(5148,4),(5150,1),(5150,2),(5150,3),(5150,4),(5151,1),(5151,2),(5151,3),(5151,4),(5220,1),(5220,2),(5220,3),(5220,4),(5221,1),(5221,2),(5221,3),(5221,4),(5222,1),(5222,2),(5222,3),(5222,4),(5223,1),(5223,2),(5223,3),(5223,4),(5224,1),(5224,2),(5224,3),(5224,4),(5225,1),(5225,2),(5225,3),(5225,4),(5226,1),(5226,2),(5226,3),(5226,4),(5227,1),(5227,2),(5227,3),(5227,4),(5228,1),(5228,2),(5228,3),(5228,4),(5229,1),(5229,2),(5229,3),(5229,4),(5230,1),(5230,2),(5230,3),(5230,4),(5231,1),(5231,2),(5231,3),(5231,4),(5232,1),(5232,2),(5232,3),(5232,4),(5233,1),(5233,2),(5233,3),(5233,4),(5234,1),(5234,2),(5234,3),(5234,4),(5235,1),(5235,2),(5235,3),(5235,4),(5236,1),(5236,2),(5236,3),(5236,4),(5237,1),(5237,2),(5237,3),(5237,4),(5238,1),(5238,2),(5238,3),(5238,4),(5239,1),(5239,2),(5239,3),(5239,4),(5240,1),(5240,2),(5240,3),(5240,4),(5241,1),(5241,2),(5241,3),(5241,4),(5242,1),(5242,2),(5242,3),(5242,4),(5243,1),(5243,2),(5243,3),(5243,4),(5244,1),(5244,2),(5244,3),(5244,4),(5245,1),(5245,2),(5245,3),(5245,4),(5246,1),(5246,2),(5246,3),(5246,4),(5247,1),(5247,2),(5247,3),(5247,4),(5248,1),(5248,2),(5248,3),(5248,4),(5249,1),(5249,2),(5249,3),(5249,4),(5250,1),(5250,2),(5250,3),(5250,4),(5251,1),(5251,2),(5251,3),(5251,4),(5252,1),(5252,2),(5252,3),(5252,4),(5253,1),(5253,2),(5253,3),(5253,4),(5254,1),(5254,2),(5254,3),(5254,4),(5255,1),(5255,2),(5255,3),(5255,4),(5256,1),(5256,2),(5256,3),(5256,4),(5257,1),(5257,2),(5257,3),(5257,4),(5258,1),(5258,2),(5258,3),(5258,4),(5259,1),(5259,2),(5259,3),(5259,4),(5260,1),(5260,2),(5260,3),(5260,4),(5261,1),(5261,2),(5261,3),(5261,4),(5262,1),(5262,2),(5262,3),(5262,4),(5263,1),(5263,2),(5263,3),(5263,4),(5264,1),(5264,2),(5264,3),(5264,4),(5265,1),(5265,2),(5265,3),(5265,4),(5266,1),(5266,2),(5266,3),(5266,4),(5267,1),(5267,2),(5267,3),(5267,4),(5268,1),(5268,2),(5268,3),(5268,4),(5269,1),(5269,2),(5269,3),(5269,4),(5270,1),(5270,2),(5270,3),(5270,4),(5289,1),(5289,2),(5289,3),(5289,4),(5352,1),(5352,2),(5352,3),(5352,4),(5357,1),(5357,2),(5357,3),(5357,4),(5358,1),(5358,2),(5358,3),(5358,4),(5359,1),(5359,2),(5359,3),(5359,4),(5360,1),(5360,2),(5360,3),(5360,4),(5361,1),(5361,2),(5361,3),(5361,4),(5362,1),(5362,2),(5362,3),(5362,4),(5379,1),(5379,2),(5379,3),(5379,4),(5381,1),(5381,2),(5381,3),(5381,4),(5382,1),(5382,2),(5382,3),(5382,4),(5383,1),(5383,2),(5383,3),(5383,4),(5384,1),(5384,2),(5384,3),(5384,4),(5385,1),(5385,2),(5385,3),(5385,4),(5386,1),(5386,2),(5386,3),(5386,4),(5389,1),(5389,2),(5389,3),(5389,4),(5390,1),(5390,2),(5390,3),(5390,4),(5391,1),(5391,2),(5391,3),(5391,4),(5392,1),(5392,2),(5392,3),(5392,4),(5393,1),(5393,2),(5393,3),(5393,4),(5394,1),(5394,2),(5394,3),(5394,4),(5395,1),(5395,2),(5395,3),(5395,4),(5396,1),(5396,2),(5396,3),(5396,4),(5397,1),(5397,2),(5397,3),(5397,4),(5398,1),(5398,2),(5398,3),(5398,4),(5399,1),(5399,2),(5399,3),(5399,4),(5404,1),(5404,2),(5404,3),(5404,4),(5405,1),(5405,2),(5405,3),(5405,4),(5406,1),(5406,2),(5406,3),(5406,4),(5407,1),(5407,2),(5407,3),(5407,4),(5408,1),(5408,2),(5408,3),(5408,4),(5409,1),(5409,2),(5409,3),(5409,4),(5410,1),(5410,2),(5410,3),(5410,4),(5411,1),(5411,2),(5411,3),(5411,4),(5412,1),(5412,2),(5412,3),(5412,4),(5413,1),(5413,2),(5413,3),(5413,4),(5414,1),(5414,2),(5414,3),(5414,4),(5415,1),(5415,2),(5415,3),(5415,4),(5546,1),(5546,2),(5546,3),(5546,4),(5546,5),(5547,1),(5547,2),(5547,3),(5547,4),(5547,5),(5548,1),(5548,2),(5548,3),(5548,4),(5548,5),(5549,1),(5549,2),(5549,3),(5549,4),(5549,5),(5550,1),(5550,2),(5550,3),(5550,4),(5551,1),(5551,2),(5551,3),(5551,4),(5551,5),(5552,1),(5552,2),(5552,3),(5552,4),(5552,5),(5553,1),(5553,2),(5553,3),(5553,4),(5554,1),(5554,2),(5554,3),(5554,4),(5555,1),(5555,2),(5555,3),(5555,4),(5556,1),(5556,2),(5556,3),(5556,4),(5557,1),(5557,2),(5557,3),(5557,4),(5558,1),(5558,2),(5558,3),(5558,4),(5559,1),(5559,2),(5559,3),(5559,4),(5565,1),(5565,2),(5565,3),(5565,4),(5566,1),(5566,2),(5566,3),(5566,4);

--
-- Table structure for table `data_template_rrd`
--

CREATE TABLE `data_template_rrd` (
  `id` mediumint(8) unsigned NOT NULL AUTO_INCREMENT,
  `hash` varchar(32) NOT NULL DEFAULT '',
  `local_data_template_rrd_id` mediumint(8) unsigned NOT NULL DEFAULT '0',
  `local_data_id` mediumint(8) unsigned NOT NULL DEFAULT '0',
  `data_template_id` mediumint(8) unsigned NOT NULL DEFAULT '0',
  `t_rrd_maximum` char(2) DEFAULT NULL,
  `rrd_maximum` varchar(20) NOT NULL DEFAULT '0',
  `t_rrd_minimum` char(2) DEFAULT NULL,
  `rrd_minimum` varchar(20) NOT NULL DEFAULT '0',
  `t_rrd_heartbeat` char(2) DEFAULT NULL,
  `rrd_heartbeat` mediumint(6) NOT NULL DEFAULT '0',
  `t_data_source_type_id` char(2) DEFAULT NULL,
  `data_source_type_id` smallint(5) NOT NULL DEFAULT '0',
  `t_data_source_name` char(2) DEFAULT NULL,
  `data_source_name` varchar(19) NOT NULL DEFAULT '',
  `t_data_input_field_id` char(2) DEFAULT NULL,
  `data_input_field_id` mediumint(8) unsigned NOT NULL DEFAULT '0',
  PRIMARY KEY (`id`),
  UNIQUE KEY `duplicate_dsname_contraint` (`local_data_id`,`data_source_name`,`data_template_id`),
  KEY `local_data_id` (`local_data_id`),
  KEY `data_template_id` (`data_template_id`),
  KEY `local_data_template_rrd_id` (`local_data_template_rrd_id`)
) ENGINE=MyISAM AUTO_INCREMENT=11376 DEFAULT CHARSET=latin1;

--
-- Dumping data for table `data_template_rrd`
--

INSERT INTO `data_template_rrd` VALUES (3,'2d53f9c76767a2ae8909f4152fd473a4',0,0,3,'','0','','0','',600,'',1,'','hdd_free','',0),(4,'93d91aa7a3cc5473e7b195d5d6e6e675',0,0,3,'','0','','0','',600,'',1,'','hdd_used','',0),(5,'7bee7987bbf30a3bc429d2a67c6b2595',0,0,4,'','100','','0','',600,'',2,'','cpu_system','',0),(6,'ddccd7fbdece499da0235b4098b87f9e',0,0,5,'','100','','0','',600,'',2,'','cpu_user','',0),(7,'122ab2097f8c6403b7b90cde7b9e2bc2',0,0,6,'','100','','0','',600,'',2,'','cpu_nice','',0),(8,'34f50c820092ea0fecba25b4b94a7946',0,0,7,'','100','','0','',600,'',1,'','wrls_noise','',0),(9,'830b811d1834e5ba0e2af93bd92db057',0,0,8,'','100','','0','',600,'',1,'','wrls_signal','',0),(10,'2f1b016a2465eef3f7369f6313cd4a94',0,0,9,'','1000000','','0','',600,'',2,'','wrls_transmits','',0),(11,'28ffcecaf8b50e49f676f2d4a822685d',0,0,10,'','1000000','','0','',600,'',2,'','wrls_retransmits','',0),(12,'8175ca431c8fe50efff5a1d3ae51b55d',0,0,11,'','500','','0','',600,'',1,'','load_1min','',17),(13,'a2eeb8acd6ea01cd0e3ac852965c0eb6',0,0,11,'','500','','0','',600,'',1,'','load_5min','',18),(14,'9f951b7fb3b19285a411aebb5254a831',0,0,11,'','500','','0','',600,'',1,'','load_15min','',19),(16,'a4df3de5238d3beabee1a2fe140d3d80',0,0,13,'','0','','0','',600,'',1,'','mem_buffers','',23),(18,'7fea6acc9b1a19484b4cb4cef2b6c5da',0,0,15,'','0','','0','',600,'',1,'','mem_swap','',23),(19,'f1ba3a5b17b95825021241398bb0f277',0,0,16,'','1000','','0','',600,'',1,'','proc','',24),(20,'46a5afe8e6c0419172c76421dc9e304a',0,0,17,'','500','','0','',600,'',1,'','users','',21),(21,'962fd1994fe9cae87fb36436bdb8a742',0,0,18,'','5000','','0','',600,'',1,'','ping','',30),(22,'7a8dd1111a8624369906bf2cd6ea9ca9',0,0,19,'','100000','','0','',600,'',1,'','total_users','',0),(23,'ddb6e74d34d2f1969ce85f809dbac23d',0,0,20,'','100000','','0','',600,'',1,'','total_logins','',0),(25,'289311d10336941d33d9a1c48a7b11ee',0,0,22,'','10000000','','0','',600,'',2,'','fs_reads','',0),(26,'02216f036cca04655ee2f67fedb6f4f0',0,0,23,'','10000000','','0','',600,'',2,'','fs_writes','',0),(27,'9e402c0f29131ef7139c20bd500b4e8a',0,0,24,'','10000000','','0','',600,'',2,'','cache_checks','',0),(28,'46717dfe3c8c030d8b5ec0874f9dbdca',0,0,25,'','1000000','','0','',600,'',2,'','cache_hits','',0),(29,'7a88a60729af62561812c43bde61dfc1',0,0,26,'','100000','','0','',600,'',1,'','open_files','',0),(30,'3c0fd1a188b64a662dfbfa985648397b',0,0,27,'','100','','0','',600,'',1,'','5min_cpu','',0),(33,'ed44c2438ef7e46e2aeed2b6c580815c',0,0,30,'','500','','0','',600,'',1,'','load_1min','',0),(34,'9b3a00c9e3530d9e58895ac38271361e',0,0,31,'','500','','0','',600,'',1,'','load_5min','',0),(35,'6746c2ed836ecc68a71bbddf06b0e5d9',0,0,32,'','500','','0','',600,'',1,'','load_15min','',0),(36,'9835d9e1a8c78aa2475d752e8fa74812',0,0,33,'','10000000','','0','',600,'',1,'','mem_buffers','',0),(37,'9c78dc1981bcea841b8c827c6dc0d26c',0,0,34,'','10000000','','0','',600,'',1,'','mem_free','',0),(38,'62a56dc76fe4cd8566a31b5df0274cc3',0,0,35,'','0','','0','',600,'',1,'','vol_total','',0),(39,'2e366ab49d0e0238fb4e3141ea5a88c3',0,0,35,'','0','','0','',600,'',1,'','vol_free','',0),(40,'dceedc84718dd93a5affe4b190bca810',0,0,35,'','0','','0','',600,'',1,'','vol_freeable','',0),(42,'93330503f1cf67db00d8fe636035e545',0,0,36,'','100000000000','','0','',600,'',1,'','dir_total','',0),(43,'6b0fe4aa6aaf22ef9cfbbe96d87fa0d7',0,0,36,'','100000000000','','0','',600,'',1,'','dir_used','',0),(44,'4c82df790325d789d304e6ee5cd4ab7d',0,0,37,'','0','','0','',600,'',1,'','hdd_free','',0),(46,'c802e2fd77f5b0a4c4298951bf65957c',0,0,38,'','10000000','','0','',600,'',2,'','errors_in','',0),(47,'4e2a72240955380dc8ffacfcc8c09874',0,0,38,'','10000000','','0','',600,'',2,'','discards_in','',0),(48,'636672962b5bb2f31d86985e2ab4bdfe',0,0,39,'','1000000000','','0','',600,'',2,'','unicast_in','',0),(49,'18ce92c125a236a190ee9dd948f56268',0,0,39,'','1000000000','','0','',600,'',2,'','unicast_out','',0),(50,'13ebb33f9cbccfcba828db1075a8167c',0,0,38,'','10000000','','0','',600,'',2,'','discards_out','',0),(51,'31399c3725bee7e09ec04049e3d5cd17',0,0,38,'','10000000','','0','',600,'',2,'','errors_out','',0),(52,'7be68cbc4ee0b2973eb9785f8c7a35c7',0,0,40,'','1000000000','','0','',600,'',2,'','nonunicast_out','',0),(53,'93e2b6f59b10b13f2ddf2da3ae98b89a',0,0,40,'','1000000000','','0','',600,'',2,'','nonunicast_in','',0),(54,'2df25c57022b0c7e7d0be4c035ada1a0',0,0,41,'on','10000000000','on','0','',600,'',2,'','traffic_in','',0),(55,'721c0794526d1ac1c359f27dc56faa49',0,0,41,'','10000000000','','0','',600,'',2,'','traffic_out','',0),(56,'07175541991def89bd02d28a215f6fcc',0,0,37,'','0','','0','',600,'',1,'','hdd_used','',0),(76,'07492e5cace6d74e7db3cb1fc005a3f3',0,0,42,'','100','','0','',600,'',1,'','cpu','',0),(78,'0ee6bb54957f6795a5369a29f818d860',0,0,43,'','0','','0','',600,'',1,'','hdd_used','',0),(79,'9825aaf7c0bdf1554c5b4b86680ac2c0',0,0,44,'','100','','0','',600,'',1,'','cpu','',0),(80,'50ccbe193c6c7fc29fb9f726cd6c48ee',0,0,45,'','1000','','0','',600,'',1,'','proc','',0),(81,'9464c91bcff47f23085ae5adae6ab987',0,0,46,'','5000','','0','',600,'',1,'','users','',0),(92,'165a0da5f461561c85d092dfe96b9551',0,0,43,'','0','','0','',600,'',1,'','hdd_total','',0),(95,'7a6ca455bbeff99ca891371bc77d5cf9',0,0,47,'','10000000','','0','',600,'',1,'','mem_cache','',0),(96,'224b83ea73f55f8a861bcf4c9bea0472',0,0,48,'on','100','','0','',600,'on',1,'','snmp_oid','',0),(393,'2f9c56b7021e92c06f7b1fd5ed0de493',0,0,49,'','0','','0','',600,'',2,'','cisco_up_Uncorrecta','',0),(394,'cf07c0f842bc24ca5794a3516fbb4bc3',0,0,49,'','0','','0','',600,'',2,'','cisco_up_Correcteds','',0),(395,'de50a27a58f6162b14ec229d0435032c',0,0,49,'','0','','0','',600,'',2,'','cisco_up_Unerroreds','',0),(396,'739335714ece67cf94b2be34c07eaaf1',0,0,49,'','1000','','0','',600,'',1,'','cisco_up_snr_fec','',0),(397,'e723cded95833a1b08a118a723579ede',0,0,50,'','0','','0','',600,'',1,'','cisco_locIfLoad','',0),(398,'c98cac5f4079e50bd45a0cf4dbfefd19',0,0,50,'','0','','0','',600,'',1,'','cisco_locIfReliab','',0),(399,'d16270cf5bf161afbd1412240b3d6ba4',0,0,51,'','0','','0','',600,'',1,'','cisco_mod_ups_total','',0),(400,'845f450397295f99a4ea4bfe6facd2db',0,0,51,'','0','','0','',600,'',1,'','cisco_mod_ups_reg','',0),(401,'a4ea562558e3c2e1849a7ee3abb981f2',0,0,52,'','0','','0','',600,'',1,'','cisco_ups_avg_ugs','',0),(402,'11f0f74b6109528bd0bcfb663c8ef0f4',0,0,52,'','0','','0','',600,'',1,'','cisco_ups_max_ugs','',0),(403,'554566dd6013971ed11025e2340add29',0,0,52,'','0','','0','',600,'',1,'','cisco_ups_min_ugs','',0),(404,'2d71234a9a982379b8c3aec30f6e491b',0,0,53,'','0','','0','',600,'',1,'','cisco_ups_snr','',0),(405,'e9510f5f2148f03ee8d57d62ade70477',0,0,54,'','0','','0','',600,'',1,'','cisco_ups_util','',0),(406,'79409b17621845d69739d96fb0475230',0,0,54,'','0','','0','',600,'',1,'','cisco_ups_minislots','',0),(11237,'',55,5482,41,NULL,'1000000000',NULL,'0',NULL,600,NULL,2,NULL,'traffic_out',NULL,0),(11236,'',54,5482,41,NULL,'1000000000',NULL,'0',NULL,600,NULL,2,NULL,'traffic_in',NULL,0),(11253,'',55,5490,41,NULL,'1250000000',NULL,'0',NULL,600,NULL,2,NULL,'traffic_out',NULL,0),(11252,'',54,5490,41,NULL,'1250000000',NULL,'0',NULL,600,NULL,2,NULL,'traffic_in',NULL,0),(4102,'ad73caa2e3d000d5c9ba5e2bc647db4b',0,0,55,'','0','','0','',600,'',2,'','disk_bytes_read','',0),(4103,'19f54a1ec2d0327ff76632051d0be848',0,0,55,'','0','','0','',600,'',2,'','disk_bytes_written','',0),(4104,'46e637e9f4de2304a4c44b7aab2f6fe8',0,0,56,'','0','','0','',600,'',2,'','disk_read_trans','',0),(4105,'e07aa5bc53c8e855051ea7d839b97b4d',0,0,56,NULL,'0',NULL,'0',NULL,600,NULL,2,NULL,'disk_write_trans',NULL,0),(4600,'',54,2233,41,NULL,'1000000000',NULL,'0',NULL,600,NULL,2,NULL,'traffic_in',NULL,0),(4601,'',55,2233,41,NULL,'10000000000',NULL,'0',NULL,600,NULL,2,NULL,'traffic_out',NULL,0),(4602,'',54,2234,41,NULL,'1000000000',NULL,'0',NULL,600,NULL,2,NULL,'traffic_in',NULL,0),(4603,'',55,2234,41,NULL,'10000000000',NULL,'0',NULL,600,NULL,2,NULL,'traffic_out',NULL,0),(4604,'',79,2235,44,NULL,'100',NULL,'0',NULL,600,NULL,1,NULL,'cpu',NULL,0),(4605,'',79,2236,44,NULL,'100',NULL,'0',NULL,600,NULL,1,NULL,'cpu',NULL,0),(4622,'',46,2247,38,NULL,'10000000',NULL,'0',NULL,600,NULL,2,NULL,'errors_in',NULL,0),(4623,'',47,2247,38,NULL,'10000000',NULL,'0',NULL,600,NULL,2,NULL,'discards_in',NULL,0),(4624,'',50,2247,38,NULL,'10000000',NULL,'0',NULL,600,NULL,2,NULL,'discards_out',NULL,0),(4625,'',51,2247,38,NULL,'10000000',NULL,'0',NULL,600,NULL,2,NULL,'errors_out',NULL,0),(4626,'',46,2248,38,NULL,'10000000',NULL,'0',NULL,600,NULL,2,NULL,'errors_in',NULL,0),(4627,'',47,2248,38,NULL,'10000000',NULL,'0',NULL,600,NULL,2,NULL,'discards_in',NULL,0),(4628,'',50,2248,38,NULL,'10000000',NULL,'0',NULL,600,NULL,2,NULL,'discards_out',NULL,0),(4629,'',51,2248,38,NULL,'10000000',NULL,'0',NULL,600,NULL,2,NULL,'errors_out',NULL,0),(5850,'e22282779277efd614c7d71ada003eed',0,0,57,'','0','','0','',600,'',1,'','icmp_unreplied','',58),(5851,'8e390c5b7c83aa26be33abbf3e00873f',0,0,57,'','0','','0','',600,'',1,'','icmp_half_assured','',57),(5852,'f6f63c6e3cabe243df63475394213036',0,0,57,'','0','','0','',600,'',1,'','icmp_total','',59),(5853,'a59ef451456e7fd7db75aeb24fabfa0e',0,0,58,'','0','','0','',600,'',1,'','tot_unreplied','',90),(5854,'258b221d4f0ea548118bd80c73754fba',0,0,58,'','0','','0','',600,'',1,'','tcp_total','',73),(5855,'cc54173145bcda0895383fdffb868a72',0,0,58,'','0','','0','',600,'',1,'','igmp_half_assured','',81),(5856,'9bc4546c61b94c0006381714c50a7f12',0,0,58,'','0','','0','',600,'',1,'','udp_unreplied','',76),(5857,'7c1ff51f139b89a360dff241f77c968b',0,0,58,'','0','','0','',600,'',1,'','udp_half_assured','',75),(5858,'f08582bd6bf07f1113952e5a57e1cfca',0,0,58,'','0','','0','',600,'',1,'','udp_assured','',74),(5859,'27c634badea963f4053014fc8fde56c8',0,0,58,'','0','','0','',600,'',1,'','tcp_unreplied','',72),(5860,'bbae662cb30e658e53d2f2f885c4072f',0,0,58,'','0','','0','',600,'',1,'','tcp_half_assured','',71),(5861,'d43fc8fb220e7b09fa80b7883a04396d',0,0,58,'','0','','0','',600,'',1,'','tcp_assured','',70),(5862,'f650bcb05167a7c3370c89f29b68a0e1',0,0,58,'','0','','0','',600,'',1,'','icmp_unreplied','',80),(5863,'43c6438e01371423e1fea6fcb6ece63b',0,0,58,'','0','','0','',600,'',1,'','icmp_half_assured','',79),(5864,'a889b4ff21c0ecf9227705076e3ce447',0,0,58,'','0','','0','',600,'',1,'','total','',91),(5865,'acfe04c4019978caa0c73fce0a8db512',0,0,58,'','0','','0','',600,'',1,'','udp_total','',77),(5866,'0a4d904230e1c0c8313faaab54ae1e54',0,0,58,'','0','','0','',600,'',1,'','tot_half_assured','',89),(5867,'2fa7699751485eb5483dc299de360a50',0,0,58,'','0','','0','',600,'',1,'','tot_assured','',88),(5868,'1b0dc06d9e00ca8e0d0fd4a71cd7f61b',0,0,58,'','0','','0','',600,'',1,'','icmp_total','',78),(5869,'865ae8343be4f8bc98a113936e735ae1',0,0,58,'','0','','0','',600,'',1,'','igmp_total','',83),(5870,'d054a9b3cab7e7972e833b55a78f6b31',0,0,58,'','0','','0','',600,'',1,'','igmp_unreplied','',82),(5871,'5eb623bd05fe4c2e07759fae12f1d2b2',0,0,58,'','0','','0','',600,'',1,'','other_assured','',84),(5872,'f640db6e7700615bc2ee9b9a36ce294a',0,0,58,'','0','','0','',600,'',1,'','other_half_assured','',85),(5873,'eac08f92ee4a4a78c2a968770b974a63',0,0,58,'','0','','0','',600,'',1,'','other_unreplied','',86),(5874,'970e32f3b32d7197b399abb145fcc56b',0,0,58,'','0','','0','',600,'',1,'','other_total','',87),(5875,'3c0c72c0ba9a6bf6e56f2fe59a03a638',0,0,59,'','0','','0','',600,'',1,'','tcp_unreplied','',112),(5876,'73619666079852c0815f8a8a88d5ecc1',0,0,59,'','0','','0','',600,'',1,'','tcp_total','',109),(5877,'905fa25eb542b16f20824f7e045e3e74',0,0,59,'','0','','0','',600,'',1,'','tcp_established','',104),(5878,'e98a0abdeb065967cd52dda286f58874',0,0,59,'','0','','0','',600,'',1,'','tcp_timewait','',110),(5879,'74286daa127d6c41f586d1ccbde22bd6',0,0,59,'','0','','0','',600,'',1,'','tcp_synsent','',108),(5880,'6193cd5e735e4ea6d6d6c862a2f1f67a',0,0,59,'','0','','0','',600,'',1,'','tcp_synrecv','',107),(5881,'b0821146c8d3ffcd22d902515962e8f1',0,0,59,'','0','','0','',600,'',1,'','tcp_finwait','',105),(5882,'a2ce051bbbd873a004fb54118ee806c8',0,0,59,'','0','','0','',600,'',1,'','tcp_closewait','',103),(5883,'5f218c02e4fe41769feed55f0287aadf',0,0,59,'','0','','0','',600,'',1,'','tcp_close','',102),(5884,'aa2886dadf15bbc9eaa588dab17d2e37',0,0,59,'','0','','0','',600,'',1,'','tcp_lastack','',106),(5885,'2e250120f043877bd76bdc357b50ae16',0,0,59,'','0','','0','',600,'',1,'','tcp_assured','',111),(5886,'3039a42a70e8a4ec2af16c256b74fa7e',0,0,59,'','0','','0','',600,'',1,'','tcp_half_assured','',113),(5887,'64b913600944ebb19a3ecbe4f5a22aee',0,0,60,'','0','','0','',600,'',1,'','udp_unreplied','',126),(5888,'8d324df54ad5acbbd1de869b6d76b504',0,0,60,'','0','','0','',600,'',1,'','udp_assured','',124),(5889,'f89acff93c52a6a3eece55a28a4a6b6f',0,0,60,'','0','','0','',600,'',1,'','udp_half_assured','',125),(5890,'ed6012c807822e5b2d9dbb8874a44b97',0,0,60,'','0','','0','',600,'',1,'','udp_total','',127),(6828,'4d532c4a946f5372adeae44c1e50eef9',0,0,61,'','100','','0','',600,'',1,'','extreme_cpu_util','',0),(6829,'2e1ddea69b43763105d25f2db18bf2fb',0,0,62,'','100','','0','',600,'',1,'','extreme_intTemp','',0),(10705,'',54,5213,41,NULL,'1250000000',NULL,'0',NULL,600,NULL,2,NULL,'traffic_in',NULL,0),(10706,'',55,5213,41,NULL,'1250000000',NULL,'0',NULL,600,NULL,2,NULL,'traffic_out',NULL,0),(10590,'',54,5155,41,NULL,'1000000000',NULL,'0',NULL,600,NULL,2,NULL,'traffic_in',NULL,0),(10589,'',55,5154,41,NULL,'1000000000',NULL,'0',NULL,600,NULL,2,NULL,'traffic_out',NULL,0),(10588,'',54,5154,41,NULL,'1000000000',NULL,'0',NULL,600,NULL,2,NULL,'traffic_in',NULL,0),(10587,'',55,5153,41,NULL,'1000000000',NULL,'0',NULL,600,NULL,2,NULL,'traffic_out',NULL,0),(10586,'',54,5153,41,NULL,'1000000000',NULL,'0',NULL,600,NULL,2,NULL,'traffic_in',NULL,0),(10585,'',55,5152,41,NULL,'1000000000',NULL,'0',NULL,600,NULL,2,NULL,'traffic_out',NULL,0),(10584,'',54,5152,41,NULL,'1000000000',NULL,'0',NULL,600,NULL,2,NULL,'traffic_in',NULL,0),(10583,'',55,5151,41,NULL,'1000000000',NULL,'0',NULL,600,NULL,2,NULL,'traffic_out',NULL,0),(10582,'',54,5151,41,NULL,'1000000000',NULL,'0',NULL,600,NULL,2,NULL,'traffic_in',NULL,0),(10581,'',55,5150,41,NULL,'1000000000',NULL,'0',NULL,600,NULL,2,NULL,'traffic_out',NULL,0),(10580,'',54,5150,41,NULL,'1000000000',NULL,'0',NULL,600,NULL,2,NULL,'traffic_in',NULL,0),(10579,'',55,5149,41,NULL,'1000000000',NULL,'0',NULL,600,NULL,2,NULL,'traffic_out',NULL,0),(10578,'',54,5149,41,NULL,'1000000000',NULL,'0',NULL,600,NULL,2,NULL,'traffic_in',NULL,0),(10577,'',55,5148,41,NULL,'1000000000',NULL,'0',NULL,600,NULL,2,NULL,'traffic_out',NULL,0),(10576,'',54,5148,41,NULL,'1000000000',NULL,'0',NULL,600,NULL,2,NULL,'traffic_in',NULL,0),(10575,'',55,5147,41,NULL,'1000000000',NULL,'0',NULL,600,NULL,2,NULL,'traffic_out',NULL,0),(10574,'',54,5147,41,NULL,'1000000000',NULL,'0',NULL,600,NULL,2,NULL,'traffic_in',NULL,0),(10573,'',55,5146,41,NULL,'1000000000',NULL,'0',NULL,600,NULL,2,NULL,'traffic_out',NULL,0),(10572,'',54,5146,41,NULL,'1000000000',NULL,'0',NULL,600,NULL,2,NULL,'traffic_in',NULL,0),(10571,'',55,5145,41,NULL,'1000000000',NULL,'0',NULL,600,NULL,2,NULL,'traffic_out',NULL,0),(10570,'',54,5145,41,NULL,'1000000000',NULL,'0',NULL,600,NULL,2,NULL,'traffic_in',NULL,0),(10569,'',55,5144,41,NULL,'1000000000',NULL,'0',NULL,600,NULL,2,NULL,'traffic_out',NULL,0),(10568,'',54,5144,41,NULL,'1000000000',NULL,'0',NULL,600,NULL,2,NULL,'traffic_in',NULL,0),(10874,'',54,5303,41,NULL,'100000000',NULL,'0',NULL,600,NULL,2,NULL,'traffic_in',NULL,0),(10875,'',55,5303,41,NULL,'100000000',NULL,'0',NULL,600,NULL,2,NULL,'traffic_out',NULL,0),(10924,'',7,5329,6,NULL,'100',NULL,'0',NULL,600,NULL,2,NULL,'cpu_nice',NULL,0),(10925,'',5,5330,4,NULL,'100',NULL,'0',NULL,600,NULL,2,NULL,'cpu_system',NULL,0),(10926,'',6,5331,5,NULL,'100',NULL,'0',NULL,600,NULL,2,NULL,'cpu_user',NULL,0),(10881,'',55,5306,41,NULL,'100000000',NULL,'0',NULL,600,NULL,2,NULL,'traffic_out',NULL,0),(10879,'',55,5305,41,NULL,'0',NULL,'0',NULL,600,NULL,2,NULL,'traffic_out',NULL,0),(10878,'',54,5305,41,NULL,'0',NULL,'0',NULL,600,NULL,2,NULL,'traffic_in',NULL,0),(10880,'',54,5306,41,NULL,'100000000',NULL,'0',NULL,600,NULL,2,NULL,'traffic_in',NULL,0),(10936,'',55,5339,41,NULL,'1250000000',NULL,'0',NULL,600,NULL,2,NULL,'traffic_out',NULL,0),(10935,'',54,5339,41,NULL,'1250000000',NULL,'0',NULL,600,NULL,2,NULL,'traffic_in',NULL,0),(10591,'',55,5155,41,NULL,'1000000000',NULL,'0',NULL,600,NULL,2,NULL,'traffic_out',NULL,0),(10592,'',54,5156,41,NULL,'1000000000',NULL,'0',NULL,600,NULL,2,NULL,'traffic_in',NULL,0),(10593,'',55,5156,41,NULL,'1000000000',NULL,'0',NULL,600,NULL,2,NULL,'traffic_out',NULL,0),(10594,'',54,5157,41,NULL,'1000000000',NULL,'0',NULL,600,NULL,2,NULL,'traffic_in',NULL,0),(10595,'',55,5157,41,NULL,'1000000000',NULL,'0',NULL,600,NULL,2,NULL,'traffic_out',NULL,0),(10596,'',54,5158,41,NULL,'1000000000',NULL,'0',NULL,600,NULL,2,NULL,'traffic_in',NULL,0),(10597,'',55,5158,41,NULL,'1000000000',NULL,'0',NULL,600,NULL,2,NULL,'traffic_out',NULL,0),(10598,'',54,5159,41,NULL,'1000000000',NULL,'0',NULL,600,NULL,2,NULL,'traffic_in',NULL,0),(10599,'',55,5159,41,NULL,'1000000000',NULL,'0',NULL,600,NULL,2,NULL,'traffic_out',NULL,0),(10600,'',54,5160,41,NULL,'1000000000',NULL,'0',NULL,600,NULL,2,NULL,'traffic_in',NULL,0),(10601,'',55,5160,41,NULL,'1000000000',NULL,'0',NULL,600,NULL,2,NULL,'traffic_out',NULL,0),(10602,'',54,5161,41,NULL,'1000000000',NULL,'0',NULL,600,NULL,2,NULL,'traffic_in',NULL,0),(10603,'',55,5161,41,NULL,'1000000000',NULL,'0',NULL,600,NULL,2,NULL,'traffic_out',NULL,0),(10604,'',54,5162,41,NULL,'1000000000',NULL,'0',NULL,600,NULL,2,NULL,'traffic_in',NULL,0),(10605,'',55,5162,41,NULL,'1000000000',NULL,'0',NULL,600,NULL,2,NULL,'traffic_out',NULL,0),(10606,'',54,5163,41,NULL,'1000000000',NULL,'0',NULL,600,NULL,2,NULL,'traffic_in',NULL,0),(10607,'',55,5163,41,NULL,'1000000000',NULL,'0',NULL,600,NULL,2,NULL,'traffic_out',NULL,0),(10608,'',54,5164,41,NULL,'1000000000',NULL,'0',NULL,600,NULL,2,NULL,'traffic_in',NULL,0),(10609,'',55,5164,41,NULL,'1000000000',NULL,'0',NULL,600,NULL,2,NULL,'traffic_out',NULL,0),(10610,'',54,5165,41,NULL,'1000000000',NULL,'0',NULL,600,NULL,2,NULL,'traffic_in',NULL,0),(10611,'',55,5165,41,NULL,'1000000000',NULL,'0',NULL,600,NULL,2,NULL,'traffic_out',NULL,0),(10612,'',54,5166,41,NULL,'0',NULL,'0',NULL,600,NULL,2,NULL,'traffic_in',NULL,0),(10613,'',55,5166,41,NULL,'0',NULL,'0',NULL,600,NULL,2,NULL,'traffic_out',NULL,0),(10614,'',54,5167,41,NULL,'1000000000',NULL,'0',NULL,600,NULL,2,NULL,'traffic_in',NULL,0),(10615,'',55,5167,41,NULL,'1000000000',NULL,'0',NULL,600,NULL,2,NULL,'traffic_out',NULL,0),(10892,'',54,5313,41,NULL,'1000000000',NULL,'0',NULL,600,NULL,2,NULL,'traffic_in',NULL,0),(10893,'',55,5313,41,NULL,'1000000000',NULL,'0',NULL,600,NULL,2,NULL,'traffic_out',NULL,0),(10894,'',54,5314,41,NULL,'1000000000',NULL,'0',NULL,600,NULL,2,NULL,'traffic_in',NULL,0),(10895,'',55,5314,41,NULL,'1000000000',NULL,'0',NULL,600,NULL,2,NULL,'traffic_out',NULL,0),(10934,'',55,5338,41,NULL,'1250000000',NULL,'0',NULL,600,NULL,2,NULL,'traffic_out',NULL,0),(10933,'',54,5338,41,NULL,'1250000000',NULL,'0',NULL,600,NULL,2,NULL,'traffic_in',NULL,0),(10932,'',37,5337,34,NULL,'10000000',NULL,'0',NULL,600,NULL,1,NULL,'mem_free',NULL,0),(10931,'',95,5336,47,NULL,'10000000',NULL,'0',NULL,600,NULL,1,NULL,'mem_cache',NULL,0),(10930,'',36,5335,33,NULL,'10000000',NULL,'0',NULL,600,NULL,1,NULL,'mem_buffers',NULL,0),(10929,'',34,5334,31,NULL,'500',NULL,'0',NULL,600,NULL,1,NULL,'load_5min',NULL,0),(10928,'',35,5333,32,NULL,'500',NULL,'0',NULL,600,NULL,1,NULL,'load_15min',NULL,0),(10927,'',33,5332,30,NULL,'500',NULL,'0',NULL,600,NULL,1,NULL,'load_1min',NULL,0),(10923,'',55,5328,41,NULL,'1000000000',NULL,'0',NULL,600,NULL,2,NULL,'traffic_out',NULL,0),(10922,'',54,5328,41,NULL,'1000000000',NULL,'0',NULL,600,NULL,2,NULL,'traffic_in',NULL,0),(11197,'',6828,5470,61,NULL,'100',NULL,'0',NULL,600,NULL,1,NULL,'extreme_cpu_util',NULL,0),(11198,'',6829,5471,62,NULL,'100',NULL,'0',NULL,600,NULL,1,NULL,'extreme_intTemp',NULL,0),(11199,'',6828,5472,61,NULL,'100',NULL,'0',NULL,600,NULL,1,NULL,'extreme_cpu_util',NULL,0),(11200,'',6829,5473,62,NULL,'100',NULL,'0',NULL,600,NULL,1,NULL,'extreme_intTemp',NULL,0),(11201,'',30,5474,27,NULL,'100',NULL,'0',NULL,600,NULL,1,NULL,'5min_cpu',NULL,0),(11202,'',5850,5475,57,NULL,'0',NULL,'0',NULL,600,NULL,1,NULL,'icmp_unreplied',NULL,58),(11203,'',5851,5475,57,NULL,'0',NULL,'0',NULL,600,NULL,1,NULL,'icmp_half_assured',NULL,57),(11204,'',5852,5475,57,NULL,'0',NULL,'0',NULL,600,NULL,1,NULL,'icmp_total',NULL,59),(11205,'',5853,5476,58,NULL,'0',NULL,'0',NULL,600,NULL,1,NULL,'tot_unreplied',NULL,90),(11206,'',5854,5476,58,NULL,'0',NULL,'0',NULL,600,NULL,1,NULL,'tcp_total',NULL,73),(11207,'',5855,5476,58,NULL,'0',NULL,'0',NULL,600,NULL,1,NULL,'igmp_half_assured',NULL,81),(11208,'',5856,5476,58,NULL,'0',NULL,'0',NULL,600,NULL,1,NULL,'udp_unreplied',NULL,76),(11209,'',5857,5476,58,NULL,'0',NULL,'0',NULL,600,NULL,1,NULL,'udp_half_assured',NULL,75),(11210,'',5858,5476,58,NULL,'0',NULL,'0',NULL,600,NULL,1,NULL,'udp_assured',NULL,74),(11211,'',5859,5476,58,NULL,'0',NULL,'0',NULL,600,NULL,1,NULL,'tcp_unreplied',NULL,72),(11212,'',5860,5476,58,NULL,'0',NULL,'0',NULL,600,NULL,1,NULL,'tcp_half_assured',NULL,71),(11213,'',5861,5476,58,NULL,'0',NULL,'0',NULL,600,NULL,1,NULL,'tcp_assured',NULL,70),(11214,'',5862,5476,58,NULL,'0',NULL,'0',NULL,600,NULL,1,NULL,'icmp_unreplied',NULL,80),(11215,'',5863,5476,58,NULL,'0',NULL,'0',NULL,600,NULL,1,NULL,'icmp_half_assured',NULL,79),(11216,'',5864,5476,58,NULL,'0',NULL,'0',NULL,600,NULL,1,NULL,'total',NULL,91),(11217,'',5865,5476,58,NULL,'0',NULL,'0',NULL,600,NULL,1,NULL,'udp_total',NULL,77),(11218,'',5866,5476,58,NULL,'0',NULL,'0',NULL,600,NULL,1,NULL,'tot_half_assured',NULL,89),(11219,'',5867,5476,58,NULL,'0',NULL,'0',NULL,600,NULL,1,NULL,'tot_assured',NULL,88),(11220,'',5868,5476,58,NULL,'0',NULL,'0',NULL,600,NULL,1,NULL,'icmp_total',NULL,78),(11221,'',5869,5476,58,NULL,'0',NULL,'0',NULL,600,NULL,1,NULL,'igmp_total',NULL,83),(11222,'',5870,5476,58,NULL,'0',NULL,'0',NULL,600,NULL,1,NULL,'igmp_unreplied',NULL,82),(11223,'',5871,5476,58,NULL,'0',NULL,'0',NULL,600,NULL,1,NULL,'other_assured',NULL,84),(11224,'',5872,5476,58,NULL,'0',NULL,'0',NULL,600,NULL,1,NULL,'other_half_assured',NULL,85),(11225,'',5873,5476,58,NULL,'0',NULL,'0',NULL,600,NULL,1,NULL,'other_unreplied',NULL,86),(11226,'',5874,5476,58,NULL,'0',NULL,'0',NULL,600,NULL,1,NULL,'other_total',NULL,87),(11227,'',21,5477,18,NULL,'5000',NULL,'0',NULL,600,NULL,1,NULL,'ping',NULL,30),(11250,'',54,5489,41,NULL,'100000000',NULL,'0',NULL,600,NULL,2,NULL,'traffic_in',NULL,0),(11251,'',55,5489,41,NULL,'100000000',NULL,'0',NULL,600,NULL,2,NULL,'traffic_out',NULL,0);

--
-- Table structure for table `gpsmap_templates`
--

CREATE TABLE `gpsmap_templates` (
  `templateID` int(11) DEFAULT NULL,
  `templateName` varchar(100) DEFAULT NULL,
  `upimage` varchar(255) DEFAULT NULL,
  `recoverimage` varchar(255) DEFAULT NULL,
  `downimage` varchar(255) DEFAULT NULL,
  `AP` int(1) DEFAULT NULL
) ENGINE=MyISAM DEFAULT CHARSET=latin1 COMMENT='GPSMap icon template';

--
-- Dumping data for table `gpsmap_templates`
--


--
-- Table structure for table `graph_local`
--

CREATE TABLE `graph_local` (
  `id` mediumint(8) unsigned NOT NULL AUTO_INCREMENT,
  `graph_template_id` mediumint(8) unsigned NOT NULL DEFAULT '0',
  `host_id` mediumint(8) unsigned NOT NULL DEFAULT '0',
  `snmp_query_id` mediumint(8) NOT NULL DEFAULT '0',
  `snmp_index` varchar(255) NOT NULL DEFAULT '',
  PRIMARY KEY (`id`),
  KEY `host_id` (`host_id`),
  KEY `graph_template_id` (`graph_template_id`),
  KEY `snmp_query_id` (`snmp_query_id`),
  KEY `snmp_index` (`snmp_index`)
) ENGINE=MyISAM AUTO_INCREMENT=5538 DEFAULT CHARSET=latin1 COMMENT='Creates a relationship for each item in a custom graph.';

--
-- Dumping data for table `graph_local`
--

INSERT INTO `graph_local` VALUES (5206,2,210,1,'3025'),(5322,4,383,0,''),(2233,2,91,1,'2'),(2234,2,91,1,'3'),(2235,27,91,9,'0'),(2236,27,91,9,'1'),(2247,22,91,1,'2'),(2248,22,91,1,'3'),(5475,2,407,1,'2'),(5298,2,153,1,'7'),(5300,2,153,1,'1001'),(5301,2,153,1,'26'),(5469,2,384,1,'5'),(5476,2,412,1,'1'),(5145,2,259,1,'1009'),(5144,2,259,1,'1008'),(5143,2,259,1,'1007'),(5142,2,259,1,'1006'),(5141,2,259,1,'1005'),(5140,2,259,1,'1004'),(5139,2,259,1,'1003'),(5138,2,259,1,'1002'),(5137,2,259,1,'1001'),(5323,11,383,0,''),(5146,2,259,1,'1010'),(5147,2,259,1,'1011'),(5148,2,259,1,'1012'),(5149,2,259,1,'1013'),(5150,2,259,1,'1014'),(5151,2,259,1,'1015'),(5152,2,259,1,'1016'),(5153,2,259,1,'1017'),(5154,2,259,1,'1018'),(5155,2,259,1,'1019'),(5156,2,259,1,'1020'),(5157,2,259,1,'1021'),(5158,2,259,1,'1022'),(5159,2,259,1,'1023'),(5160,2,259,1,'1024'),(5306,2,367,1,'28'),(5307,2,369,1,'28'),(5326,2,383,1,'5'),(5325,2,383,1,'7'),(5324,13,383,0,''),(5321,2,375,1,'28'),(5457,47,196,0,''),(5458,48,196,0,''),(5459,47,210,0,''),(5460,48,210,0,''),(5461,18,210,0,''),(5462,43,210,0,''),(5463,44,210,0,''),(5464,7,284,0,'');

--
-- Table structure for table `graph_template_input`
--

CREATE TABLE `graph_template_input` (
  `id` mediumint(8) unsigned NOT NULL AUTO_INCREMENT,
  `hash` varchar(32) NOT NULL DEFAULT '',
  `graph_template_id` mediumint(8) unsigned NOT NULL DEFAULT '0',
  `name` varchar(255) NOT NULL DEFAULT '',
  `description` text,
  `column_name` varchar(50) NOT NULL DEFAULT '',
  PRIMARY KEY (`id`)
) ENGINE=MyISAM AUTO_INCREMENT=145 DEFAULT CHARSET=latin1 COMMENT='Stores the names for graph item input groups.';

--
-- Dumping data for table `graph_template_input`
--

INSERT INTO `graph_template_input` VALUES (3,'e9d4191277fdfd7d54171f153da57fb0',2,'Inbound Data Source','','task_item_id'),(4,'7b361722a11a03238ee8ab7ce44a1037',2,'Outbound Data Source','','task_item_id'),(5,'b33eb27833614056e06ee5952c3e0724',3,'Available Disk Space Data Source','','task_item_id'),(6,'ef8799e63ee00e8904bcc4228015784a',3,'Used Disk Space Data Source','','task_item_id'),(7,'2662ef4fbb0bf92317ffd42c7515af37',5,'Signal Level Data Source','','task_item_id'),(8,'a6edef6624c796d3a6055305e2e3d4bf',5,'Noise Level Data Source','','task_item_id'),(9,'b0e902db1875e392a9d7d69bfbb13515',5,'Signal Level Color','','color_id'),(10,'24632b1d4a561e937225d0a5fbe65e41',5,'Noise Level Color','','color_id'),(11,'6d078f1d58b70ad154a89eb80fe6ab75',6,'Transmissions Data Source','','task_item_id'),(12,'878241872dd81c68d78e6ff94871d97d',6,'Re-Transmissions Data Source','','task_item_id'),(13,'f8fcdc3a3f0e8ead33bd9751895a3462',6,'Transmissions Color','','color_id'),(14,'394ab4713a34198dddb5175aa40a2b4a',6,'Re-Transmissions Color','','color_id'),(15,'433f328369f9569446ddc59555a63eb8',7,'Ping Host Data Source','','task_item_id'),(16,'a1a91c1514c65152d8cb73522ea9d4e6',7,'Legend Color','','color_id'),(17,'2fb4deb1448379b27ddc64e30e70dc42',7,'Legend Text','','text_format'),(18,'592cedd465877bc61ab549df688b0b2a',8,'Processes Data Source','','task_item_id'),(19,'1d51dbabb200fcea5c4b157129a75410',8,'Legend Color','','color_id'),(20,'8cb8ed3378abec21a1819ea52dfee6a3',9,'1 Minute Data Source','','task_item_id'),(21,'5dfcaf9fd771deb8c5430bce1562e371',9,'5 Minute Data Source','','task_item_id'),(22,'6f3cc610315ee58bc8e0b1f272466324',9,'15 Minute Data Source','','task_item_id'),(23,'b457a982bf46c6760e6ef5f5d06d41fb',10,'Logged in Users Data Source','','task_item_id'),(24,'bd4a57adf93c884815b25a8036b67f98',10,'Legend Color','','color_id'),(25,'d7cdb63500c576e0f9f354de42c6cf3a',11,'1 Minute Data Source','','task_item_id'),(26,'a23152f5ec02e7762ca27608c0d89f6c',11,'5 Minute Data Source','','task_item_id'),(27,'2cc5d1818da577fba15115aa18f64d85',11,'15 Minute Data Source','','task_item_id'),(30,'6273c71cdb7ed4ac525cdbcf6180918c',12,'Free Data Source','','task_item_id'),(31,'5e62dbea1db699f1bda04c5863e7864d',12,'Swap Data Source','','task_item_id'),(32,'4d52e112a836d4c9d451f56602682606',4,'System CPU Data Source','','task_item_id'),(33,'f0310b066cc919d2f898b8d1ebf3b518',4,'User CPU Data Source','','task_item_id'),(34,'d9eb6b9eb3d7dd44fd14fdefb4096b54',4,'Nice CPU Data Source','','task_item_id'),(35,'f45def7cad112b450667aa67262258cb',13,'Memory Free Data Source','','task_item_id'),(36,'f8c361a8c8b7ad80e8be03ba7ea5d0d6',13,'Memory Buffers Data Source','','task_item_id'),(37,'03d11dce695963be30bd744bd6cbac69',14,'Cache Hits Data Source','','task_item_id'),(38,'9cbc515234779af4bf6cdf71a81c556a',14,'Cache Checks Data Source','','task_item_id'),(39,'2c4d561ee8132a8dda6de1104336a6ec',15,'CPU Utilization Data Source','','task_item_id'),(40,'6e1cf7addc0cc419aa903552e3eedbea',16,'File System Reads Data Source','','task_item_id'),(41,'7ea2aa0656f7064d25a36135dd0e9082',16,'File System Writes Data Source','','task_item_id'),(42,'63480bca78a38435f24a5b5d5ed050d7',17,'Current Logins Data Source','','task_item_id'),(44,'31fed1f9e139d4897d0460b10fb7be94',15,'Legend Color','','color_id'),(45,'bb9d83a02261583bc1f92d9e66ea705d',18,'CPU Usage Data Source','','task_item_id'),(46,'51196222ed37b44236d9958116028980',18,'Legend Color','','color_id'),(47,'fd26b0f437b75715d6dff983e7efa710',19,'Free Space Data Source','','task_item_id'),(48,'a463dd46862605c90ea60ccad74188db',19,'Total Space Data Source','','task_item_id'),(49,'9977dd7a41bcf0f0c02872b442c7492e',19,'Freeable Space Data Source','','task_item_id'),(51,'a7a69bbdf6890d6e6eaa7de16e815ec6',20,'Used Directory Entries Data Source','','task_item_id'),(52,'0072b613a33f1fae5ce3e5903dec8fdb',20,'Available Directory Entries Data Source','','task_item_id'),(53,'940beb0f0344e37f4c6cdfc17d2060bc',21,'Available Disk Space Data Source','','task_item_id'),(54,'7b0674dd447a9badf0d11bec688028a8',21,'Used Disk Space Data Source','','task_item_id'),(55,'fa83cd3a3b4271b644cb6459ea8c35dc',22,'Discards In Data Source','','task_item_id'),(56,'7946e8ee1e38a65462b85e31a15e35e5',22,'Errors In Data Source','','task_item_id'),(57,'00ae916640272f5aca54d73ae34c326b',23,'Unicast Packets Out Data Source','','task_item_id'),(58,'1bc1652f82488ebfb7242c65d2ffa9c7',23,'Unicast Packets In Data Source','','task_item_id'),(59,'e3177d0e56278de320db203f32fb803d',24,'Non-Unicast Packets In Data Source','','task_item_id'),(60,'4f20fba2839764707f1c3373648c5fef',24,'Non-Unicast Packets Out Data Source','','task_item_id'),(61,'e5acdd5368137c408d56ecf55b0e077c',22,'Discards Out Data Source','','task_item_id'),(62,'a028e586e5fae667127c655fe0ac67f0',22,'Errors Out Data Source','','task_item_id'),(63,'2764a4f142ba9fd95872106a1b43541e',25,'Inbound Data Source','','task_item_id'),(64,'f73f7ddc1f4349356908122093dbfca2',25,'Outbound Data Source','','task_item_id'),(65,'86bd8819d830a81d64267761e1fd8ec4',26,'Total Disk Space Data Source','','task_item_id'),(66,'6c8967850102202de166951e4411d426',26,'Used Disk Space Data Source','','task_item_id'),(67,'bdad718851a52b82eca0a310b0238450',27,'CPU Utilization Data Source','','task_item_id'),(68,'e7b578e12eb8a82627557b955fd6ebd4',27,'Legend Color','','color_id'),(69,'37d09fb7ce88ecec914728bdb20027f3',28,'Logged in Users Data Source','','task_item_id'),(70,'699bd7eff7ba0c3520db3692103a053d',28,'Legend Color','','color_id'),(71,'df905e159d13a5abed8a8a7710468831',29,'Processes Data Source','','task_item_id'),(72,'8ca9e3c65c080dbf74a59338d64b0c14',29,'Legend Color','','color_id'),(73,'69ad68fc53af03565aef501ed5f04744',30,'Open Files Data Source','','task_item_id'),(74,'562726cccdb67d5c6941e9e826ef4ef5',31,'Inbound Data Source','','task_item_id'),(75,'82426afec226f8189c8928e7f083f80f',31,'Outbound Data Source','','task_item_id'),(76,'69a23877302e7d142f254b208c58b596',32,'Inbound Data Source','','task_item_id'),(77,'f28013abf8e5813870df0f4111a5e695',32,'Outbound Data Source','','task_item_id'),(78,'8644b933b6a09dde6c32ff24655eeb9a',33,'Outbound Data Source','','task_item_id'),(79,'49c4b4800f3e638a6f6bb681919aea80',33,'Inbound Data Source','','task_item_id'),(80,'e0b395be8db4f7b938d16df7ae70065f',13,'Cache Memory Data Source','','task_item_id'),(81,'2dca37011521501b9c2b705d080db750',34,'Data Source [snmp_oid]',NULL,'task_item_id'),(82,'b8d8ade5f5f3dd7b12f8cc56bbb4083e',34,'Legend Color','','color_id'),(83,'ac2355b4895c37e14df827f969f31c12',34,'Legend Text','','text_format'),(84,'1c08bfa564e5709ed1162327e471e8ec',35,'Data Source [cisco_up_Uncorrectable]','','task_item_id'),(85,'da9ed902a5a8ae52e719ecc766a3cbee',35,'Data Source [cisco_up_Correcteds]','','task_item_id'),(86,'98a7452086dddf2c4eb14ef9047c2378',35,'Data Source [cisco_up_Unerroreds]','','task_item_id'),(87,'ce9eace7d2ed93418dbdbb0af47e032a',35,'Data Source [cisco_up_snr_fec]','','task_item_id'),(88,'ca9270c986d66d1e3769b1f9630ae523',36,'Data Source [cisco_locIfLoad]','','task_item_id'),(89,'105907641155c02f353505e12cdaa08a',36,'Data Source [cisco_locIfReliab]','','task_item_id'),(90,'442dfd18eaf6505ea61124f82a9ed120',37,'Data Source [cisco_mod_ups_reg]','','task_item_id'),(91,'31ceee4844eb6ee05c8ebe701ebadac0',37,'Data Source [cisco_mod_ups_total]','','task_item_id'),(92,'f26c31de741fa1f03dc95c1359d0704e',38,'Data Source [cisco_ups_min_ugs]','','task_item_id'),(93,'19db7e742f454d1f2fcb7380290c7253',38,'Data Source [cisco_ups_avg_ugs]','','task_item_id'),(94,'2dd5497545635b627c3ee0cbabc4ad4e',38,'Data Source [cisco_ups_max_ugs]','','task_item_id'),(95,'acdea242c85dfc15bd585caadca52633',39,'Data Source [cisco_ups_snr]','','task_item_id'),(96,'736b1725f3ff90652b1f1dc38655c053',40,'Data Source [cisco_ups_minislots]','','task_item_id'),(97,'ac3455aae2477231b4ea759969651f65',40,'Data Source [cisco_ups_util]','','task_item_id'),(98,'c0c1794fe098d039a92d8b407ece80ba',41,'Data Source [disk_bytes_read]','','task_item_id'),(99,'091fb8d484689ddc617ee1333fbfed2d',41,'Data Source [disk_bytes_written]','','task_item_id'),(100,'d50b6145c36fb127ca6c23d4bbd3177f',42,'Data Source [disk_read_trans]','','task_item_id'),(101,'69776f99edc3dd8dd748f07c2226088c',42,'Data Source [disk_write_trans]','','task_item_id'),(102,'19700cb3c002e9a8a923eb32142c35db',43,'Data Source [icmp_unreplied]','','task_item_id'),(103,'4f4b0ed92a0397e2535d18f9111b9798',43,'Data Source [icmp_half_assured]','','task_item_id'),(104,'d74fdefa095ef9792f06a93968256a91',43,'Data Source [icmp_total]','','task_item_id'),(105,'21aebf66c3521d4add3013e065523f56',44,'Data Source [other_unreplied]','','task_item_id'),(106,'42fb94c58362d9df1adeacbbae0f73c2',44,'Data Source [tot_half_assured]','','task_item_id'),(107,'851bd7b19a4749ef4e35d4f09ac11e9e',44,'Data Source [tcp_unreplied]','','task_item_id'),(108,'92af66b3ada3233f301654c650960436',44,'Data Source [tot_unreplied]','','task_item_id'),(109,'5b86416eda5f205cf203741507993484',44,'Data Source [udp_unreplied]','','task_item_id'),(110,'632cd856faebe951aaccf0f9293ff862',44,'Data Source [icmp_unreplied]','','task_item_id'),(111,'bf918c0822c4b2c00cb7b2e81456346f',44,'Data Source [igmp_unreplied]','','task_item_id'),(112,'1bdbc4c8cb6036ad0107c18ddcaa0886',44,'Data Source [tcp_half_assured]','','task_item_id'),(113,'3f7c216d5fe1adf6d652c6e52b84e372',44,'Data Source [udp_total]','','task_item_id'),(114,'0894f28ca18c59a0785d0a0342cc4472',44,'Data Source [icmp_total]','','task_item_id'),(115,'c74d21357b44d315ce1ef1dd3c1d3ede',44,'Data Source [igmp_total]','','task_item_id'),(116,'b7a0bd19a5a95b9fe71debfd367dff9c',44,'Data Source [other_total]','','task_item_id'),(117,'53cc95c042eef07ede40acb7490d6ad2',44,'Data Source [udp_half_assured]','','task_item_id'),(118,'4c9e5f0257add25ed4c8704f099bef79',44,'Data Source [total]','','task_item_id'),(119,'a4e48d97e41310636ee7b9f6e9731e16',44,'Data Source [tcp_total]','','task_item_id'),(120,'8e131d459b42f60480e918463c372883',44,'Data Source [icmp_half_assured]','','task_item_id'),(121,'69794cfb5f1a222b93fe61df1e1535f0',44,'Data Source [igmp_half_assured]','','task_item_id'),(122,'c470a6a9a4a75e79578f7cc10e8a45b7',44,'Data Source [other_half_assured]','','task_item_id'),(123,'d95d01526d0605c2f3788f6c49e37b05',44,'Data Source [tcp_assured]','','task_item_id'),(124,'3b5b1232c4038c8adbd8987cf0efd4d5',44,'Data Source [udp_assured]','','task_item_id'),(125,'43e67183ebca15018363b4de8f6cb519',44,'Data Source [other_assured]','','task_item_id'),(126,'1049ba343ac2e8c04744ab7d5a54ca42',44,'Data Source [tot_assured]','','task_item_id'),(127,'6b639702bda77665e8862abd8c5be6c0',45,'Data Source [tcp_established]','','task_item_id'),(128,'301fbe2419d84d7fc14f5dceb6ec0206',45,'Data Source [tcp_timewait]','','task_item_id'),(129,'266597594d8c287c50353b00995190a0',45,'Data Source [tcp_synsent]','','task_item_id'),(130,'11895886d4025fee7c4c465a1ff2a71d',45,'Data Source [tcp_synrecv]','','task_item_id'),(131,'185dde4d974529373a2c7166ce8492f0',45,'Data Source [tcp_closewait]','','task_item_id'),(132,'2bf0c3fb549655e5f54d5d05553d3601',45,'Data Source [tcp_finwait]','','task_item_id'),(133,'bc0601f335352fa925a492d6e3350b63',45,'Data Source [tcp_close]','','task_item_id'),(134,'97926e0e324c80842b02ecb3add2f475',45,'Data Source [tcp_lastack]','','task_item_id'),(135,'6d2691c5e30d013261e76377ce2d7209',45,'Data Source [tcp_total]','','task_item_id'),(136,'f8476749cfbef027667c2e6026056d74',45,'Data Source [tcp_unreplied]','','task_item_id'),(137,'9f935a1f583a67f25558f024b04c8931',45,'Data Source [tcp_half_assured]','','task_item_id'),(138,'c41417a8d8e9d00db27a417c933d8f82',45,'Data Source [tcp_assured]','','task_item_id'),(139,'e096b68e4dffeafb51e58fac2c444927',46,'Data Source [udp_unreplied]','','task_item_id'),(140,'d212fd2a7f1cb4f00867a3de7fda16bc',46,'Data Source [udp_half_assured]','','task_item_id'),(141,'d996e7ef2a68ff75226fe3025c2c4748',46,'Data Source [udp_assured]','','task_item_id'),(142,'1583745ffa3fab0e094534ff2d3880e2',46,'Data Source [udp_total]','','task_item_id'),(143,'340fa6733effb3dcc464dd7689b43bfe',47,'Data Source [extreme_cpu_util]','','task_item_id'),(144,'754c8eff84f115fca8fd755d31a4dc08',48,'Data Source [extreme_intTemp]','','task_item_id');

--
-- Table structure for table `graph_template_input_defs`
--

CREATE TABLE `graph_template_input_defs` (
  `graph_template_input_id` mediumint(8) unsigned NOT NULL DEFAULT '0',
  `graph_template_item_id` int(12) unsigned NOT NULL DEFAULT '0',
  PRIMARY KEY (`graph_template_input_id`,`graph_template_item_id`),
  KEY `graph_template_input_id` (`graph_template_input_id`)
) ENGINE=MyISAM DEFAULT CHARSET=latin1 COMMENT='Stores the relationship for what graph iitems are associated';

--
-- Dumping data for table `graph_template_input_defs`
--

INSERT INTO `graph_template_input_defs` VALUES (3,9),(3,10),(3,11),(3,12),(4,13),(4,14),(4,15),(4,16),(5,21),(5,22),(5,23),(5,24),(6,17),(6,18),(6,19),(6,20),(7,45),(7,46),(7,47),(7,48),(8,49),(8,50),(8,51),(8,52),(9,45),(10,49),(11,53),(11,54),(11,55),(11,56),(12,57),(12,58),(12,59),(12,60),(13,53),(14,57),(15,61),(15,62),(15,63),(15,64),(16,61),(17,61),(18,65),(18,66),(18,67),(18,68),(19,65),(20,69),(20,70),(21,71),(21,72),(22,73),(22,74),(23,76),(23,77),(23,78),(23,79),(24,76),(25,80),(25,81),(26,82),(26,83),(27,84),(27,85),(30,95),(30,96),(30,97),(30,98),(31,99),(31,100),(31,101),(31,102),(32,29),(32,30),(32,31),(32,32),(33,33),(33,34),(33,35),(33,36),(34,37),(34,38),(34,39),(34,40),(35,103),(35,104),(35,105),(35,106),(36,107),(36,108),(36,109),(36,110),(37,111),(37,112),(37,113),(37,114),(38,115),(38,116),(38,117),(38,118),(39,119),(39,120),(39,121),(39,122),(40,123),(40,124),(40,125),(40,126),(41,127),(41,128),(41,129),(41,130),(42,131),(42,132),(42,133),(42,134),(44,119),(45,139),(45,140),(45,141),(45,142),(46,139),(47,143),(47,144),(47,145),(47,146),(48,147),(48,148),(48,149),(48,150),(49,151),(49,152),(49,153),(49,154),(51,159),(51,160),(51,161),(51,162),(52,163),(52,164),(52,165),(52,166),(53,172),(53,173),(53,174),(53,175),(54,167),(54,169),(54,170),(54,171),(55,180),(55,181),(55,182),(55,183),(56,184),(56,185),(56,186),(56,187),(57,188),(57,189),(57,190),(57,191),(58,192),(58,193),(58,194),(58,195),(59,196),(59,197),(59,198),(59,199),(60,200),(60,201),(60,202),(60,203),(61,204),(61,205),(61,206),(61,207),(62,208),(62,209),(62,210),(62,211),(63,212),(63,213),(63,214),(63,215),(64,216),(64,217),(64,218),(64,219),(65,307),(65,308),(65,309),(65,310),(66,303),(66,304),(66,305),(66,306),(67,315),(67,316),(67,317),(67,318),(68,315),(69,319),(69,320),(69,321),(69,322),(70,319),(71,323),(71,324),(71,325),(71,326),(72,323),(73,358),(73,359),(73,360),(73,361),(74,362),(74,363),(74,364),(74,365),(75,366),(75,367),(75,368),(75,369),(75,371),(75,372),(76,373),(76,374),(76,375),(76,376),(76,383),(77,377),(77,378),(77,379),(77,380),(77,384),(78,385),(78,386),(78,387),(78,388),(78,393),(79,389),(79,390),(79,391),(79,392),(79,394),(80,403),(80,404),(80,405),(80,406),(81,407),(81,408),(81,409),(81,410),(82,407),(83,407),(84,1611),(84,1612),(84,1613),(84,1614),(85,1607),(85,1608),(85,1609),(85,1610),(86,1603),(86,1604),(86,1605),(86,1606),(87,1627),(87,1628),(88,1631),(88,1632),(88,1633),(88,1634),(89,1629),(89,1630),(90,1636),(90,1637),(90,1638),(90,1639),(91,1640),(91,1641),(91,1642),(91,1643),(92,1652),(92,1653),(92,1654),(92,1655),(93,1648),(93,1649),(93,1650),(93,1651),(94,1644),(94,1645),(94,1646),(94,1647),(95,1656),(95,1657),(95,1658),(95,1659),(95,1660),(96,1665),(96,1666),(96,1667),(96,1668),(96,1669),(97,1661),(97,1662),(97,1663),(97,1664),(98,17168),(98,17169),(98,17170),(98,17171),(98,17172),(99,17173),(99,17174),(99,17175),(99,17176),(99,17177),(100,17178),(100,17179),(100,17180),(100,17181),(100,17182),(101,17183),(101,17184),(101,17185),(101,17186),(101,17187),(102,24179),(102,24180),(102,24181),(102,24182),(102,24193),(103,24183),(103,24184),(103,24185),(103,24186),(104,24188),(104,24189),(104,24190),(104,24191),(105,24237),(105,24238),(105,24239),(105,24240),(106,24267),(106,24268),(106,24269),(107,24221),(107,24222),(107,24223),(107,24224),(108,24241),(108,24242),(108,24243),(108,24244),(108,24289),(109,24225),(109,24226),(109,24227),(109,24228),(110,24229),(110,24230),(110,24231),(110,24232),(111,24233),(111,24234),(111,24235),(111,24236),(112,24246),(112,24247),(112,24248),(112,24249),(113,24199),(113,24200),(113,24201),(113,24202),(114,24203),(114,24204),(114,24205),(114,24206),(115,24207),(115,24208),(115,24209),(115,24210),(116,24211),(116,24212),(116,24213),(116,24214),(117,24250),(117,24251),(117,24252),(117,24253),(118,24216),(118,24217),(118,24218),(118,24219),(118,24290),(119,24195),(119,24196),(119,24197),(119,24198),(119,24288),(120,24254),(120,24255),(120,24256),(120,24257),(121,24258),(121,24259),(121,24260),(121,24261),(122,24262),(122,24263),(122,24264),(122,24265),(123,24271),(123,24272),(123,24273),(123,24274),(124,24275),(124,24276),(124,24277),(124,24278),(125,24279),(125,24280),(125,24281),(125,24282),(126,24284),(126,24285),(126,24286),(127,24292),(127,24293),(127,24294),(127,24295),(127,24343),(128,24296),(128,24297),(128,24298),(128,24299),(129,24300),(129,24301),(129,24302),(129,24303),(130,24304),(130,24305),(130,24306),(130,24307),(131,24308),(131,24309),(131,24310),(131,24311),(132,24312),(132,24313),(132,24314),(132,24315),(133,24316),(133,24317),(133,24318),(133,24319),(134,24320),(134,24321),(134,24322),(134,24323),(135,24325),(135,24326),(135,24327),(135,24328),(135,24329),(136,24331),(136,24332),(136,24333),(137,24334),(137,24335),(137,24336),(137,24337),(138,24339),(138,24340),(138,24341),(139,24345),(139,24346),(139,24347),(139,24348),(139,24363),(140,24349),(140,24350),(140,24351),(140,24352),(141,24353),(141,24354),(141,24355),(141,24356),(142,24358),(142,24359),(142,24360),(142,24361),(143,28134),(143,28135),(143,28136),(144,28137),(144,28138),(144,28139);

--
-- Table structure for table `graph_templates`
--

CREATE TABLE `graph_templates` (
  `id` mediumint(8) unsigned NOT NULL AUTO_INCREMENT,
  `hash` char(32) NOT NULL DEFAULT '',
  `name` char(255) NOT NULL DEFAULT '',
  PRIMARY KEY (`id`),
  KEY `name` (`name`)
) ENGINE=MyISAM AUTO_INCREMENT=50 DEFAULT CHARSET=latin1 COMMENT='Contains each graph template name.';

--
-- Dumping data for table `graph_templates`
--

INSERT INTO `graph_templates` VALUES (34,'010b90500e1fc6a05abfd542940584d0','SNMP - Generic OID Template'),(2,'5deb0d66c81262843dce5f3861be9966','Interface - Traffic (bits/sec)'),(3,'abb5e813c9f1e8cd6fc1e393092ef8cb','ucd/net - Available Disk Space'),(4,'e334bdcf821cd27270a4cc945e80915e','ucd/net - CPU Usage'),(5,'280e38336d77acde4672879a7db823f3','Karlnet - Wireless Levels'),(6,'3109d88e6806d2ce50c025541b542499','Karlnet - Wireless Transmissions'),(7,'cf96dfb22b58e08bf101ca825377fa4b','Unix - Ping Latency'),(8,'9fe8b4da353689d376b99b2ea526cc6b','Unix - Processes'),(9,'fe5edd777a76d48fc48c11aded5211ef','Unix - Load Average'),(10,'63610139d44d52b195cc375636653ebd','Unix - Logged in Users'),(11,'5107ec0206562e77d965ce6b852ef9d4','ucd/net - Load Average'),(12,'6992ed4df4b44f3d5595386b8298f0ec','Linux - Memory Usage'),(13,'be275639d5680e94c72c0ebb4e19056d','ucd/net - Memory Usage'),(14,'f17e4a77b8496725dc924b8c35b60036','Netware - File System Cache'),(15,'46bb77f4c0c69671980e3c60d3f22fa9','Netware - CPU Utilization'),(16,'8e77a3036312fd0fda32eaea2b5f141b','Netware - File System Activity'),(17,'5892c822b1bb2d38589b6c27934b9936','Netware - Logged In Users'),(18,'9a5e6d7781cc1bd6cf24f64dd6ffb423','Cisco - CPU Usage'),(19,'0dd0438d5e6cad6776f79ecaa96fb708','Netware - Volume Information'),(20,'b18a3742ebea48c6198412b392d757fc','Netware - Directory Information'),(21,'8e7c8a511652fe4a8e65c69f3d34779d','Unix - Available Disk Space'),(22,'06621cd4a9289417cadcb8f9b5cfba80','Interface - Errors/Discards'),(23,'e0d1625a1f4776a5294583659d5cee15','Interface - Unicast Packets'),(24,'10ca5530554da7b73dc69d291bf55d38','Interface - Non-Unicast Packets'),(25,'df244b337547b434b486662c3c5c7472','Interface - Traffic (bytes/sec)'),(26,'7489e44466abee8a7d8636cb2cb14a1a','Host MIB - Available Disk Space'),(27,'c6bb62bedec4ab97f9db9fd780bd85a6','Host MIB - CPU Utilization'),(28,'e8462bbe094e4e9e814d4e681671ea82','Host MIB - Logged in Users'),(29,'62205afbd4066e5c4700338841e3901e','Host MIB - Processes'),(30,'e3780a13b0f7a3f85a44b70cd4d2fd36','Netware - Open Files'),(31,'1742b2066384637022d178cc5072905a','Interface - Traffic (bits/sec, 95th Percentile)'),(32,'13b47e10b2d5db45707d61851f69c52b','Interface - Traffic (bits/sec, Total Bandwidth)'),(33,'8ad6790c22b693680e041f21d62537ac','Interface - Traffic (bytes/sec, Total Bandwidth)'),(35,'acd115b8071a7728f79901b2e5fb3406','Interface - Upstream FEC'),(36,'dcf69427b7f57714f021d7e946c8127a','Interface - Bandwidth Utilization'),(37,'472e265bfd3cd5f5e962f561303f4393','Interface - Modems per Upstream'),(38,'78f873a50c0545b2d15659bc55b818b6','Interface - UGS'),(39,'df1ca38487c7dee131b63236950f110c','Interface - Upstream SNR'),(40,'8093f4eebef71a4c9ae85e74ce1d9ec0','Interface - Upstream Utilization'),(41,'64ecd0404c31266f311ce03e0283f373','Host MIB - Disk IO - Bytes per Second'),(42,'6f62974ef8611eecd64fb76d29ae83c7','Host MIB - Disk IO - Transactions per Second'),(43,'a98025bd7fee937d0ed0d66c025bdb07','rn - Conntrack Status - ICMP [ SNMP ]'),(44,'2f91033251d4c8f57d9c1762f01f10b7','rn - Conntrack Status - Proto [ SNMP ]'),(45,'f2fc06d277e20760759cc7e20343a4f4','rn - Conntrack Status - TCP [ SNMP ]'),(46,'4ff77f01c3212cb5e24e33153bd3c39e','rn - Conntrack Status - UDP [ SNMP ]'),(47,'cf974f47efbdc3a44218ab56f5525fb5','Extreme Networks CPU Utilization'),(48,'26cd3e355cdbf444ca720b8ba73982ff','Extreme Networks Internal Temperature'),(49,'0a5bf02654269bdd8bc6f83859969a21','|host_description| - Processes Template');

--
-- Table structure for table `graph_templates_gprint`
--

CREATE TABLE `graph_templates_gprint` (
  `id` mediumint(8) unsigned NOT NULL AUTO_INCREMENT,
  `hash` varchar(32) NOT NULL DEFAULT '',
  `name` varchar(100) NOT NULL DEFAULT '',
  `gprint_text` varchar(255) DEFAULT NULL,
  PRIMARY KEY (`id`)
) ENGINE=MyISAM AUTO_INCREMENT=6 DEFAULT CHARSET=latin1;

--
-- Dumping data for table `graph_templates_gprint`
--

INSERT INTO `graph_templates_gprint` VALUES (2,'e9c43831e54eca8069317a2ce8c6f751','Normal','%8.2lf %s'),(3,'19414480d6897c8731c7dc6c5310653e','Exact Numbers','%8.0lf'),(4,'304a778405392f878a6db435afffc1e9','Load Average','%8.2lf'),(5,'1c317a5817b556d0d16c4230815c24b3','CWs FEC','%10.3lf');

--
-- Table structure for table `graph_templates_graph`
--

CREATE TABLE `graph_templates_graph` (
  `id` mediumint(8) unsigned NOT NULL AUTO_INCREMENT,
  `local_graph_template_graph_id` mediumint(8) unsigned NOT NULL DEFAULT '0',
  `local_graph_id` mediumint(8) unsigned NOT NULL DEFAULT '0',
  `graph_template_id` mediumint(8) unsigned NOT NULL DEFAULT '0',
  `t_image_format_id` char(2) DEFAULT '0',
  `image_format_id` tinyint(1) NOT NULL DEFAULT '0',
  `t_title` char(2) DEFAULT '0',
  `title` varchar(255) NOT NULL DEFAULT '',
  `title_cache` varchar(255) NOT NULL DEFAULT '',
  `t_height` char(2) DEFAULT '0',
  `height` mediumint(8) NOT NULL DEFAULT '0',
  `t_width` char(2) DEFAULT '0',
  `width` mediumint(8) NOT NULL DEFAULT '0',
  `t_upper_limit` char(2) DEFAULT '0',
  `upper_limit` varchar(20) NOT NULL DEFAULT '0',
  `t_lower_limit` char(2) DEFAULT '0',
  `lower_limit` varchar(20) NOT NULL DEFAULT '0',
  `t_vertical_label` char(2) DEFAULT '0',
  `vertical_label` varchar(200) DEFAULT NULL,
  `t_slope_mode` char(2) DEFAULT '0',
  `slope_mode` char(2) DEFAULT 'on',
  `t_auto_scale` char(2) DEFAULT '0',
  `auto_scale` char(2) DEFAULT NULL,
  `t_auto_scale_opts` char(2) DEFAULT '0',
  `auto_scale_opts` tinyint(1) NOT NULL DEFAULT '0',
  `t_auto_scale_log` char(2) DEFAULT '0',
  `auto_scale_log` char(2) DEFAULT NULL,
  `t_scale_log_units` char(2) DEFAULT '0',
  `scale_log_units` char(2) DEFAULT NULL,
  `t_auto_scale_rigid` char(2) DEFAULT '0',
  `auto_scale_rigid` char(2) DEFAULT NULL,
  `t_auto_padding` char(2) DEFAULT '0',
  `auto_padding` char(2) DEFAULT NULL,
  `t_base_value` char(2) DEFAULT '0',
  `base_value` mediumint(8) NOT NULL DEFAULT '0',
  `t_grouping` char(2) DEFAULT '0',
  `grouping` char(2) NOT NULL DEFAULT '',
  `t_export` char(2) DEFAULT '0',
  `export` char(2) DEFAULT NULL,
  `t_unit_value` char(2) DEFAULT '0',
  `unit_value` varchar(20) DEFAULT NULL,
  `t_unit_exponent_value` char(2) DEFAULT '0',
  `unit_exponent_value` varchar(5) NOT NULL DEFAULT '',
  PRIMARY KEY (`id`),
  KEY `local_graph_id` (`local_graph_id`),
  KEY `graph_template_id` (`graph_template_id`),
  KEY `title_cache` (`title_cache`)
) ENGINE=MyISAM AUTO_INCREMENT=5595 DEFAULT CHARSET=latin1 COMMENT='Stores the actual graph data.';

--
-- Dumping data for table `graph_templates_graph`
--

INSERT INTO `graph_templates_graph` VALUES (2,0,0,2,'',1,'on','|host_description| - Traffic','','',120,'',500,'','1000','','0','','bits per second','','on','','on','on',1,'','','','','','on','','on','',1000,'0','','','on','','','',''),(3,0,0,3,'',1,'on','|host_description| - Hard Drive Space','','',120,'',500,'','100','','0','','bytes','0','on','','on','',2,'','','0','','','on','','on','',1024,'0','','','on','','','',''),(4,0,0,4,'',1,'','|host_description| - CPU Usage','','',120,'',500,'','100','','0','','percent','0','on','','on','',2,'','','0','','','on','','on','',1000,'0','','','on','','','',''),(5,0,0,5,'',1,'on','|host_description| - Wireless Levels','','',120,'',500,'','100','','0','','percent','0','on','','','',2,'','','0','','','on','','on','',1000,'0','','','on','','','',''),(6,0,0,6,'',1,'on','|host_description| - Wireless Transmissions','','',120,'',500,'','100','','0','','transmissions','0','on','','on','',2,'','','0','','','on','','on','',1000,'0','','','on','','','',''),(7,0,0,7,'',1,'','|host_description| - Ping Latency','','',120,'',500,'','100','','0','','milliseconds','0','on','','on','',2,'','','0','','','','','on','',1000,'0','','','on','','','',''),(8,0,0,8,'',1,'','|host_description| - Processes','','',120,'',500,'','100','','0','','processes','0','on','','on','',2,'','','0','','','','','on','',1000,'0','','','on','','','',''),(9,0,0,9,'',1,'','|host_description| - Load Average','','',120,'',500,'','100','','0','','processes in the run queue','0','on','','on','',2,'','','0','','','on','','on','',1000,'0','','','on','','','','0'),(10,0,0,10,'',1,'','|host_description| - Logged in Users','','',120,'',500,'','100','','0','','users','0','on','','on','',2,'','','0','','','on','','on','',1000,'0','','','on','','','',''),(11,0,0,11,'',1,'','|host_description| - Load Average','','',120,'',500,'','100','','0','','processes in the run queue','0','on','','on','',2,'','','0','','','on','','on','',1000,'0','','','on','','','','0'),(12,0,0,12,'',1,'','|host_description| - Memory Usage','','',120,'',500,'','100','','0','','kilobytes','0','on','','on','',2,'','','0','','','on','','on','',1000,'0','','','on','','','',''),(13,0,0,13,'',1,'','|host_description| - Memory Usage','','',120,'',500,'','100','','0','','bytes','0','on','','on','',2,'','','0','','','on','','on','',1000,'0','','','on','','','',''),(14,0,0,14,'',1,'','|host_description| - File System Cache','','',120,'',500,'','100','','0','','cache checks/hits','0','on','','on','',2,'','','0','','','on','','on','',1000,'0','','','on','','','',''),(15,0,0,15,'',1,'','|host_description| - CPU Utilization','','',120,'',500,'','100','','0','','percent','0','on','','on','',2,'','','0','','','on','','on','',1000,'0','','','on','','','',''),(16,0,0,16,'',1,'','|host_description| - File System Activity','','',120,'',500,'','100','','0','','reads/writes per sec','0','on','','on','',2,'','','0','','','on','','on','',1000,'0','','','on','','','',''),(17,0,0,17,'',1,'','|host_description| - Logged In Users','','',120,'',500,'','100','','0','','users','0','on','','on','',2,'','','0','','','on','','on','',1000,'0','','','on','','','',''),(18,0,0,18,'',1,'','|host_description| - CPU Usage','','',120,'',500,'','100','','0','','percent','0','on','','on','',2,'','','0','','','on','','on','',1000,'0','','','on','','','',''),(19,0,0,19,'',1,'on','|host_description| - Volume Information','','',120,'',500,'','100','','0','','bytes','0','on','','on','',2,'','','0','','','on','','on','',1000,'0','','','on','','','',''),(20,0,0,20,'',1,'','|host_description| - Directory Information','','',120,'',500,'','100','','0','','directory entries','0','on','','on','',2,'','','0','','','on','','on','',1000,'0','','','on','','','',''),(21,0,0,21,'',1,'on','|host_description| - Available Disk Space','','',120,'',500,'','100','','0','','bytes','0','on','','on','',2,'','','0','','','on','','on','',1024,'0','','','on','','','',''),(22,0,0,22,'',1,'on','|host_description| - Errors/Discards','','',120,'',500,'','100','','0','','errors/sec','0','on','','on','',2,'','','0','','','on','','on','',1000,'0','','','on','','','',''),(23,0,0,23,'',1,'on','|host_description| - Unicast Packets','','',120,'',500,'','100','','0','','packets/sec','0','on','','on','',2,'','','0','','','on','','on','',1000,'0','','','on','','','',''),(24,0,0,24,'',1,'on','|host_description| - Non-Unicast Packets','','',120,'',500,'','100','','0','','packets/sec','0','on','','on','',2,'','','0','','','on','','on','',1000,'0','','','on','','','',''),(25,0,0,25,'',1,'on','|host_description| - Traffic','','',120,'',500,'','100','','0','','bytes per second','0','on','','on','',2,'','','0','','','on','','on','',1000,'0','','','on','','','',''),(34,0,0,26,'',1,'on','|host_description| - Available Disk Space','','',120,'',500,'','100','','0','','bytes','0','on','','on','',2,'','','0','','','on','','on','',1024,'0','','','on','','','',''),(35,0,0,27,'',1,'on','|host_description| - CPU Utilization','','',120,'',500,'','100','','0','','percent','0','on','','on','',2,'','','0','','','on','','on','',1000,'0','','','on','','','',''),(36,0,0,28,'',1,'','|host_description| - Logged in Users','','',120,'',500,'','100','','0','','users','0','on','','on','',2,'','','0','','','on','','on','',1000,'0','','','on','','','',''),(37,0,0,29,'',1,'','|host_description| - Processes','','',120,'',500,'','100','','0','','processes','0','on','','on','',2,'','','0','','','','','on','',1000,'0','','','on','','','',''),(42,0,0,30,'',1,'','|host_description| - Open Files','','',120,'',500,'','100','','0','','files','0','on','','on','',2,'','','0','','','','','on','',1000,'0','','','on','','','',''),(43,0,0,31,'',1,'on','|host_description| - Traffic','','',120,'',500,'','100','','0','','bits per second','0','on','','on','',2,'','','0','','','on','','on','',1000,'0','','','on','','','',''),(44,0,0,32,'',1,'on','|host_description| - Traffic','','',120,'',500,'','100','','0','','bits per second','0','on','','on','',2,'','','0','','','on','','on','',1000,'0','','','on','','','',''),(45,0,0,33,'',1,'on','|host_description| - Traffic','','',120,'',500,'','100','','0','','bytes per second','0','on','','on','',2,'','','0','','','on','','on','',1000,'0','','','on','','','',''),(47,0,0,34,'',1,'on','|host_description| -','','',120,'',500,'','100','','0','on','','0','on','','on','',2,'','','0','','','','','on','',1000,'0','','','on','','','',''),(198,0,0,35,'',1,'on','|host_description| - FEC Errors','','',150,'',600,'','5','','0','','CodeWords % | SNR','0','on','','','',2,'','','0',NULL,'','on','','on','',1000,'0','','','on','','','',''),(199,0,0,36,'',1,'on','|host_description| - Bandwidth','','',120,'',550,'','100','','0','','Bandwidth %','0','on','','','',2,'','on','0',NULL,'','on','','','',1000,'0','','','on','','','',''),(200,0,0,37,'',1,'on','|host_description| - Modems Upstream','','',120,'',500,'','0','','0','','Modems','','on','','on','',2,'','','','','','on','','on','',1000,'0','','','on','','','',''),(201,0,0,38,'',1,'on','|host_description| - Unsolicited Grant Service','','',120,'',500,'','0','','0','','UGS','0','on','','on','',2,'','','0',NULL,'','on','','on','',1000,'0','','','on','','','',''),(202,0,0,39,'',1,'','|host_description| - SNR - |query_ifName|','','',120,'',500,'','45','','0','','DB','','on','','on','',2,'','','','','','on','','on','',1000,'0','','','on','','','',''),(203,0,0,40,'',1,'on','|host_description| - Utilization','','',120,'',500,'','0','','0','','%','0','on','','on','',2,'','','0',NULL,'','on','','on','',1000,'0','','','on','','','',''),(5263,2,5206,2,'0',1,'0','|host_description| - Traffic - 3:25','Extreme x450a 10.100.0.2 - Traffic - 3:25','0',120,'0',500,'0','1000','0','0','0','bits per second','0','on','0','on','0',1,'0','','0','','0','on','0','on','0',1000,'0','','0','on','0','','0',''),(2031,0,0,41,'',1,'','|host_description| - Disk IO Bytes - |query_hrDiskIODescr|','','',120,'',600,'','100','','0','','Bytes/Second','','on','','on','',1,'','','','','','','','on','',1000,'0','','','on','','','',''),(2032,0,0,42,'',1,'','|host_description| - Disk IO - |query_hrDiskIODescr|','','',120,'',600,'','100','','0','','','','on','','on','',1,'','','','','','','','on','',1000,'0','','','on','','','',''),(5379,4,5322,4,'0',1,'0','|host_description| - CPU Usage','SYV - CPU Usage','0',120,'0',500,'0','100','0','0','0','percent','0','on','0','on','0',2,'0','','0','','0','on','0','on','0',1000,'0','','0','on','0','','0',''),(5380,11,5323,11,'0',1,'0','|host_description| - Load Average','SYV - Load Average','0',120,'0',500,'0','100','0','0','0','processes in the run queue','0','on','0','on','0',2,'0','','0','','0','on','0','on','0',1000,'0','','0','on','0','','0','0'),(5381,13,5324,13,'0',1,'0','|host_description| - Memory Usage','SYV - Memory Usage','0',120,'0',500,'0','100','0','0','0','bytes','0','on','0','on','0',2,'0','','0','','0','on','0','on','0',1000,'0','','0','on','0','','0',''),(5382,2,5325,2,'0',1,'0','|host_description| - Traffic - eth8','SYV - Traffic - eth8','0',120,'0',500,'0','1000','0','0','0','bits per second','0','on','0','on','0',1,'0','','0','','0','on','0','on','0',1000,'0','','0','on','0','','0',''),(5383,2,5326,2,'0',1,'0','|host_description| - Traffic - eth9','SYV - Traffic - eth9','0',120,'0',500,'0','1000','0','0','0','bits per second','0','on','0','on','0',1,'0','','0','','0','on','0','on','0',1000,'0','','0','on','0','','0',''),(2284,2,2233,2,'0',1,'0','|host_description| - Traffic - eth0','frigg - Traffic - eth0','0',120,'0',500,'0','1000','0','0','0','bits per second','0','on','0','on','0',1,'0','','0','','0','on','0','on','0',1000,'0','','0','on','0','','0',''),(2285,2,2234,2,'0',1,'0','|host_description| - Traffic - eth1','frigg - Traffic - eth1','0',120,'0',500,'0','1000','0','0','0','bits per second','0','on','0','on','0',1,'0','','0','','0','on','0','on','0',1000,'0','','0','on','0','','0',''),(2286,35,2235,27,'0',1,'0','|host_description| - CPU Utilization - CPU0','frigg - CPU Utilization - CPU0','0',120,'0',500,'0','100','0','0','0','percent','0','on','0','on','0',2,'0','','0','','0','on','0','on','0',1000,'0','','0','on','0','','0',''),(2287,35,2236,27,'0',1,'0','|host_description| - CPU Utilization - CPU1','frigg - CPU Utilization - CPU1','0',120,'0',500,'0','100','0','0','0','percent','0','on','0','on','0',2,'0','','0','','0','on','0','on','0',1000,'0','','0','on','0','','0',''),(2903,0,0,44,'',1,'','|host_description| - Conntrack Status - Proto','','',240,'',600,'','100','','0','','# Connections','','on','','on','',1,'','','','','','on','','on','',1000,'0','','','on','','','',''),(2902,0,0,43,'',1,'','|host_description| - Conntrack Status - ICMP','','',120,'',500,'','100','','0','','# Connections','','on','','on','',2,'','','','','','on','','on','',1000,'0','','','on','','','',''),(2298,22,2247,22,'0',1,'0','|host_description| - Errors - eth0','frigg - Errors - eth0','0',120,'0',500,'0','100','0','0','0','errors/sec','0','on','0','on','0',2,'0','','0','','0','on','0','on','0',1000,'0','','0','on','0','','0',''),(2299,22,2248,22,'0',1,'0','|host_description| - Errors - eth1','frigg - Errors - eth1','0',120,'0',500,'0','100','0','0','0','errors/sec','0','on','0','on','0',2,'0','','0','','0','on','0','on','0',1000,'0','','0','on','0','','0',''),(5532,2,5475,2,'0',1,'0','|host_description| - Traffic - GigaEthernet0/6','OLT_BDCOM_2 - Traffic - GigaEthernet0/6','0',120,'0',500,'0','1000','0','0','0','bits per second','0','on','0','on','0',1,'0','','0','','0','on','0','on','0',1000,'0','','0','on','0','','0',''),(2904,0,0,45,'',1,'','|host_description| - Conntrack Status - TCP','','',120,'',500,'','100','','0','','# Connections','','on','','on','',2,'','','','','','on','','on','',1000,'0','','','on','','','',''),(2905,0,0,46,'',1,'','|host_description| - Conntrack Status - UDP','','',120,'',500,'','100','','0','','# Connections','','on','','on','',2,'','','','','','on','','on','',1000,'0','','','on','','','',''),(3352,0,0,47,'',1,'','|host_description| - Extreme Networks CPU Utilization','','',120,'',500,'','100','','0','','% Util','0','on','','on','',2,'','','0',NULL,'','','','on','',1000,'0','','','on','','','',''),(3353,0,0,48,'',1,'','|host_description| - Extreme Networks Internal Temperature','','',120,'',500,'','100','','0','','Temperature (C)','0','on','','on','',2,'','','0',NULL,'','','','on','',1000,'0','','','on','','','',''),(5358,2,5301,2,'0',1,'0','|host_description| - Traffic - Port26','kap149-4pid_2 - Traffic - Port26','0',120,'0',500,'0','1000','0','0','0','bits per second','0','on','0','on','0',1,'0','','0','','0','on','0','on','0',1000,'0','','0','on','0','','0',''),(5355,2,5298,2,'0',1,'0','|host_description| - Traffic - Port7','kap149-4pid_2 - Traffic - Port7','0',120,'0',500,'0','1000','0','0','0','bits per second','0','on','0','on','0',1,'0','','0','','0','on','0','on','0',1000,'0','','0','on','0','','0',''),(5357,2,5300,2,'0',1,'0','|host_description| - Traffic - VLAN1','kap149-4pid_2 - Traffic - VLAN1','0',120,'0',500,'0','1000','0','0','0','bits per second','0','on','0','on','0',1,'0','','0','','0','on','0','on','0',1000,'0','','0','on','0','','0',''),(5533,2,5476,2,'0',1,'0','|host_description| - Traffic - Port1','Zank06-_4612_101 - Traffic - Port1','0',120,'0',500,'0','1000','0','0','0','bits per second','0','on','0','on','0',1,'0','','0','','0','on','0','on','0',1000,'0','','0','on','0','','0',''),(5526,2,5469,2,'0',1,'0','|host_description| - Traffic - GigaEthernet0/1','OLT_BDCOM1 - Traffic - GigaEthernet0/1','0',120,'0',500,'0','1000','0','0','0','bits per second','0','on','0','on','0',1,'0','','0','','0','on','0','on','0',1000,'0','','0','on','0','','0',''),(5207,2,5150,2,'0',1,'0','|host_description| - Traffic - 1:14','zank06_Extreme_x450a - Traffic - 1:14','0',120,'0',500,'0','1000','0','0','0','bits per second','0','on','0','on','0',1,'0','','0','','0','on','0','on','0',1000,'0','','0','on','0','','0',''),(5206,2,5149,2,'0',1,'0','|host_description| - Traffic - 1:13','zank06_Extreme_x450a - Traffic - 1:13','0',120,'0',500,'0','1000','0','0','0','bits per second','0','on','0','on','0',1,'0','','0','','0','on','0','on','0',1000,'0','','0','on','0','','0',''),(5205,2,5148,2,'0',1,'0','|host_description| - Traffic - 1:12','zank06_Extreme_x450a - Traffic - 1:12','0',120,'0',500,'0','1000','0','0','0','bits per second','0','on','0','on','0',1,'0','','0','','0','on','0','on','0',1000,'0','','0','on','0','','0',''),(5204,2,5147,2,'0',1,'0','|host_description| - Traffic - 1:11','zank06_Extreme_x450a - Traffic - 1:11','0',120,'0',500,'0','1000','0','0','0','bits per second','0','on','0','on','0',1,'0','','0','','0','on','0','on','0',1000,'0','','0','on','0','','0',''),(5203,2,5146,2,'0',1,'0','|host_description| - Traffic - 1:10','zank06_Extreme_x450a - Traffic - 1:10','0',120,'0',500,'0','1000','0','0','0','bits per second','0','on','0','on','0',1,'0','','0','','0','on','0','on','0',1000,'0','','0','on','0','','0',''),(5202,2,5145,2,'0',1,'0','|host_description| - Traffic - 1:9','zank06_Extreme_x450a - Traffic - 1:9','0',120,'0',500,'0','1000','0','0','0','bits per second','0','on','0','on','0',1,'0','','0','','0','on','0','on','0',1000,'0','','0','on','0','','0',''),(5201,2,5144,2,'0',1,'0','|host_description| - Traffic - 1:8','zank06_Extreme_x450a - Traffic - 1:8','0',120,'0',500,'0','1000','0','0','0','bits per second','0','on','0','on','0',1,'0','','0','','0','on','0','on','0',1000,'0','','0','on','0','','0',''),(5200,2,5143,2,'0',1,'0','|host_description| - Traffic - 1:7','zank06_Extreme_x450a - Traffic - 1:7','0',120,'0',500,'0','1000','0','0','0','bits per second','0','on','0','on','0',1,'0','','0','','0','on','0','on','0',1000,'0','','0','on','0','','0',''),(5199,2,5142,2,'0',1,'0','|host_description| - Traffic - 1:6','zank06_Extreme_x450a - Traffic - 1:6','0',120,'0',500,'0','1000','0','0','0','bits per second','0','on','0','on','0',1,'0','','0','','0','on','0','on','0',1000,'0','','0','on','0','','0',''),(5198,2,5141,2,'0',1,'0','|host_description| - Traffic - 1:5','zank06_Extreme_x450a - Traffic - 1:5','0',120,'0',500,'0','1000','0','0','0','bits per second','0','on','0','on','0',1,'0','','0','','0','on','0','on','0',1000,'0','','0','on','0','','0',''),(5197,2,5140,2,'0',1,'0','|host_description| - Traffic - 1:4','zank06_Extreme_x450a - Traffic - 1:4','0',120,'0',500,'0','1000','0','0','0','bits per second','0','on','0','on','0',1,'0','','0','','0','on','0','on','0',1000,'0','','0','on','0','','0',''),(5196,2,5139,2,'0',1,'0','|host_description| - Traffic - 1:3','zank06_Extreme_x450a - Traffic - 1:3','0',120,'0',500,'0','1000','0','0','0','bits per second','0','on','0','on','0',1,'0','','0','','0','on','0','on','0',1000,'0','','0','on','0','','0',''),(5195,2,5138,2,'0',1,'0','|host_description| - Traffic - 1:2','zank06_Extreme_x450a - Traffic - 1:2','0',120,'0',500,'0','1000','0','0','0','bits per second','0','on','0','on','0',1,'0','','0','','0','on','0','on','0',1000,'0','','0','on','0','','0',''),(5194,2,5137,2,'0',1,'0','|host_description| - Traffic - 1:1','zank06_Extreme_x450a - Traffic - 1:1','0',120,'0',500,'0','1000','0','0','0','bits per second','0','on','0','on','0',1,'0','','0','','0','on','0','on','0',1000,'0','','0','on','0','','0',''),(5208,2,5151,2,'0',1,'0','|host_description| - Traffic - 1:15','zank06_Extreme_x450a - Traffic - 1:15','0',120,'0',500,'0','1000','0','0','0','bits per second','0','on','0','on','0',1,'0','','0','','0','on','0','on','0',1000,'0','','0','on','0','','0',''),(5209,2,5152,2,'0',1,'0','|host_description| - Traffic - 1:16','zank06_Extreme_x450a - Traffic - 1:16','0',120,'0',500,'0','1000','0','0','0','bits per second','0','on','0','on','0',1,'0','','0','','0','on','0','on','0',1000,'0','','0','on','0','','0',''),(5210,2,5153,2,'0',1,'0','|host_description| - Traffic - 1:17','zank06_Extreme_x450a - Traffic - 1:17','0',120,'0',500,'0','1000','0','0','0','bits per second','0','on','0','on','0',1,'0','','0','','0','on','0','on','0',1000,'0','','0','on','0','','0',''),(5211,2,5154,2,'0',1,'0','|host_description| - Traffic - 1:18','zank06_Extreme_x450a - Traffic - 1:18','0',120,'0',500,'0','1000','0','0','0','bits per second','0','on','0','on','0',1,'0','','0','','0','on','0','on','0',1000,'0','','0','on','0','','0',''),(5212,2,5155,2,'0',1,'0','|host_description| - Traffic - 1:19','zank06_Extreme_x450a - Traffic - 1:19','0',120,'0',500,'0','1000','0','0','0','bits per second','0','on','0','on','0',1,'0','','0','','0','on','0','on','0',1000,'0','','0','on','0','','0',''),(5213,2,5156,2,'0',1,'0','|host_description| - Traffic - 1:20','zank06_Extreme_x450a - Traffic - 1:20','0',120,'0',500,'0','1000','0','0','0','bits per second','0','on','0','on','0',1,'0','','0','','0','on','0','on','0',1000,'0','','0','on','0','','0',''),(5214,2,5157,2,'0',1,'0','|host_description| - Traffic - 1:21','zank06_Extreme_x450a - Traffic - 1:21','0',120,'0',500,'0','1000','0','0','0','bits per second','0','on','0','on','0',1,'0','','0','','0','on','0','on','0',1000,'0','','0','on','0','','0',''),(5215,2,5158,2,'0',1,'0','|host_description| - Traffic - 1:22','zank06_Extreme_x450a - Traffic - 1:22','0',120,'0',500,'0','1000','0','0','0','bits per second','0','on','0','on','0',1,'0','','0','','0','on','0','on','0',1000,'0','','0','on','0','','0',''),(5216,2,5159,2,'0',1,'0','|host_description| - Traffic - 1:23','zank06_Extreme_x450a - Traffic - 1:23','0',120,'0',500,'0','1000','0','0','0','bits per second','0','on','0','on','0',1,'0','','0','','0','on','0','on','0',1000,'0','','0','on','0','','0',''),(5217,2,5160,2,'0',1,'0','|host_description| - Traffic - 1:24','zank06_Extreme_x450a - Traffic - 1:24','0',120,'0',500,'0','1000','0','0','0','bits per second','0','on','0','on','0',1,'0','','0','','0','on','0','on','0',1000,'0','','0','on','0','','0',''),(5347,0,0,49,'0',1,'0','|host_description| - Processes','kap149-4pid_1 - Processes','0',120,'0',500,'0','1000','0','0','0','bits per second','0','on','0','on','0',1,'0','','0','','0','on','0','on','0',1000,'0','','0','on','0','','0',''),(5363,2,5306,2,'0',1,'0','|host_description| - Traffic - Port28','Kap165 - Traffic - Port28','0',120,'0',500,'0','1000','0','0','0','bits per second','0','on','0','on','0',1,'0','','0','','0','on','0','on','0',1000,'0','','0','on','0','','0',''),(5364,2,5307,2,'0',1,'0','|host_description| - Traffic - Port28','Prospect_31_2pid - Traffic - Port28','0',120,'0',500,'0','1000','0','0','0','bits per second','0','on','0','on','0',1,'0','','0','','0','on','0','on','0',1000,'0','','0','on','0','','0',''),(5378,2,5321,2,'0',1,'0','|host_description| - Traffic - Port28','tlehas_20 - Traffic - Port28','0',120,'0',500,'0','1000','0','0','0','bits per second','0','on','0','on','0',1,'0','','0','','0','on','0','on','0',1000,'0','','0','on','0','','0',''),(5514,3352,5457,47,'0',1,'0','|host_description| - Extreme Networks CPU Utilization','best08 - Extreme Networks CPU Utilization','0',120,'0',500,'0','100','0','0','0','% Util','0','on','0','on','0',2,'0','','0','','0','','0','on','0',1000,'0','','0','on','0','','0',''),(5515,3353,5458,48,'0',1,'0','|host_description| - Extreme Networks Internal Temperature','best08 - Extreme Networks Internal Temperature','0',120,'0',500,'0','100','0','0','0','Temperature (C)','0','on','0','on','0',2,'0','','0','','0','','0','on','0',1000,'0','','0','on','0','','0',''),(5516,3352,5459,47,'0',1,'0','|host_description| - Extreme Networks CPU Utilization','Extreme x450a 10.100.0.2 - Extreme Networks CPU Utilization','0',120,'0',500,'0','100','0','0','0','% Util','0','on','0','on','0',2,'0','','0','','0','','0','on','0',1000,'0','','0','on','0','','0',''),(5517,3353,5460,48,'0',1,'0','|host_description| - Extreme Networks Internal Temperature','Extreme x450a 10.100.0.2 - Extreme Networks Internal Temperature','0',120,'0',500,'0','100','0','0','0','Temperature (C)','0','on','0','on','0',2,'0','','0','','0','','0','on','0',1000,'0','','0','on','0','','0',''),(5518,18,5461,18,'0',1,'0','|host_description| - CPU Usage','Extreme x450a 10.100.0.2 - CPU Usage','0',120,'0',500,'0','100','0','0','0','percent','0','on','0','on','0',2,'0','','0','','0','on','0','on','0',1000,'0','','0','on','0','','0',''),(5519,2902,5462,43,'0',1,'0','|host_description| - Conntrack Status - ICMP','Extreme x450a 10.100.0.2 - Conntrack Status - ICMP','0',120,'0',500,'0','100','0','0','0','# Connections','0','on','0','on','0',2,'0','','0','','0','on','0','on','0',1000,'0','','0','on','0','','0',''),(5520,2903,5463,44,'0',1,'0','|host_description| - Conntrack Status - Proto','Extreme x450a 10.100.0.2 - Conntrack Status - Proto','0',240,'0',600,'0','100','0','0','0','# Connections','0','on','0','on','0',1,'0','','0','','0','on','0','on','0',1000,'0','','0','on','0','','0',''),(5521,7,5464,7,'0',1,'0','|host_description| - Ping Latency','kap177a-6pid - Ping Latency','0',120,'0',500,'0','100','0','0','0','milliseconds','0','on','0','on','0',2,'0','','0','','0','','0','on','0',1000,'0','','0','on','0','','0','');

--
-- Table structure for table `graph_templates_item`
--

CREATE TABLE `graph_templates_item` (
  `id` int(12) unsigned NOT NULL AUTO_INCREMENT,
  `hash` varchar(32) NOT NULL DEFAULT '',
  `local_graph_template_item_id` int(12) unsigned NOT NULL DEFAULT '0',
  `local_graph_id` mediumint(8) unsigned NOT NULL DEFAULT '0',
  `graph_template_id` mediumint(8) unsigned NOT NULL DEFAULT '0',
  `task_item_id` mediumint(8) unsigned NOT NULL DEFAULT '0',
  `color_id` mediumint(8) unsigned NOT NULL DEFAULT '0',
  `alpha` char(2) DEFAULT 'FF',
  `graph_type_id` tinyint(3) NOT NULL DEFAULT '0',
  `cdef_id` mediumint(8) unsigned NOT NULL DEFAULT '0',
  `consolidation_function_id` tinyint(2) NOT NULL DEFAULT '0',
  `text_format` varchar(255) DEFAULT NULL,
  `value` varchar(255) DEFAULT NULL,
  `hard_return` char(2) DEFAULT NULL,
  `gprint_id` mediumint(8) unsigned NOT NULL DEFAULT '0',
  `sequence` mediumint(8) unsigned NOT NULL DEFAULT '0',
  PRIMARY KEY (`id`),
  KEY `graph_template_id` (`graph_template_id`),
  KEY `local_graph_id` (`local_graph_id`),
  KEY `task_item_id` (`task_item_id`)
) ENGINE=MyISAM AUTO_INCREMENT=46455 DEFAULT CHARSET=latin1 COMMENT='Stores the actual graph item data.';

--
-- Dumping data for table `graph_templates_item`
--

INSERT INTO `graph_templates_item` VALUES (9,'0470b2427dbfadb6b8346e10a71268fa',0,0,2,54,22,'FF',7,2,1,'Inbound','','',2,1),(10,'84a5fe0db518550266309823f994ce9c',0,0,2,54,0,'FF',9,2,4,'Current:','','',2,2),(11,'2f222f28084085cd06a1f46e4449c793',0,0,2,54,0,'FF',9,2,1,'Average:','','',2,3),(12,'55acbcc33f46ee6d754e8e81d1b54808',0,0,2,54,0,'FF',9,2,3,'Maximum:','','on',2,4),(13,'fdaf2321fc890e355711c2bffc07d036',0,0,2,55,20,'FF',4,2,1,'Outbound','','',2,5),(14,'768318f42819217ed81196d2179d3e1b',0,0,2,55,0,'FF',9,2,4,'Current:','','',2,6),(15,'cb3aa6256dcb3acd50d4517b77a1a5c3',0,0,2,55,0,'FF',9,2,1,'Average:','','',2,7),(16,'671e989be7cbf12c623b4e79d91c7bed',0,0,2,55,0,'FF',9,2,3,'Maximum:','','on',2,8),(17,'b561ed15b3ba66d277e6d7c1640b86f7',0,0,3,4,48,'FF',7,14,1,'Used','','',2,1),(18,'99ef051057fa6adfa6834a7632e9d8a2',0,0,3,4,0,'FF',9,14,4,'Current:','','',2,2),(19,'3986695132d3f4716872df4c6fbccb65',0,0,3,4,0,'FF',9,14,1,'Average:','','',2,3),(20,'0444300017b368e6257f010dca8bbd0d',0,0,3,4,0,'FF',9,14,3,'Maximum:','','on',2,4),(21,'4d6a0b9063124ca60e2d1702b3e15e41',0,0,3,3,20,'FF',8,14,1,'Available','','',2,5),(22,'181b08325e4d00cd50b8cdc8f8ae8e77',0,0,3,3,0,'FF',9,14,4,'Current:','','',2,6),(23,'bba0a9ff1357c990df50429d64314340',0,0,3,3,0,'FF',9,14,1,'Average:','','',2,7),(24,'d4a67883d53bc1df8aead21c97c0bc52',0,0,3,3,0,'FF',9,14,3,'Maximum:','','on',2,8),(25,'253c9ec2d66905245149c1c2dc8e536e',0,0,3,0,1,'FF',5,15,1,'Total','','',2,9),(26,'ea9ea883383f4eb462fec6aa309ba7b5',0,0,3,0,0,'FF',9,15,4,'Current:','','',2,10),(27,'83b746bcaba029eeca170a9f77ec4864',0,0,3,0,0,'FF',9,15,1,'Average:','','',2,11),(28,'82e01dd92fd37887c0696192efe7af65',0,0,3,0,0,'FF',9,15,3,'Maximum:','','on',2,12),(29,'ff0a6125acbb029b814ed1f271ad2d38',0,0,4,5,9,'FF',7,0,1,'System','','',2,1),(30,'f0776f7d6638bba76c2c27f75a424f0f',0,0,4,5,0,'FF',9,0,4,'Current:','','',2,2),(31,'39f4e021aa3fed9207b5f45a82122b21',0,0,4,5,0,'FF',9,0,1,'Average:','','',2,3),(32,'800f0b067c06f4ec9c2316711ea83c1e',0,0,4,5,0,'FF',9,0,3,'Maximum:','','on',2,4),(33,'9419dd5dbf549ba4c5dc1462da6ee321',0,0,4,6,21,'FF',8,0,1,'User','','',2,5),(34,'e461dd263ae47657ea2bf3fd82bec096',0,0,4,6,0,'FF',9,0,4,'Current:','','',2,6),(35,'f2d1fbb8078a424ffc8a6c9d44d8caa0',0,0,4,6,0,'FF',9,0,1,'Average:','','',2,7),(36,'e70a5de639df5ba1705b5883da7fccfc',0,0,4,6,0,'FF',9,0,3,'Maximum:','','on',2,8),(37,'85fefb25ce9fd0317da2706a5463fc42',0,0,4,7,12,'FF',8,0,1,'Nice','','',2,9),(38,'a1cb26878776999db16f1de7577b3c2a',0,0,4,7,0,'FF',9,0,4,'Current:','','',2,10),(39,'7d0f9bf64a0898a0095f099674754273',0,0,4,7,0,'FF',9,0,1,'Average:','','',2,11),(40,'b2879248a522d9679333e1f29e9a87c3',0,0,4,7,0,'FF',9,0,3,'Maximum:','','on',2,12),(41,'d800aa59eee45383b3d6d35a11cdc864',0,0,4,0,1,'FF',4,12,1,'Total','','',2,13),(42,'cab4ae79a546826288e273ca1411c867',0,0,4,0,0,'FF',9,12,4,'Current:','','',2,14),(43,'d44306ae85622fec971507460be63f5c',0,0,4,0,0,'FF',9,12,1,'Average:','','',2,15),(44,'aa5c2118035bb83be497d4e099afcc0d',0,0,4,0,0,'FF',9,12,3,'Maximum:','','on',2,16),(45,'4aa34ea1b7542b770ace48e8bc395a22',0,0,5,9,48,'FF',7,0,1,'Signal Level','','',2,1),(46,'22f118a9d81d0a9c8d922efbbc8a9cc1',0,0,5,9,0,'FF',9,0,4,'Current:','','',2,2),(47,'229de0c4b490de9d20d8f8d41059f933',0,0,5,9,0,'FF',9,0,1,'Average:','','',2,3),(48,'cd17feb30c02fd8f21e4d4dcde04e024',0,0,5,9,0,'FF',9,0,3,'Maximum:','','on',2,4),(49,'8723600cfd0f8a7b3f7dc1361981aabd',0,0,5,8,25,'FF',5,0,1,'Noise Level','','',2,5),(50,'cb06be2601b5abfb7a42fc07586de1c2',0,0,5,8,0,'FF',9,0,4,'Current:','','',2,6),(51,'55a2ee0fd511e5210ed85759171de58f',0,0,5,8,0,'FF',9,0,1,'Average:','','',2,7),(52,'704459564c84e42462e106eef20db169',0,0,5,8,0,'FF',9,0,3,'Maximum:','','on',2,8),(53,'aaebb19ec522497eaaf8c87a631b7919',0,0,6,10,48,'FF',7,0,1,'Transmissions','','',2,1),(54,'8b54843ac9d41bce2fcedd023560ed64',0,0,6,10,0,'FF',9,0,4,'Current:','','',2,2),(55,'05927dc83e07c7d9cffef387d68f35c9',0,0,6,10,0,'FF',9,0,1,'Average:','','',2,3),(56,'d11e62225a7e7a0cdce89242002ca547',0,0,6,10,0,'FF',9,0,3,'Maximum:','','on',2,4),(57,'6397b92032486c476b0e13a35b727041',0,0,6,11,25,'FF',5,0,1,'Re-Transmissions','','',2,5),(58,'cdfa5f8f82f4c479ff7f6f54160703f6',0,0,6,11,0,'FF',9,0,4,'Current:','','',2,6),(59,'ce2a309fb9ef64f83f471895069a6f07',0,0,6,11,0,'FF',9,0,1,'Average:','','',2,7),(60,'9cbfbf57ebde435b27887f27c7d3caea',0,0,6,11,0,'FF',9,0,3,'Maximum:','','on',2,8),(61,'80e0aa956f50c261e5143273da58b8a3',0,0,7,21,25,'FF',7,0,1,'','','',2,1),(62,'48fdcae893a7b7496e1a61efc3453599',0,0,7,21,0,'FF',9,0,4,'Current:','','',2,2),(63,'22f43e5fa20f2716666ba9ed9a7d1727',0,0,7,21,0,'FF',9,0,1,'Average:','','',2,3),(64,'3e86d497bcded7af7ab8408e4908e0d8',0,0,7,21,0,'FF',9,0,3,'Maximum:','','on',2,4),(65,'ba00ecd28b9774348322ff70a96f2826',0,0,8,19,48,'FF',7,0,1,'Running Processes','','',2,1),(66,'8d76de808efd73c51e9a9cbd70579512',0,0,8,19,0,'FF',9,0,4,'Current:','','',3,2),(67,'304244ca63d5b09e62a94c8ec6fbda8d',0,0,8,19,0,'FF',9,0,1,'Average:','','',3,3),(68,'da1ba71a93d2ed4a2a00d54592b14157',0,0,8,19,0,'FF',9,0,3,'Maximum:','','on',3,4),(69,'93ad2f2803b5edace85d86896620b9da',0,0,9,12,15,'FF',7,0,1,'1 Minute Average','','',2,1),(70,'e28736bf63d3a3bda03ea9f1e6ecb0f1',0,0,9,12,0,'FF',9,0,4,'Current:','','on',4,2),(71,'bbdfa13adc00398eed132b1ccb4337d2',0,0,9,13,8,'FF',8,0,1,'5 Minute Average','','',2,3),(72,'2c14062c7d67712f16adde06132675d6',0,0,9,13,0,'FF',9,0,4,'Current:','','on',4,4),(73,'9cf6ed48a6a54b9644a1de8c9929bd4e',0,0,9,14,9,'FF',8,0,1,'15 Minute Average','','',2,5),(74,'c9824064305b797f38feaeed2352e0e5',0,0,9,14,0,'FF',9,0,4,'Current:','','on',4,6),(75,'fa1bc4eff128c4da70f5247d55b8a444',0,0,9,0,1,'FF',4,12,1,'','','on',2,7),(76,'5c94ac24bc0d6d2712cc028fa7d4c7d2',0,0,10,20,67,'FF',7,0,1,'Users','','',2,1),(77,'8bc7f905526f62df7d5c2d8c27c143c1',0,0,10,20,0,'FF',9,0,4,'Current:','','',3,2),(78,'cd074cd2b920aab70d480c020276d45b',0,0,10,20,0,'FF',9,0,1,'Average:','','',3,3),(79,'415630f25f5384ba0c82adbdb05fe98b',0,0,10,20,0,'FF',9,0,3,'Maximum:','','on',3,4),(80,'d77d2050be357ab067666a9485426e6b',0,0,11,33,15,'FF',7,0,1,'1 Minute Average','','',2,1),(81,'13d22f5a0eac6d97bf6c97d7966f0a00',0,0,11,33,0,'FF',9,0,4,'Current:','','on',4,2),(82,'8580230d31d2851ec667c296a665cbf9',0,0,11,34,8,'FF',8,0,1,'5 Minute Average','','',2,3),(83,'b5b7d9b64e7640aa51dbf58c69b86d15',0,0,11,34,0,'FF',9,0,4,'Current:','','on',4,4),(84,'2ec10edf4bfaa866b7efd544d4c3f446',0,0,11,35,9,'FF',8,0,1,'15 Minute Average','','',2,5),(85,'b65666f0506c0c70966f493c19607b93',0,0,11,35,0,'FF',9,0,4,'Current:','','on',4,6),(86,'6c73575c74506cfc75b89c4276ef3455',0,0,11,0,1,'FF',4,12,1,'Total','','on',2,7),(95,'5fa7c2317f19440b757ab2ea1cae6abc',0,0,12,16,41,'FF',7,14,1,'Free','','',2,9),(96,'b1d18060bfd3f68e812c508ff4ac94ed',0,0,12,16,0,'FF',9,14,4,'Current:','','',2,10),(97,'780b6f0850aaf9431d1c246c55143061',0,0,12,16,0,'FF',9,14,1,'Average:','','',2,11),(98,'2d54a7e7bb45e6c52d97a09e24b7fba7',0,0,12,16,0,'FF',9,14,3,'Maximum:','','on',2,12),(99,'40206367a3c192b836539f49801a0b15',0,0,12,18,30,'FF',8,14,1,'Swap','','',2,13),(100,'7ee72e2bb3722d4f8a7f9c564e0dd0d0',0,0,12,18,0,'FF',9,14,4,'Current:','','',2,14),(101,'c8af33b949e8f47133ee25e63c91d4d0',0,0,12,18,0,'FF',9,14,1,'Average:','','',2,15),(102,'568128a16723d1195ce6a234d353ce00',0,0,12,18,0,'FF',9,14,3,'Maximum:','','on',2,16),(103,'7517a40d478e28ed88ba2b2a65e16b57',0,0,13,37,52,'FF',7,14,1,'Memory Free','','',2,1),(104,'df0c8b353d26c334cb909dc6243957c5',0,0,13,37,0,'FF',9,14,4,'Current:','','',2,2),(105,'c41a4cf6fefaf756a24f0a9510580724',0,0,13,37,0,'FF',9,14,1,'Average:','','',2,3),(106,'9efa8f01c6ed11364a21710ff170f422',0,0,13,37,0,'FF',9,14,3,'Maximum:','','on',2,4),(107,'95d6e4e5110b456f34324f7941d08318',0,0,13,36,35,'FF',8,14,1,'Memory Buffers','','',2,5),(108,'0c631bfc0785a9cca68489ea87a6c3da',0,0,13,36,0,'FF',9,14,4,'Current:','','',2,6),(109,'3468579d3b671dfb788696df7dcc1ec9',0,0,13,36,0,'FF',9,14,1,'Average:','','',2,7),(110,'c3ddfdaa65449f99b7f1a735307f9abe',0,0,13,36,0,'FF',9,14,3,'Maximum:','','on',2,8),(111,'4c64d5c1ce8b5d8b94129c23b46a5fd6',0,0,14,28,41,'FF',7,0,1,'Cache Hits','','',2,1),(112,'5c1845c9bd1af684a3c0ad843df69e3e',0,0,14,28,0,'FF',9,0,4,'Current:','','',3,2),(113,'e5169563f3f361701902a8da3ac0c77f',0,0,14,28,0,'FF',9,0,1,'Average:','','',3,3),(114,'35e87262efa521edbb1fd27f09c036f5',0,0,14,28,0,'FF',9,0,3,'Maximum:','','on',3,4),(115,'53069d7dba4c31b338f609bea4cd16f3',0,0,14,27,66,'FF',8,0,1,'Cache Checks','','',2,5),(116,'d9c102579839c5575806334d342b50de',0,0,14,27,0,'FF',9,0,4,'Current:','','',3,6),(117,'dc1897c3249dbabe269af49cee92f8c0',0,0,14,27,0,'FF',9,0,1,'Average:','','',3,7),(118,'ccd21fe0b5a8c24057f1eff4a6b66391',0,0,14,27,0,'FF',9,0,3,'Maximum:','','on',3,8),(119,'ab09d41c358f6b8a9d0cad4eccc25529',0,0,15,76,9,'FF',7,0,1,'CPU Utilization','','',2,1),(120,'5d5b8d8fbe751dc9c86ee86f85d7433b',0,0,15,76,0,'FF',9,0,4,'Current:','','',3,2),(121,'4822a98464c6da2afff10c6d12df1831',0,0,15,76,0,'FF',9,0,1,'Average:','','',3,3),(122,'fc6fbf2a964bea0b3c88ed0f18616aa7',0,0,15,76,0,'FF',9,0,3,'Maximum:','','on',3,4),(123,'e4094625d5443b4c87f9a87ba616a469',0,0,16,25,67,'FF',7,0,1,'File System Reads','','',2,1),(124,'ae68425cd10e8a6623076b2e6859a6aa',0,0,16,25,0,'FF',9,0,4,'Current:','','',3,2),(125,'40b8e14c6568b3f6be6a5d89d6a9f061',0,0,16,25,0,'FF',9,0,1,'Average:','','',3,3),(126,'4afbdc3851c03e206672930746b1a5e2',0,0,16,25,0,'FF',9,0,3,'Maximum:','','on',3,4),(127,'ea47d2b5516e334bc5f6ce1698a3ae76',0,0,16,26,93,'FF',8,0,1,'File System Writes','','',2,5),(128,'899c48a2f79ea3ad4629aff130d0f371',0,0,16,26,0,'FF',9,0,4,'Current:','','',3,6),(129,'ab474d7da77e9ec1f6a1d45c602580cd',0,0,16,26,0,'FF',9,0,1,'Average:','','',3,7),(130,'e143f8b4c6d4eeb6a28b052e6b8ce5a9',0,0,16,26,0,'FF',9,0,3,'Maximum:','','on',3,8),(131,'facfeeb6fc2255ba2985b2d2f695d78a',0,0,17,23,30,'FF',7,0,1,'Current Logins','','',2,1),(132,'2470e43034a5560260d79084432ed14f',0,0,17,23,0,'FF',9,0,4,'Current:','','',3,2),(133,'e9e645f07bde92b52d93a7a1f65efb30',0,0,17,23,0,'FF',9,0,1,'Average:','','',3,3),(134,'bdfe0d66103211cfdaa267a44a98b092',0,0,17,23,0,'FF',9,0,3,'Maximum:','','on',3,4),(139,'098b10c13a5701ddb7d4d1d2e2b0fdb7',0,0,18,30,9,'FF',7,0,1,'CPU Usage','','',2,1),(140,'1dbda412a9926b0ee5c025aa08f3b230',0,0,18,30,0,'FF',9,0,4,'Current:','','',3,2),(141,'725c45917146807b6a4257fc351f2bae',0,0,18,30,0,'FF',9,0,1,'Average:','','',3,3),(142,'4e336fdfeb84ce65f81ded0e0159a5e0',0,0,18,30,0,'FF',9,0,3,'Maximum:','','on',3,4),(143,'7dab7a3ceae2addd1cebddee6c483e7c',0,0,19,39,25,'FF',7,14,1,'Free Space','','',2,5),(144,'aea239f3ceea8c63d02e453e536190b8',0,0,19,39,0,'FF',9,14,4,'Current:','','',2,6),(145,'a0efae92968a6d4ae099b676e0f1430e',0,0,19,39,0,'FF',9,14,1,'Average:','','',2,7),(146,'4fd5ba88be16e3d513c9231b78ccf0e1',0,0,19,39,0,'FF',9,14,3,'Maximum:','','on',2,8),(147,'d2e98e51189e1d9be8888c3d5c5a4029',0,0,19,38,69,'FF',7,14,1,'Total Space','','',2,1),(148,'12829294ee3958f4a31a58a61228e027',0,0,19,38,0,'FF',9,14,4,'Current:','','',2,2),(149,'4b7e8755b0f2253723c1e9fb21fd37b1',0,0,19,38,0,'FF',9,14,1,'Average:','','',2,3),(150,'cbb19ffd7a0ead2bf61512e86d51ee8e',0,0,19,38,0,'FF',9,14,3,'Maximum:','','on',2,4),(151,'37b4cbed68f9b77e49149343069843b4',0,0,19,40,95,'FF',5,14,1,'Freeable Space','','',2,9),(152,'5eb7532200f2b5cc93e13743a7db027c',0,0,19,40,0,'FF',9,14,4,'Current:','','',2,10),(153,'b0f9f602fbeaaff090ea3f930b46c1c7',0,0,19,40,0,'FF',9,14,1,'Average:','','',2,11),(154,'06477f7ea46c63272cee7253e7cd8760',0,0,19,40,0,'FF',9,14,3,'Maximum:','','on',2,12),(171,'a751838f87068e073b95be9555c57bde',0,0,21,56,0,'FF',9,14,3,'Maximum:','','on',2,4),(170,'3b13eb2e542fe006c9bf86947a6854fa',0,0,21,56,0,'FF',9,14,1,'Average:','','',2,3),(169,'8ef3e7fb7ce962183f489725939ea40f',0,0,21,56,0,'FF',9,14,4,'Current:','','',2,2),(167,'6ca2161c37b0118786dbdb46ad767e5d',0,0,21,56,48,'FF',7,14,1,'Used','','',2,1),(159,'6877a2a5362a9390565758b08b9b37f7',0,0,20,43,77,'FF',7,0,1,'Used Directory Entries','','',2,1),(160,'a978834f3d02d833d3d2def243503bf2',0,0,20,43,0,'FF',9,0,4,'Current:','','',3,2),(161,'7422d87bc82de20a4333bd2f6460b2d4',0,0,20,43,0,'FF',9,0,1,'Average:','','',3,3),(162,'4d52762859a3fec297ebda0e7fd760d9',0,0,20,43,0,'FF',9,0,3,'Maximum:','','on',3,4),(163,'999d4ed1128ff03edf8ea47e56d361dd',0,0,20,42,1,'FF',5,0,1,'Available Directory Entries','','',2,5),(164,'3dfcd7f8c7a760ac89d34398af79b979',0,0,20,42,0,'FF',9,0,4,'Current:','','',3,6),(165,'217be75e28505c8f8148dec6b71b9b63',0,0,20,42,0,'FF',9,0,1,'Average:','','',3,7),(166,'69b89e1c5d6fc6182c93285b967f970a',0,0,20,42,0,'FF',9,0,3,'Maximum:','','on',3,8),(172,'5d6dff9c14c71dc1ebf83e87f1c25695',0,0,21,44,20,'FF',8,14,1,'Available','','',2,5),(173,'b27cb9a158187d29d17abddc6fdf0f15',0,0,21,44,0,'FF',9,14,4,'Current:','','',2,6),(174,'6c0555013bb9b964e51d22f108dae9b0',0,0,21,44,0,'FF',9,14,1,'Average:','','',2,7),(175,'42ce58ec17ef5199145fbf9c6ee39869',0,0,21,44,0,'FF',9,14,3,'Maximum:','','on',2,8),(176,'9bdff98f2394f666deea028cbca685f3',0,0,21,0,1,'FF',5,15,1,'Total','','',2,9),(177,'fb831fefcf602bc31d9d24e8e456c2e6',0,0,21,0,0,'FF',9,15,4,'Current:','','',2,10),(178,'5a958d56785a606c08200ef8dbf8deef',0,0,21,0,0,'FF',9,15,1,'Average:','','',2,11),(179,'5ce67a658cec37f526dc84ac9e08d6e7',0,0,21,0,0,'FF',9,15,3,'Maximum:','','on',2,12),(180,'7e04a041721df1f8828381a9ea2f2154',0,0,22,47,31,'FF',4,0,1,'Discards In','','',2,1),(181,'afc8bca6b1b3030a6d71818272336c6c',0,0,22,47,0,'FF',9,0,4,'Current:','','',2,2),(182,'6ac169785f5aeaf1cc5cdfd38dfcfb6c',0,0,22,47,0,'FF',9,0,1,'Average:','','',2,3),(183,'178c0a0ce001d36a663ff6f213c07505',0,0,22,47,0,'FF',9,0,3,'Maximum:','','on',2,4),(184,'8e3268c0abde7550616bff719f10ee2f',0,0,22,46,48,'FF',4,0,1,'Errors In','','',2,5),(185,'18891392b149de63b62c4258a68d75f8',0,0,22,46,0,'FF',9,0,4,'Current:','','',2,6),(186,'dfc9d23de0182c9967ae3dabdfa55a16',0,0,22,46,0,'FF',9,0,1,'Average:','','',2,7),(187,'c47ba64e2e5ea8bf84aceec644513176',0,0,22,46,0,'FF',9,0,3,'Maximum:','','on',2,8),(188,'9d052e7d632c479737fbfaced0821f79',0,0,23,49,71,'FF',4,0,1,'Unicast Packets Out','','',2,5),(189,'9b9fa6268571b6a04fa4411d8e08c730',0,0,23,49,0,'FF',9,0,4,'Current:','','',2,6),(190,'8e8f2fbeb624029cbda1d2a6ddd991ba',0,0,23,49,0,'FF',9,0,1,'Average:','','',2,7),(191,'c76495beb1ed01f0799838eb8a893124',0,0,23,49,0,'FF',9,0,3,'Maximum:','','on',2,8),(192,'d4e5f253f01c3ea77182c5a46418fc44',0,0,23,48,25,'FF',7,0,1,'Unicast Packets In','','',2,1),(193,'526a96add143da021c5f00d8764a6c12',0,0,23,48,0,'FF',9,0,4,'Current:','','',2,2),(194,'81eeb46f451212f00fd7caee42a81c0b',0,0,23,48,0,'FF',9,0,1,'Average:','','',2,3),(195,'089e4d1c3faeb00fd5dcc9622b06d656',0,0,23,48,0,'FF',9,0,3,'Maximum:','','on',2,4),(196,'fe66cb973966d22250de073405664200',0,0,24,53,25,'FF',7,0,1,'Non-Unicast Packets In','','',2,1),(197,'1ba3fc3466ad32fdd2669cac6cad6faa',0,0,24,53,0,'FF',9,0,4,'Current:','','',2,2),(198,'f810154d3a934c723c21659e66199cdf',0,0,24,53,0,'FF',9,0,1,'Average:','','',2,3),(199,'98a161df359b01304346657ff1a9d787',0,0,24,53,0,'FF',9,0,3,'Maximum:','','on',2,4),(200,'d5e55eaf617ad1f0516f6343b3f07c5e',0,0,24,52,71,'FF',4,0,1,'Non-Unicast Packets Out','','',2,5),(201,'9fde6b8c84089b9f9044e681162e7567',0,0,24,52,0,'FF',9,0,4,'Current:','','',2,6),(202,'9a3510727c3d9fa7e2e7a015783a99b3',0,0,24,52,0,'FF',9,0,1,'Average:','','',2,7),(203,'451afd23f2cb59ab9b975fd6e2735815',0,0,24,52,0,'FF',9,0,3,'Maximum:','','on',2,8),(204,'617d10dff9bbc3edd9d733d9c254da76',0,0,22,50,18,'FF',4,0,1,'Discards Out','','',2,9),(205,'9269a66502c34d00ac3c8b1fcc329ac6',0,0,22,50,0,'FF',9,0,4,'Current:','','',2,10),(206,'d45deed7e1ad8350f3b46b537ae0a933',0,0,22,50,0,'FF',9,0,1,'Average:','','',2,11),(207,'2f64cf47dc156e8c800ae03c3b893e3c',0,0,22,50,0,'FF',9,0,3,'Maximum:','','on',2,12),(208,'57434bef8cb21283c1a73f055b0ada19',0,0,22,51,89,'FF',4,0,1,'Errors Out','','',2,13),(209,'660a1b9365ccbba356fd142faaec9f04',0,0,22,51,0,'FF',9,0,4,'Current:','','',2,14),(210,'28c5297bdaedcca29acf245ef4bbed9e',0,0,22,51,0,'FF',9,0,1,'Average:','','',2,15),(211,'99098604fd0c78fd7dabac8f40f1fb29',0,0,22,51,0,'FF',9,0,3,'Maximum:','','on',2,16),(212,'de3eefd6d6c58afabdabcaf6c0168378',0,0,25,54,22,'FF',7,0,1,'Inbound','','',2,1),(213,'1a80fa108f5c46eecb03090c65bc9a12',0,0,25,54,0,'FF',9,0,4,'Current:','','',2,2),(214,'fe458892e7faa9d232e343d911e845f3',0,0,25,54,0,'FF',9,0,1,'Average:','','',2,3),(215,'175c0a68689bebc38aad2fbc271047b3',0,0,25,54,0,'FF',9,0,3,'Maximum:','','on',2,4),(216,'1bf2283106510491ddf3b9c1376c0b31',0,0,25,55,20,'FF',4,0,1,'Outbound','','',2,5),(217,'c5202f1690ffe45600c0d31a4a804f67',0,0,25,55,0,'FF',9,0,4,'Current:','','',2,6),(218,'eb9794e3fdafc2b74f0819269569ed40',0,0,25,55,0,'FF',9,0,1,'Average:','','',2,7),(219,'6bcedd61e3ccf7518ca431940c93c439',0,0,25,55,0,'FF',9,0,3,'Maximum:','','on',2,8),(303,'b7b381d47972f836785d338a3bef6661',0,0,26,78,0,'FF',9,0,3,'Maximum:','','on',2,8),(304,'36fa8063df3b07cece878d54443db727',0,0,26,78,0,'FF',9,0,1,'Average:','','',2,7),(305,'2c35b5cae64c5f146a55fcb416dd14b5',0,0,26,78,0,'FF',9,0,4,'Current:','','',2,6),(306,'16d6a9a7f608762ad65b0841e5ef4e9c',0,0,26,78,48,'FF',7,0,1,'Used','','',2,5),(307,'d80e4a4901ab86ee39c9cc613e13532f',0,0,26,92,20,'FF',7,0,1,'Total','','',2,1),(308,'567c2214ee4753aa712c3d101ea49a5d',0,0,26,92,0,'FF',9,0,4,'Current:','','',2,2),(309,'ba0b6a9e316ef9be66abba68b80f7587',0,0,26,92,0,'FF',9,0,1,'Average:','','',2,3),(310,'4b8e4a6bf2757f04c3e3a088338a2f7a',0,0,26,92,0,'FF',9,0,3,'Maximum:','','on',2,4),(317,'8536e034ab5268a61473f1ff2f6bd88f',0,0,27,79,0,'FF',9,0,1,'Average:','','',3,3),(316,'d478a76de1df9edf896c9ce51506c483',0,0,27,79,0,'FF',9,0,4,'Current:','','',3,2),(315,'42537599b5fb8ea852240b58a58633de',0,0,27,79,9,'FF',7,0,1,'CPU Utilization','','',2,1),(318,'87e10f9942b625aa323a0f39b60058e7',0,0,27,79,0,'FF',9,0,3,'Maximum:','','on',3,4),(319,'38f6891b0db92aa8950b4ce7ae902741',0,0,28,81,67,'FF',7,0,1,'Users','','',2,1),(320,'af13152956a20aa894ef4a4067b88f63',0,0,28,81,0,'FF',9,0,4,'Current:','','',3,2),(321,'1b2388bbede4459930c57dc93645284e',0,0,28,81,0,'FF',9,0,1,'Average:','','',3,3),(322,'6407dc226db1d03be9730f4d6f3eeccf',0,0,28,81,0,'FF',9,0,3,'Maximum:','','on',3,4),(323,'fca6a530c8f37476b9004a90b42ee988',0,0,29,80,48,'FF',7,0,1,'Running Processes','','',2,1),(324,'5acebbde3dc65e02f8fda03955852fbe',0,0,29,80,0,'FF',9,0,4,'Current:','','',3,2),(325,'311079ffffac75efaab2837df8123122',0,0,29,80,0,'FF',9,0,1,'Average:','','',3,3),(326,'724d27007ebf31016cfa5530fee1b867',0,0,29,80,0,'FF',9,0,3,'Maximum:','','on',3,4),(373,'1995d8c23e7d8e1efa2b2c55daf3c5a7',0,0,32,54,22,'FF',7,2,1,'Inbound','','',2,1),(358,'803b96bcaec33148901b4b562d9d2344',0,0,30,29,89,'FF',7,0,1,'Open Files','','',2,1),(359,'da26dd92666cb840f8a70e2ec5e90c07',0,0,30,29,0,'FF',9,0,4,'Current:','','',3,2),(360,'5258970186e4407ed31cca2782650c45',0,0,30,29,0,'FF',9,0,1,'Average:','','',3,3),(361,'7d08b996bde9cdc7efa650c7031137b4',0,0,30,29,0,'FF',9,0,3,'Maximum:','','on',3,4),(362,'918e6e7d41bb4bae0ea2937b461742a4',0,0,31,54,22,'FF',7,2,1,'Inbound','','',2,1),(363,'f19fbd06c989ea85acd6b4f926e4a456',0,0,31,54,0,'FF',9,2,4,'Current:','','',2,2),(364,'fc150a15e20c57e11e8d05feca557ef9',0,0,31,54,0,'FF',9,2,1,'Average:','','',2,3),(365,'ccbd86e03ccf07483b4d29e63612fb18',0,0,31,54,0,'FF',9,2,3,'Maximum:','','on',2,4),(366,'964c5c30cd05eaf5a49c0377d173de86',0,0,31,55,20,'FF',4,2,1,'Outbound','','',2,5),(367,'b1a6fb775cf62e79e1c4bc4933c7e4ce',0,0,31,55,0,'FF',9,2,4,'Current:','','',2,6),(368,'721038182a872ab266b5cf1bf7f7755c',0,0,31,55,0,'FF',9,2,1,'Average:','','',2,7),(369,'2302f80c2c70b897d12182a1fc11ecd6',0,0,31,55,0,'FF',9,2,3,'Maximum:','','on',2,8),(370,'4ffc7af8533d103748316752b70f8e3c',0,0,31,0,0,'FF',1,0,1,'','','',2,9),(371,'64527c4b6eeeaf627acc5117ff2180fd',0,0,31,55,9,'FF',2,0,1,'95th Percentile','|95:bits:0:max:2|','',2,10),(372,'d5bbcbdbf83ae858862611ac6de8fc62',0,0,31,55,0,'FF',1,0,1,'(|95:bits:6:max:2| mbit in+out)','','on',2,11),(374,'55083351cd728b82cc4dde68eb935700',0,0,32,54,0,'FF',9,2,4,'Current:','','',2,2),(375,'54782f71929e7d1734ed5ad4b8dda50d',0,0,32,54,0,'FF',9,2,1,'Average:','','',2,3),(376,'88d3094d5dc2164cbf2f974aeb92f051',0,0,32,54,0,'FF',9,2,3,'Maximum:','','on',2,4),(377,'4a381a8e87d4db1ac99cf8d9078266d3',0,0,32,55,20,'FF',4,2,1,'Outbound','','',2,6),(378,'5bff63207c7bf076d76ff3036b5dad54',0,0,32,55,0,'FF',9,2,4,'Current:','','',2,7),(379,'979fff9d691ca35e3f4b3383d9cae43f',0,0,32,55,0,'FF',9,2,1,'Average:','','',2,8),(380,'0e715933830112c23c15f7e3463f77b6',0,0,32,55,0,'FF',9,2,3,'Maximum:','','on',2,11),(383,'5b43e4102600ad75379c5afd235099c4',0,0,32,54,0,'FF',1,0,1,'Total In:  |sum:auto:current:2:auto|','','on',2,5),(384,'db7c15d253ca666601b3296f2574edc9',0,0,32,55,0,'FF',1,0,1,'Total Out: |sum:auto:current:2:auto|','','on',2,12),(385,'fdaec5b9227522c758ad55882c483a83',0,0,33,55,0,'FF',9,0,3,'Maximum:','','on',2,11),(386,'6824d29c3f13fe1e849f1dbb8377d3f1',0,0,33,55,0,'FF',9,0,1,'Average:','','',2,8),(387,'54e3971b3dd751dd2509f62721c12b41',0,0,33,55,0,'FF',9,0,4,'Current:','','',2,7),(388,'cf8c9f69878f0f595d583eac109a9be1',0,0,33,55,20,'FF',4,0,1,'Outbound','','',2,6),(389,'de265acbbfa99eb4b3e9f7e90c7feeda',0,0,33,54,0,'FF',9,0,3,'Maximum:','','on',2,4),(390,'777aa88fb0a79b60d081e0e3759f1cf7',0,0,33,54,0,'FF',9,0,1,'Average:','','',2,3),(391,'66bfdb701c8eeadffe55e926d6e77e71',0,0,33,54,0,'FF',9,0,4,'Current:','','',2,2),(392,'3ff8dba1ca6279692b3fcabed0bc2631',0,0,33,54,22,'FF',7,0,1,'Inbound','','',2,1),(393,'d6041d14f9c8fb9b7ddcf3556f763c03',0,0,33,55,0,'FF',1,0,1,'Total Out: |sum:auto:current:2:auto|','','on',2,12),(394,'76ae747365553a02313a2d8a0dd55c8a',0,0,33,54,0,'FF',1,0,1,'Total In:  |sum:auto:current:2:auto|','','on',2,5),(403,'8a1b44ab97d3b56207d0e9e77a035d25',0,0,13,95,30,'FF',8,14,1,'Cache Memory','','',2,9),(404,'6db3f439e9764941ff43fbaae348f5dc',0,0,13,95,0,'FF',9,14,4,'Current:','','',2,10),(405,'cc9b2fe7acf0820caa61c1519193f65e',0,0,13,95,0,'FF',9,14,1,'Average:','','',2,11),(406,'9eea140bdfeaa40d50c5cdcd1f23f72d',0,0,13,95,0,'FF',9,14,3,'Maximum:','','on',2,12),(407,'41316670b1a36171de2bda91a0cc2364',0,0,34,96,98,'FF',7,0,1,'','','',2,1),(408,'c9e8cbdca0215b434c902e68755903ea',0,0,34,96,0,'FF',9,0,4,'Current:','','',2,2),(409,'dab91d7093e720841393feea5bdcba85',0,0,34,96,0,'FF',9,0,1,'Average:','','',2,3),(410,'03e5bd2151fea3c90843eb1130b84458',0,0,34,96,0,'FF',9,0,3,'Maximum:','','on',2,4),(1603,'d09550931baa59c9d776b23ee5b1f72e',0,0,35,395,2,'FF',7,19,1,'CW Error-Free:','','',2,1),(1604,'4e14ad7ed417267f4af60a8742a051ad',0,0,35,395,0,'FF',9,0,4,'Current:','','',3,3),(1605,'0b0e4abc44cc0c09457ab4859889c4fa',0,0,35,395,0,'FF',9,0,1,'Average:','','',3,4),(1606,'2ba55ca1c29a44a7d7649cf9c6dce93e',0,0,35,395,0,'FF',9,0,3,'Maximum:','','on',3,5),(1607,'b3d69b0d0f51ca087e159e4cb578d196',0,0,35,394,2,'FF',4,0,1,'Corrected CW:','','',2,6),(1608,'ee212de9b053269c503f96a723cd50fe',0,0,35,394,0,'FF',9,16,4,'Current:','','',3,7),(1609,'9dd549cfd371355a2e65b23493de8a22',0,0,35,394,0,'FF',9,0,1,'Average:','','',3,8),(1610,'2bad75d86cd78f751e250caed9f894e0',0,0,35,394,0,'FF',9,0,3,'Maximum:','','on',3,9),(1611,'dd42c8799d168f0e91836a33e668642b',0,0,35,393,2,'FF',4,0,1,'CW with errors:','','',2,11),(1612,'807f1a354f84f84971a388702a21e666',0,0,35,393,0,'FF',9,0,4,'Current:','','',3,12),(1613,'c259e43c236d893f4aef116736ad3aea',0,0,35,393,0,'FF',9,0,1,'Average:','','',3,13),(1614,'b74963a806b67930bac3b84a8c9d08f3',0,0,35,393,0,'FF',9,0,3,'Maximum:','','on',3,14),(1615,'82eee5bc507024b2f69049554cc4f553',0,0,35,0,1,'FF',1,12,1,'Total CWs','','',2,15),(1616,'aaf081f7c9614adf85e1aa2a24d6e662',0,0,35,0,0,'FF',9,12,4,'Current:','','',3,16),(1617,'e3b2f47e730b5d1aa2264e48f95d1c01',0,0,35,0,0,'FF',9,12,1,'Average:','','',3,17),(1618,'d2413dd7d4f6834d834a35be85f9f7bb',0,0,35,0,0,'FF',9,12,3,'Maximum:','','on',3,18),(1619,'adda654bef8d5506962be5d32d1fa974',0,0,35,0,0,'FF',9,17,4,'Correctable Current:','','',5,19),(1620,'025dc0155e316b4765266afcacf24118',0,0,35,0,0,'FF',9,17,1,'Correctable Avg:','','',5,20),(1621,'43b7926b5858ac75be6a4a05a2802218',0,0,35,0,0,'FF',9,17,3,'Correctable Max:','','on',5,21),(1622,'8544ca1de9feb7f1ea63fa32c76c6904',0,0,35,0,0,'FF',9,18,4,'Uncorrectab Current:','','',5,22),(1623,'326eb2583b458e3a0ca599aad7c8d63a',0,0,35,0,0,'FF',9,18,1,'Uncorrectab Avg:','','',5,23),(1624,'f09f6a4ae86b96253513b4bfec3c6414',0,0,35,0,0,'FF',9,18,3,'Uncorrectab Max:','','on',5,24),(1625,'17088ce77f760e4683b3f7a32fa9aff0',0,0,35,0,91,'FF',6,17,3,'Correctable in %','','on',5,25),(1626,'55dc20e37bbe99fcb23b9387db5051a0',0,0,35,0,41,'FF',6,18,3,'Uncorrectab in %','','on',2,26),(1627,'058377029109cea4cb5c87edf51c232f',0,0,35,396,61,'FF',6,19,1,'SNR = Divided per 100 (3.00 = 30DB)','','',2,27),(1628,'fc73402f1a0fe5c1132b71e792bc9d3e',0,0,35,396,0,'FF',9,19,4,'Current:','','',2,28),(1629,'7fc3457a22cadb5461b3fb8421ab277a',0,0,36,398,1,'FF',6,20,1,'Total 100%','','',2,1),(1630,'5909a0eabb3b1e9de05e2b28600cf97c',0,0,36,398,0,'FF',9,20,4,'Current:','','on',3,3),(1631,'e3484ffedbec75e7e53a2f3f828ae1b0',0,0,36,397,105,'FF',7,21,1,'Bandwidth:','','',2,6),(1632,'6399819ab06d923234592601e448c85d',0,0,36,397,0,'FF',9,21,4,'Current:','','',3,7),(1633,'d1ad809564c3b872dcec4367e16147cd',0,0,36,397,0,'FF',9,21,1,'Average:','','',3,8),(1634,'1ed2b27338f9b7ce05de92f0e436f40a',0,0,36,397,0,'FF',9,21,3,'Maximum:','','on',3,9),(1635,'3eb0a337a5aaf69424e87ddf479387be',0,0,36,0,9,'FF',2,0,1,'> 75% Critical','75','on',2,10),(1636,'45990a17048e034b31f9997db7fb7b0d',0,0,37,400,82,'FF',7,0,1,'Registered Modems:','','',2,1),(1637,'f80949a4c3b181520521b92ddc08ee9b',0,0,37,400,0,'FF',9,0,4,'Current:','','',3,2),(1638,'fff99b44fb79269d7ec875d7d9870b97',0,0,37,400,0,'FF',9,0,1,'Average:','','',3,3),(1639,'7c3fff07907c0df0137e1e81a8abd053',0,0,37,400,0,'FF',9,0,3,'Maximum:','','on',3,4),(1640,'d9d9189a03e54783613aa2f49e7bd6eb',0,0,37,399,71,'FF',6,0,1,'Total Modems:','','',2,5),(1641,'60c809fe2eb4dfb0f3de1806f20bdd9c',0,0,37,399,0,'FF',9,0,4,'Current:','','',3,6),(1642,'07085e5fa73e04ed9aaa48a78d5af213',0,0,37,399,0,'FF',9,0,1,'Average:','','',3,7),(1643,'604036f3e467506154b679eff4a2c54e',0,0,37,399,0,'FF',9,0,3,'Maximum:','','',3,8),(1644,'cac1d53c28738e277c38366353a9cc4b',0,0,38,402,9,'FF',6,0,1,'Max UGS:','','',2,1),(1645,'e34bc05ece8bd1980d642ea1c6e1958a',0,0,38,402,0,'FF',9,0,4,'Current:','','',3,2),(1646,'1aa2b3e9645d141a33b110d87cf6ca67',0,0,38,402,0,'FF',9,0,1,'Average:','','',3,3),(1647,'ba72fdc382a687796464f029c8463671',0,0,38,402,0,'FF',9,0,3,'Maximum:','','on',3,4),(1648,'56c348918afbbf0ebc4b3e8a106e0122',0,0,38,401,16,'FF',6,0,1,'AVG UGS:','','',2,5),(1649,'d33eda9d290b18007237f86c09e0909e',0,0,38,401,0,'FF',9,0,4,'Current:','','',3,6),(1650,'131adccaf2e2da0c124458e422963b95',0,0,38,401,0,'FF',9,0,1,'Average:','','',3,7),(1651,'2695abf453b9c6bbf7ca41206d117e36',0,0,38,401,0,'FF',9,0,3,'Maximum:','','on',3,8),(1652,'c5b4fb978d99ed6f15cee355b1f2ccbc',0,0,38,403,7,'FF',6,0,1,'MIN UGS:','','',2,9),(1653,'581690f214f8ea3d6f73bf455fdc652a',0,0,38,403,0,'FF',9,0,4,'Current:','','',3,10),(1654,'4a12dc8ef2cb792791f8878939818a4b',0,0,38,403,0,'FF',9,0,1,'Average:','','',3,11),(1655,'f8cffbd92503c179031fed91c6f4d418',0,0,38,403,0,'FF',9,0,3,'Maximum:','','',3,12),(1656,'c3dad3693ff30441ce5c98f481428318',0,0,39,404,22,'FF',6,16,1,'SNR','','',2,1),(1657,'3de66df767e7fed67d54e482fcee5ce3',0,0,39,404,0,'FF',9,16,4,'Current:','','',3,2),(1658,'99971ccd842e79ebe35859237d2e85a3',0,0,39,404,0,'FF',9,16,2,'Minimum:','','',3,3),(1659,'b5844c9d39f3b0bcab5fa775e8550f83',0,0,39,404,0,'FF',9,16,1,'Average:','','',3,4),(1660,'0598aeef101bb71d9b334dbf79b3010a',0,0,39,404,0,'FF',9,16,3,'Maximum:','','',3,5),(1661,'72ebce5e47311f9296eb8ed31dfd6275',0,0,40,405,106,'FF',7,0,1,'Utilization','','',2,1),(1662,'faa0b429f15a4530ba0d58fa95f47344',0,0,40,405,0,'FF',9,0,4,'Current:','','',3,2),(1663,'7a30208dbd2a3af1b277764cd919eee4',0,0,40,405,0,'FF',9,0,1,'Average:','','',3,3),(1664,'2945dc569c0ca77bea088f03bd8acd28',0,0,40,405,0,'FF',9,0,3,'Maximum:','','on',3,4),(1665,'335ae826c3e4fa2dd93356676a617a71',0,0,40,406,1,'FF',6,0,1,'Mini-Slots','','',2,5),(1666,'1b463459809c7d01b65cd1785fa577f6',0,0,40,406,0,'FF',9,0,4,'Current:','','',3,6),(1667,'60a2dc8ad131c67e29a2ace528d7e204',0,0,40,406,0,'FF',9,0,2,'Minimum:','','',3,7),(1668,'9b209ba739fc1f235311d794052d5a6e',0,0,40,406,0,'FF',9,0,1,'Average:','','',4,8),(1669,'c9d78442b8586f2ad3b17d1624ad9b9c',0,0,40,406,0,'FF',9,0,3,'Max:','','on',4,9),(1670,'66a780034c3a9e51d412dfb994e973ca',0,0,40,0,9,'FF',2,0,1,'Maximum limit line 90% for good packets in Upstream','90','on',2,10),(1671,'18d77e5b088a6107206b1fd07d0ae944',0,0,40,0,43,'FF',2,0,1,'Minimum limit line 15% for free Mini-Slots in Upstream','15','',2,11),(43731,'',15,5206,2,10706,0,'FF',9,2,1,'Average:','','',2,7),(43730,'',14,5206,2,10706,0,'FF',9,2,4,'Current:','','',2,6),(43732,'',16,5206,2,10706,0,'FF',9,2,3,'Maximum:','','on',2,8),(43729,'',13,5206,2,10706,20,'FF',4,2,1,'Outbound','','',2,5),(43728,'',12,5206,2,10705,0,'FF',9,2,3,'Maximum:','','on',2,4),(43727,'',11,5206,2,10705,0,'FF',9,2,1,'Average:','','',2,3),(43726,'',10,5206,2,10705,0,'FF',9,2,4,'Current:','','',2,2),(43725,'',9,5206,2,10705,22,'FF',7,2,1,'Inbound','','',2,1),(45910,'',16,5469,2,11237,0,'FF',9,2,3,'Maximum:','','on',2,8),(45909,'',15,5469,2,11237,0,'FF',9,2,1,'Average:','','',2,7),(45908,'',14,5469,2,11237,0,'FF',9,2,4,'Current:','','',2,6),(45907,'',13,5469,2,11237,20,'FF',4,2,1,'Outbound','','',2,5),(45906,'',12,5469,2,11236,0,'FF',9,2,3,'Maximum:','','on',2,4),(45905,'',11,5469,2,11236,0,'FF',9,2,1,'Average:','','',2,3),(45904,'',10,5469,2,11236,0,'FF',9,2,4,'Current:','','',2,2),(45903,'',9,5469,2,11236,22,'FF',7,2,1,'Inbound','','',2,1),(45963,'',13,5476,2,11253,20,'FF',4,2,1,'Outbound','','',2,5),(45966,'',16,5476,2,11253,0,'FF',9,2,3,'Maximum:','','on',2,8),(45965,'',15,5476,2,11253,0,'FF',9,2,1,'Average:','','',2,7),(45964,'',14,5476,2,11253,0,'FF',9,2,4,'Current:','','',2,6),(17168,'2b30cbea3a3ec164ebfe39b3490099c9',0,0,41,4102,12,'99',7,0,1,'Read','','',2,1),(17169,'371836fb40ad398ce65f087a587470dc',0,0,41,4102,0,'FF',9,0,4,'Current:','','',2,2),(17170,'dbcbdbe1ef4f83420fb9291c67c2cf32',0,0,41,4102,0,'FF',9,0,1,'Average:','','',2,3),(17171,'97fe8ebf90087e1bfe217b00ba74dd89',0,0,41,4102,0,'FF',9,0,3,'Maximum:','','',2,4),(17172,'b24e2b6c6f6a42e2c4a08b074795bb1f',0,0,41,4102,90,'FF',4,0,3,'Peak','','on',2,5),(17173,'1806ba89a46eee2760b24cac62bea2ad',0,0,41,4103,107,'99',7,3,1,'Write','','',2,6),(17174,'77689ab71d375642a3afe73cdccc114e',0,0,41,4103,0,'FF',9,0,4,'Current:','','',2,7),(17175,'930cbf4e059917a54870713ba4c360d4',0,0,41,4103,0,'FF',9,0,1,'Average:','','',2,8),(17176,'14d765bb859b11ef0c3532058b3ad9c2',0,0,41,4103,0,'FF',9,0,3,'Maximum:','','',2,9),(17177,'837c6a71b8e7a352cb11366e166752f5',0,0,41,4103,9,'FF',4,3,3,'Peak','','on',2,10),(17178,'71ba2fb5ef32cea2342e02e059f33c1c',0,0,42,4104,12,'99',7,0,1,'Read','','',2,1),(17179,'9c1462bf27261afd2d09d5857356c032',0,0,42,4104,0,'FF',9,0,4,'Current:','','',2,2),(17180,'74e9b1e378fa33afaff638018d2b44cd',0,0,42,4104,0,'FF',9,0,1,'Average:','','',2,3),(17181,'d44b22d1aadc14470d3a72a42a2a0741',0,0,42,4104,0,'FF',9,0,3,'Maximum:','','',2,4),(17182,'7851a655324e4ebe2e6c543ec34ac452',0,0,42,4104,90,'FF',4,0,3,'Peak','','on',2,5),(17183,'33c08edd0b4e17a6dc48d339b52390db',0,0,42,4105,107,'99',7,3,1,'Write','','',2,6),(17184,'27ed3af1eaf851c2c38cc054fff2a81a',0,0,42,4105,0,'FF',9,0,4,'Current:','','',2,7),(17185,'ec7c9ca702e976fbb5b8dde5eff07a3d',0,0,42,4105,0,'FF',9,0,1,'Average:','','',2,8),(17186,'a34b3f3a504279ec79427628a1052da8',0,0,42,4105,0,'FF',9,0,3,'Maximum:','','',2,9),(17187,'22744ef7d6cee3cae17b78a046f9e956',0,0,42,4105,9,'FF',4,3,3,'Peak','','on',2,10),(44679,'',404,5324,13,10931,0,'FF',9,14,4,'Current:','','',2,10),(44653,'',35,5322,4,10926,0,'FF',9,0,1,'Average:','','',2,7),(44654,'',36,5322,4,10926,0,'FF',9,0,3,'Maximum:','','on',2,8),(44655,'',37,5322,4,10924,12,'FF',8,0,1,'Nice','','',2,9),(44656,'',38,5322,4,10924,0,'FF',9,0,4,'Current:','','',2,10),(44657,'',39,5322,4,10924,0,'FF',9,0,1,'Average:','','',2,11),(44658,'',40,5322,4,10924,0,'FF',9,0,3,'Maximum:','','on',2,12),(44659,'',41,5322,4,0,1,'FF',4,12,1,'Total','','',2,13),(44660,'',42,5322,4,0,0,'FF',9,12,4,'Current:','','',2,14),(44661,'',43,5322,4,0,0,'FF',9,12,1,'Average:','','',2,15),(44662,'',44,5322,4,0,0,'FF',9,12,3,'Maximum:','','on',2,16),(44663,'',80,5323,11,10927,15,'FF',7,0,1,'1 Minute Average','','',2,1),(44664,'',81,5323,11,10927,0,'FF',9,0,4,'Current:','','on',4,2),(44665,'',82,5323,11,10929,8,'FF',8,0,1,'5 Minute Average','','',2,3),(44666,'',83,5323,11,10929,0,'FF',9,0,4,'Current:','','on',4,4),(44667,'',84,5323,11,10928,9,'FF',8,0,1,'15 Minute Average','','',2,5),(44668,'',85,5323,11,10928,0,'FF',9,0,4,'Current:','','on',4,6),(44669,'',86,5323,11,0,1,'FF',4,12,1,'Total','','on',2,7),(44670,'',103,5324,13,10932,52,'FF',7,14,1,'Memory Free','','',2,1),(44671,'',104,5324,13,10932,0,'FF',9,14,4,'Current:','','',2,2),(44672,'',105,5324,13,10932,0,'FF',9,14,1,'Average:','','',2,3),(44673,'',106,5324,13,10932,0,'FF',9,14,3,'Maximum:','','on',2,4),(44674,'',107,5324,13,10930,35,'FF',8,14,1,'Memory Buffers','','',2,5),(44675,'',108,5324,13,10930,0,'FF',9,14,4,'Current:','','',2,6),(44676,'',109,5324,13,10930,0,'FF',9,14,1,'Average:','','',2,7),(44677,'',110,5324,13,10930,0,'FF',9,14,3,'Maximum:','','on',2,8),(44678,'',403,5324,13,10931,30,'FF',8,14,1,'Cache Memory','','',2,9),(19178,'',9,2233,2,4600,22,'FF',7,2,1,'Inbound','','',2,1),(19179,'',10,2233,2,4600,0,'FF',9,2,4,'Current:','','',2,2),(19180,'',11,2233,2,4600,0,'FF',9,2,1,'Average:','','',2,3),(19181,'',12,2233,2,4600,0,'FF',9,2,3,'Maximum:','','on',2,4),(19182,'',13,2233,2,4601,20,'FF',4,2,1,'Outbound','','',2,5),(19183,'',14,2233,2,4601,0,'FF',9,2,4,'Current:','','',2,6),(19184,'',15,2233,2,4601,0,'FF',9,2,1,'Average:','','',2,7),(19185,'',16,2233,2,4601,0,'FF',9,2,3,'Maximum:','','on',2,8),(19186,'',9,2234,2,4602,22,'FF',7,2,1,'Inbound','','',2,1),(19187,'',10,2234,2,4602,0,'FF',9,2,4,'Current:','','',2,2),(19188,'',11,2234,2,4602,0,'FF',9,2,1,'Average:','','',2,3),(19189,'',12,2234,2,4602,0,'FF',9,2,3,'Maximum:','','on',2,4),(19190,'',13,2234,2,4603,20,'FF',4,2,1,'Outbound','','',2,5),(19191,'',14,2234,2,4603,0,'FF',9,2,4,'Current:','','',2,6),(19192,'',15,2234,2,4603,0,'FF',9,2,1,'Average:','','',2,7),(19193,'',16,2234,2,4603,0,'FF',9,2,3,'Maximum:','','on',2,8),(19194,'',315,2235,27,4604,9,'FF',7,0,1,'CPU Utilization','','',2,1),(19195,'',316,2235,27,4604,0,'FF',9,0,4,'Current:','','',3,2),(19196,'',317,2235,27,4604,0,'FF',9,0,1,'Average:','','',3,3),(19197,'',318,2235,27,4604,0,'FF',9,0,3,'Maximum:','','on',3,4),(19198,'',315,2236,27,4605,9,'FF',7,0,1,'CPU Utilization','','',2,1),(19199,'',316,2236,27,4605,0,'FF',9,0,4,'Current:','','',3,2),(19200,'',317,2236,27,4605,0,'FF',9,0,1,'Average:','','',3,3),(19201,'',318,2236,27,4605,0,'FF',9,0,3,'Maximum:','','on',3,4),(24178,'8ca77534c0201027f657f44e21df779a',0,0,43,0,0,'FF',1,0,1,'[ICMP]','','on',2,1),(19266,'',180,2247,22,4623,31,'FF',4,0,1,'Discards In','','',2,1),(19267,'',181,2247,22,4623,0,'FF',9,0,4,'Current:','','',2,2),(19268,'',182,2247,22,4623,0,'FF',9,0,1,'Average:','','',2,3),(19269,'',183,2247,22,4623,0,'FF',9,0,3,'Maximum:','','on',2,4),(19270,'',184,2247,22,4622,48,'FF',4,0,1,'Errors In','','',2,5),(19271,'',185,2247,22,4622,0,'FF',9,0,4,'Current:','','',2,6),(19272,'',186,2247,22,4622,0,'FF',9,0,1,'Average:','','',2,7),(19273,'',187,2247,22,4622,0,'FF',9,0,3,'Maximum:','','on',2,8),(19274,'',204,2247,22,4624,18,'FF',4,0,1,'Discards Out','','',2,9),(19275,'',205,2247,22,4624,0,'FF',9,0,4,'Current:','','',2,10),(19276,'',206,2247,22,4624,0,'FF',9,0,1,'Average:','','',2,11),(19277,'',207,2247,22,4624,0,'FF',9,0,3,'Maximum:','','on',2,12),(19278,'',208,2247,22,4625,89,'FF',4,0,1,'Errors Out','','',2,13),(19279,'',209,2247,22,4625,0,'FF',9,0,4,'Current:','','',2,14),(19280,'',210,2247,22,4625,0,'FF',9,0,1,'Average:','','',2,15),(19281,'',211,2247,22,4625,0,'FF',9,0,3,'Maximum:','','on',2,16),(19282,'',180,2248,22,4627,31,'FF',4,0,1,'Discards In','','',2,1),(19283,'',181,2248,22,4627,0,'FF',9,0,4,'Current:','','',2,2),(19284,'',182,2248,22,4627,0,'FF',9,0,1,'Average:','','',2,3),(19285,'',183,2248,22,4627,0,'FF',9,0,3,'Maximum:','','on',2,4),(19286,'',184,2248,22,4626,48,'FF',4,0,1,'Errors In','','',2,5),(19287,'',185,2248,22,4626,0,'FF',9,0,4,'Current:','','',2,6),(19288,'',186,2248,22,4626,0,'FF',9,0,1,'Average:','','',2,7),(19289,'',187,2248,22,4626,0,'FF',9,0,3,'Maximum:','','on',2,8),(19290,'',204,2248,22,4628,18,'FF',4,0,1,'Discards Out','','',2,9),(19291,'',205,2248,22,4628,0,'FF',9,0,4,'Current:','','',2,10),(19292,'',206,2248,22,4628,0,'FF',9,0,1,'Average:','','',2,11),(19293,'',207,2248,22,4628,0,'FF',9,0,3,'Maximum:','','on',2,12),(19294,'',208,2248,22,4629,89,'FF',4,0,1,'Errors Out','','',2,13),(19295,'',209,2248,22,4629,0,'FF',9,0,4,'Current:','','',2,14),(19296,'',210,2248,22,4629,0,'FF',9,0,1,'Average:','','',2,15),(19297,'',211,2248,22,4629,0,'FF',9,0,3,'Maximum:','','on',2,16),(45962,'',12,5476,2,11252,0,'FF',9,2,3,'Maximum:','','on',2,4),(45961,'',11,5476,2,11252,0,'FF',9,2,1,'Average:','','',2,3),(45959,'',9,5476,2,11252,22,'FF',7,2,1,'Inbound','','',2,1),(45960,'',10,5476,2,11252,0,'FF',9,2,4,'Current:','','',2,2),(24179,'a527b64d58174f96e23f86a50ef181c2',0,0,43,5850,108,'FF',7,0,1,'UNREPLIED','','',2,2),(24180,'8d28c558bdbbbd9c7b956e3ccfc6ac76',0,0,43,5850,0,'FF',9,0,4,'Current:','','',3,3),(24181,'c1c064bb7e4b965a9e1e426932ab4e83',0,0,43,5850,0,'FF',9,0,2,'Minimum:','','',3,5),(24182,'8ff0736a75dacfb93e901a34cc2c6d33',0,0,43,5850,0,'FF',9,0,3,'Maximum:','','on',3,6),(24183,'d6de0ae41fbe3784bee5cc2cdd2ceb6d',0,0,43,5851,109,'FF',8,0,1,'HALF-ASSURED','','',2,7),(24184,'46e1462fdc3ed46214304ca686f74ab2',0,0,43,5851,0,'FF',9,0,4,'Current:','','',3,8),(24185,'eaa57193f89eca7ceb1ece1af576142a',0,0,43,5851,0,'FF',9,0,2,'Minimum:','','',3,14),(24186,'23ed070fdcbee31acaf86d4aaa36ec65',0,0,43,5851,0,'FF',9,0,3,'Maximum:','','on',3,15),(24187,'2e5fdf7d6cdc5684c974ef2875bc7084',0,0,43,0,0,'FF',1,0,1,'-----------------------------------------------------------------------','','on',2,16),(24188,'70b0706d523a565fff789b7cc7297af7',0,0,43,5852,1,'FF',4,0,1,'[ Total ICMP ]','','',2,17),(24189,'5fc078a45a5569e08ef59859e57a5695',0,0,43,5852,0,'FF',9,0,4,'Current:','','',3,19),(24190,'66e65ba8d9d18866accf010964b2de80',0,0,43,5852,0,'FF',9,0,2,'Minimum:','','',3,20),(24191,'46e25e8dba954ee64d138f822ee80b82',0,0,43,5852,0,'FF',9,0,3,'Maximum:','','on',3,21),(24192,'f7434ae241791c4b0b978711fa2ac7e1',0,0,43,0,0,'FF',1,0,1,'-----------------------------------------------------------------------','','on',2,22),(24193,'4b770b1eea4e9c844bc73e0b5a80833c',0,0,43,5850,1,'FF',4,0,1,'','','',2,23),(24194,'f557c5b4b034b433a535b88e0442c0d7',0,0,44,0,0,'FF',1,0,1,'[Protocol]','','on',2,1),(24195,'abd5a537eea45328396c324b904db0bb',0,0,44,5854,58,'FF',7,0,1,'TCP','','',2,2),(24196,'617717b95c804bac5637966901817ace',0,0,44,5854,0,'FF',9,0,4,'Current:','','',3,3),(24197,'2bd24beab9256a2e3f506f9ee1e32f40',0,0,44,5854,0,'FF',9,0,2,'Minimum:','','',3,4),(24198,'6af4479a651c552840a136c0e527cb5c',0,0,44,5854,0,'FF',9,0,3,'Maximum:','','on',3,5),(24199,'b2a062b42a9acb69bc3d55d4791bd62e',0,0,44,5865,31,'FF',8,0,1,'UDP','','',2,6),(24200,'05997f050ae8f1d9903d3f07886d5db3',0,0,44,5865,0,'FF',9,0,4,'Current:','','',3,7),(24201,'9a58f77250acb13bb11cca07b9897b14',0,0,44,5865,0,'FF',9,0,2,'Minimum:','','',3,8),(24202,'4e3eda719989b5ea399862ff4299263f',0,0,44,5865,0,'FF',9,0,3,'Maximum:','','on',3,9),(24203,'c680379dc690368740e928bdf8fc39ad',0,0,44,5868,18,'FF',8,0,1,'ICMP','','',3,10),(24204,'0313cc1e7145c7716af987977b773de1',0,0,44,5868,0,'FF',9,0,4,'Current:','','',3,11),(24205,'ce7000f0da5e6ccd13611a00798b1109',0,0,44,5868,0,'FF',9,0,2,'Minimum:','','',3,12),(24206,'86d50306b80c55acae07afbcd8234844',0,0,44,5868,0,'FF',9,0,3,'Maximum:','','on',3,13),(24207,'5001a6dc31ce9ef708e1ebb48e23ece6',0,0,44,5869,51,'FF',8,0,1,'IGMP','','',2,14),(24208,'e3a3d6437369f30411f9389c018a8932',0,0,44,5869,0,'FF',9,0,4,'Current:','','',3,15),(24209,'b61a78ec4620b64a6adf339c5e856437',0,0,44,5869,0,'FF',9,0,2,'Minimum:','','',3,16),(24210,'0c91257f345c4bc6a81eb592d1d26cab',0,0,44,5869,0,'FF',9,0,3,'Maximum:','','on',3,17),(24211,'4448625f07f65a3149bbec3c209d306f',0,0,44,5874,108,'FF',8,0,1,'Other','','',2,18),(24212,'48430aabe39918d4f31d9cd5abcaf6a0',0,0,44,5874,0,'FF',9,0,4,'Current:','','',3,19),(24213,'384608d564778cc25f0245b4f221a952',0,0,44,5874,0,'FF',9,0,2,'Minimum:','','',3,20),(24214,'1794f9ba370b7f22b5b17506796881e4',0,0,44,5874,0,'FF',9,0,3,'Maximum:','','on',3,21),(24215,'ca285e81c1fe71f2a0cbee98e0af081a',0,0,44,0,0,'FF',1,0,1,'----------------------------------------------------------------------------','','on',2,22),(24216,'20e26dab9d4ceb0e6dc9f3c9fa9721a5',0,0,44,5864,1,'FF',4,0,1,'[ Total ]','','',2,23),(24217,'72bbf9ce3ff53f17099f59d482d64e31',0,0,44,5864,0,'FF',9,0,4,'Current:','','',3,24),(24218,'f169328e5a155da902f7cd1f9aab32b0',0,0,44,5864,0,'FF',9,0,2,'Minimum:','','',3,25),(24219,'853ec92c26a3017f3fa19ba0a716585f',0,0,44,5864,0,'FF',9,0,3,'Maximum:','','on',3,26),(24220,'7c84ee912e7b213ae61dd06ab917aae2',0,0,44,0,0,'FF',1,0,1,'----------------------------------------------------------------------------','','on',2,27),(24221,'9c5642e19abd0a4fb79c06878128a3cc',0,0,44,5859,21,'FF',7,3,1,'UNREPLIED: TCP','','',2,28),(24222,'bc4c5995ef7a6a5b251e32c59d6c68bd',0,0,44,5859,0,'FF',9,0,4,'Current:','','',3,29),(24223,'08c9f61d0e18b302518771eb10a48a80',0,0,44,5859,0,'FF',9,0,2,'Minimum:','','',3,30),(24224,'d314a61406e4c9030f76361a3bc8d36e',0,0,44,5859,0,'FF',9,0,3,'Maximum:','','on',3,31),(24225,'9ebf7bd8111a6f26cd4c1af796632f3e',0,0,44,5856,73,'FF',8,3,1,'UNREPLIED: UDP','','',2,32),(24226,'91761cc479575393968ae9c9382513b3',0,0,44,5856,0,'FF',9,0,4,'Current:','','',3,33),(24227,'3a5db4838cda811c2521018d16d68578',0,0,44,5856,0,'FF',9,0,2,'Minimum:','','',3,34),(24228,'319fff2c1a4900452ffa44e08ea1b7b4',0,0,44,5856,0,'FF',9,0,3,'Maximum:','','on',3,35),(24229,'d292bfe4515160eb28e090acab8aae41',0,0,44,5862,7,'FF',8,3,1,'UNREPLIED: ICMP','','',2,36),(24230,'8fa44c8e66a6d31081381e7b24c089ee',0,0,44,5862,0,'FF',9,0,4,'Current:','','',3,37),(24231,'8346524378c0a1921f234dfa4db8c494',0,0,44,5862,0,'FF',9,0,2,'Minimum:','','',3,38),(24232,'7dd9c995d7f0fdeec21afc36785f4a8e',0,0,44,5862,0,'FF',9,0,3,'Maximum:','','on',3,39),(24233,'941b401fd3de0a651b91ee52eb31f0b4',0,0,44,5870,80,'FF',8,3,1,'UNREPLIED: IGMP','','',2,40),(24234,'d5152d9e7e77e4e7e6bda9dfdaaeb6ad',0,0,44,5870,0,'FF',9,0,4,'Current:','','',3,41),(24235,'b07c2002ae884f003eac1288de20addc',0,0,44,5870,0,'FF',9,0,2,'Minimum:','','',3,42),(24236,'6d4cdbb5310fc413d20c8d21a7a80329',0,0,44,5870,0,'FF',9,0,3,'Maximum:','','on',3,43),(24237,'f63ec6874db5683c30c7eb0786e00eb8',0,0,44,5873,63,'FF',8,3,1,'UNREPLIED: Other','','',2,44),(24238,'0b34e4f8aed4d57485a6acd0d7f3f25b',0,0,44,5873,0,'FF',9,0,4,'Current:','','',3,45),(24239,'4d7566a4760ba8caf1d7145de82beba9',0,0,44,5873,0,'FF',9,0,2,'Minimum:','','',3,46),(24240,'a3e81ff2fe1e1f81f2786ac9cd15e378',0,0,44,5873,0,'FF',9,0,3,'Maximum:','','on',3,47),(24241,'ef9ee709756d1457016cf030aee3651d',0,0,44,5853,1,'FF',1,0,1,'[ UNREPLIED: tot ]   ','','',2,48),(24242,'0bdd969ea5e5e8dfda6a6d8654a7820f',0,0,44,5853,0,'FF',9,0,4,'Current:','','',3,49),(24243,'002b1b5f82ceb4d400e984e2c3cad4a7',0,0,44,5853,0,'FF',9,0,2,'Minimum:','','',3,50),(24244,'2c2fd4f4cb0d468545a915a7f9fff72b',0,0,44,5853,0,'FF',9,0,3,'Maximum:','','on',3,51),(24245,'8d81fbf12068ea0dad3f8818c4318c4f',0,0,44,0,0,'FF',1,0,1,'----------------------------------------------------------------------------','','on',2,52),(24246,'dea1ef7cc8942af9f444a2dd4649b945',0,0,44,5860,46,'FF',8,3,1,'HALF-ASSURED: TCP','','',2,53),(24247,'04aa1ab8cf7361e65cad0d5e0f9da51d',0,0,44,5860,0,'FF',9,0,4,'Current:','','',3,54),(24248,'fcb1f8b3c8cfaf9f26f420ed5e5ed8e9',0,0,44,5860,0,'FF',9,0,2,'Minimum:','','',3,55),(24249,'84e1c8b3c44bf9014f1c1e4f27b52b09',0,0,44,5860,0,'FF',9,0,3,'Maximum:','','on',3,56),(24250,'2535f53a15a6d2d2801586308060f670',0,0,44,5857,109,'FF',8,3,1,'HALF-ASSURED: UDP','','',2,57),(24251,'81a60d68a823f0207ee61ab70c3aa5da',0,0,44,5857,0,'FF',9,0,4,'Current:','','',3,58),(24252,'96320e7565ee14e73297fa633e1773b5',0,0,44,5857,0,'FF',9,0,2,'Minimum:','','',3,59),(24253,'25e5deb87ce7b4e6f591af62aefd0bce',0,0,44,5857,0,'FF',9,0,3,'Maximum:','','on',3,60),(24254,'0f820e0a690dcbc2d86870e4351a7926',0,0,44,5863,15,'FF',8,3,1,'HALF-ASSURED: ICMP','','',2,61),(24255,'aa5b140e3d33e56000489e7fa3d3ac4f',0,0,44,5863,0,'FF',9,0,4,'Current:','','',3,62),(24256,'c93e7f8ce04db109fe9292fddeba1d12',0,0,44,5863,0,'FF',9,0,2,'Minimum:','','',3,63),(24257,'f076110304ddad7b6f3d7a1db48b4000',0,0,44,5863,0,'FF',9,0,3,'Maximum:','','on',3,64),(24258,'5bb5352cc5ea246d830925593030a728',0,0,44,5855,4,'FF',8,3,1,'HALF-ASSURED: IGMP','','',2,65),(24259,'45a54a5970b901ab1a7b2c7cad37986e',0,0,44,5855,0,'FF',9,0,4,'Current:','','',3,66),(24260,'c5c8fe9109f3bc5869c78bf084b926bf',0,0,44,5855,0,'FF',9,0,2,'Minimum:','','',3,67),(24261,'2df30981f1d9236056a01e2459ed499c',0,0,44,5855,0,'FF',9,0,3,'Maximum:','','on',3,68),(24262,'de97cb35aadf176dc5dd4cec1d321989',0,0,44,5872,2,'FF',8,3,1,'HALF-ASSURED: Other','','',2,69),(24263,'03eacf0aacb98d39298af508ec8fb397',0,0,44,5872,0,'FF',9,0,4,'Current:','','',3,70),(24264,'b542a7ff1f83eeb267b35a5165797296',0,0,44,5872,0,'FF',9,0,2,'Minimum:','','',3,71),(24265,'f804d2983fdd1c1191ca525f883740fe',0,0,44,5872,0,'FF',9,0,3,'Maximum:','','on',3,72),(24266,'65c088b0599234f06c789f63dedf1442',0,0,44,0,1,'FF',1,0,1,'[ HALF-ASSURED: tot ]','','',2,73),(24267,'e49b49b9d6f23c28198eb864d945d79c',0,0,44,5866,0,'FF',9,0,4,'Current:','','',3,74),(24268,'e1bdf4ab2c1434452f4a3d1f5186ce77',0,0,44,5866,0,'FF',9,0,2,'Minimum:','','',3,75),(24269,'c5a24c7a21fd997027944ab1969cc72c',0,0,44,5866,0,'FF',9,0,3,'Maximum:','','on',3,76),(24270,'a43e0f278005357e14d424875bc833fa',0,0,44,0,0,'FF',1,0,1,'----------------------------------------------------------------------------','','on',2,77),(24271,'2585e799131d58ff5dd815fe1c1dd32e',0,0,44,5861,93,'FF',8,3,1,'ASSURED: TCP','','',2,78),(24272,'1518067a2a300f36df3157cf089b1497',0,0,44,5861,0,'FF',9,0,4,'Current:','','',3,79),(24273,'232b4448e6a1c160ec318eb165fe85d8',0,0,44,5861,0,'FF',9,0,2,'Minimum:','','',3,80),(24274,'5c3703912d361d60b38de644bd94dcf9',0,0,44,5861,0,'FF',9,0,3,'Maximum:','','on',3,81),(24275,'b545a3eb8e2b109ad88a01a3119aad4c',0,0,44,5858,110,'FF',8,3,1,'ASSURED: UDP','','',2,82),(24276,'5e8842ee977a99a28a9bda912703fa27',0,0,44,5858,0,'FF',9,0,4,'Current:','','',3,83),(24277,'608ed71d117db6053ab3e75dc34d6b74',0,0,44,5858,0,'FF',9,0,2,'Minimum:','','',3,84),(24278,'203190a94427eff05c3a25f3693b6ef2',0,0,44,5858,0,'FF',9,0,3,'Maximum:','','on',3,85),(24279,'7348611dec5cbb5e0adb492360dcb69c',0,0,44,5871,92,'FF',8,3,1,'ASSURED: Other','','',2,86),(24280,'88aa4dc7f12e054d5cca374cf23bac85',0,0,44,5871,0,'FF',9,0,4,'Current:','','',3,87),(24281,'aecdef3017973dbb57a27bb1a3bdf055',0,0,44,5871,0,'FF',9,0,2,'Minimum:','','',3,88),(24282,'8bb027b066c5076e91e9aaa9050c3d2e',0,0,44,5871,0,'FF',9,0,3,'Maximum:','','on',3,89),(24283,'92bf97894151eb98e0552bc425423d4b',0,0,44,0,1,'FF',1,0,1,'[ ASSURED: tot ]\\t  ','','',2,90),(24284,'5bc84c11502ecc1eb1725a6df5872b2b',0,0,44,5867,0,'FF',9,0,4,'Current:','','',3,91),(24285,'2aa69c69518abbe713bc12dc0294ddde',0,0,44,5867,0,'FF',9,0,2,'Minimum:','','',3,92),(24286,'1e18db23307eb6e03060f3545807dff5',0,0,44,5867,0,'FF',9,0,3,'Maximum:','','on',3,93),(24287,'942e593a8ff54483538aac094a78117d',0,0,44,0,0,'FF',1,0,1,'----------------------------------------------------------------------------','','on',2,94),(24288,'a2dcb17efb66e5aa19fe8fe58863033d',0,0,44,5854,1,'FF',4,0,1,'','','',2,95),(24289,'add1bc9ee9acbe8925414caa7a6d7ba9',0,0,44,5853,1,'FF',4,3,1,'','','',2,96),(24290,'1be0ed5892d378fa55ab673ee95eb019',0,0,44,5864,1,'FF',4,3,1,'','','',2,97),(24291,'55b8a8e4cd9959262805622bbac4b0ee',0,0,45,0,0,'FF',1,0,1,'[TCP]','','on',2,1),(24292,'620a8d8545d454e246eaa4b88926ac50',0,0,45,5877,10,'FF',7,0,1,'ESTABLISHED','','',2,2),(24293,'9f53b83af49f3447037db515ae938423',0,0,45,5877,0,'FF',9,0,4,'Current:','','',3,3),(24294,'09d0bbf73960a3a663c927d9c4eef0b7',0,0,45,5877,0,'FF',9,0,2,'Minimum:','','',3,4),(24295,'c168323b9ba0a998923ec98ccdad0c22',0,0,45,5877,0,'FF',9,0,3,'Maximum:','','on',3,5),(24296,'020d1bdfa9f658cd5f2eb6842babdd2a',0,0,45,5878,97,'FF',8,0,1,'TIME_WAIT','','',2,6),(24297,'205fdf38fda999878c9b65ff15e053e1',0,0,45,5878,0,'FF',9,0,4,'Current:','','',3,7),(24298,'98eda1940deb2c9cb10d6c3d4a4442f3',0,0,45,5878,0,'FF',9,0,2,'Minimum:','','',3,8),(24299,'b9bf35eb8130afd7dd224119b9694be6',0,0,45,5878,0,'FF',9,0,3,'Maximum:','','on',3,9),(24300,'8f98f7a8dbfaf14e9bb0221b2da8f8b0',0,0,45,5879,108,'FF',8,0,1,'SYN_SENT','','',2,10),(24301,'6f95277cfbf0490d6c7461c126d8908d',0,0,45,5879,0,'FF',9,0,4,'Current:','','',3,11),(24302,'7d41c8f5b4858315a8974dd4e4cd5def',0,0,45,5879,0,'FF',9,0,2,'Minimum:','','',3,12),(24303,'ce3bcae79ca3f1d6f639969162d7d0d4',0,0,45,5879,0,'FF',9,0,3,'Maximum:','','on',3,13),(24304,'f71a17a31f7c6d5bcd01f177e8b368db',0,0,45,5880,109,'FF',8,0,1,'SYN_RECV','','',2,14),(24305,'43018e5dc824e746f7f4267c4c0154fb',0,0,45,5880,0,'FF',9,0,4,'Current:','','',3,15),(24306,'f2642888a1b6108dfd89c3d1b3e1635f',0,0,45,5880,0,'FF',9,0,2,'Minimum:','','',3,16),(24307,'bf7dc1ec5c7649421762127d48d2d7b7',0,0,45,5880,0,'FF',9,0,3,'Maximum:','','on',3,17),(24308,'1b56213a6ef68138b5071339d2577f29',0,0,45,5882,91,'FF',8,0,1,'CLOSE_WAIT','','',2,18),(24309,'66020c4a7fc6b91595b9aeb73fc07efc',0,0,45,5882,0,'FF',9,0,4,'Current:','','',3,19),(24310,'02bb2e06f4df84dd0f2b73e53f272b34',0,0,45,5882,0,'FF',9,0,2,'Minimum:','','',3,20),(24311,'29f5337fbf9db72e1f4fdb4bcb5dec80',0,0,45,5882,0,'FF',9,0,3,'Maximum:','','on',3,21),(24312,'56572d3a54dcfe0200736d82aec2b620',0,0,45,5881,31,'FF',8,0,1,'FIN_WAIT','','',2,22),(24313,'45b25b7a565cf5c0b8a325ab70315b22',0,0,45,5881,0,'FF',9,0,4,'Current:','','',3,23),(24314,'f009c0d3feecf60e84be1e581ef8c227',0,0,45,5881,0,'FF',9,0,2,'Minimum:','','',3,24),(24315,'2fd117584fecd909ef1e8c99414a9f18',0,0,45,5881,0,'FF',9,0,3,'Maximum:','','on',3,25),(24316,'3189b84b43d7f34e437f1854c41d4c7e',0,0,45,5883,13,'FF',8,0,1,'CLOSE','','',2,26),(24317,'765341da65dc2ad78d6fb517149801b9',0,0,45,5883,0,'FF',9,0,4,'Current:','','',3,27),(24318,'bac360237eefdb56d1caab4c831cfa43',0,0,45,5883,0,'FF',9,0,2,'Minimum:','','',3,28),(24319,'b5a7bcd443d571ac2b6198f5baedd860',0,0,45,5883,0,'FF',9,0,3,'Maximum:','','on',3,29),(24320,'81e6af7a2da28ead8441f647d0e4afce',0,0,45,5884,54,'FF',8,0,1,'LAST_ACK','','',2,30),(24321,'34bd2e7df8a022afb1150fdbcbe81560',0,0,45,5884,0,'FF',9,0,4,'Current:','','',3,31),(24322,'967f5fe2300cd21e36daa4b74afb042e',0,0,45,5884,0,'FF',9,0,2,'Minimum:','','',3,32),(24323,'9f873a95007dc648ed7d3ac67adecde0',0,0,45,5884,0,'FF',9,0,3,'Maximum:','','on',3,33),(24324,'cd3a8f44c71eb008c47b1ef3fcedd60c',0,0,45,0,0,'FF',1,0,1,'----------------------------------------------------------------------','','on',2,34),(24325,'51aace3808b25e968fd4e9c213d51f7f',0,0,45,5876,1,'FF',4,0,1,'[ Total TCP ]','','',2,35),(24326,'92e2921ad2a945c1746e5606b7527c9d',0,0,45,5876,0,'FF',9,0,4,'Current:','','',3,37),(24327,'c81c6448557f6f01467b185f3f1e529c',0,0,45,5876,0,'FF',9,0,2,'Minimum:','','',3,38),(24328,'494f5be01ca2f645ee74e12c44e0951b',0,0,45,5876,0,'FF',9,0,3,'Maximum:','','on',3,39),(24329,'e21446e061db970fa527bb3585d2535b',0,0,45,0,0,'FF',1,0,1,'----------------------------------------------------------------------','','on',2,41),(24330,'29735d31f853e434d28e3642258f428f',0,0,45,0,0,'FF',1,0,1,'[UNREPLIED]','','',2,42),(24331,'a7175ac2c8febbbe67d1d104a7b92b43',0,0,45,5875,0,'FF',9,0,4,'Current:','','',3,45),(24332,'831ddbc7dec7e4d4c3dc14d41184da2c',0,0,45,5875,0,'FF',9,0,2,'Minimum:','','',3,46),(24333,'50bd780d6904033bc4f70983fb788338',0,0,45,5875,0,'FF',9,0,3,'Maximum:','','on',3,47),(24334,'619defef00d400a5c4088fc0d15b7b8e',0,0,45,5886,0,'FF',1,0,1,'[HALF-ASSURED] ','','',2,48),(24335,'d1d5a6a0fc654f18c9af4f5cf6d32d54',0,0,45,5886,0,'FF',9,0,4,'Current:','','',3,50),(24336,'885acd5ef64cc180929255c1fb2f699d',0,0,45,5886,0,'FF',9,0,2,'Minimum:','','',3,51),(24337,'d21653eaf227d06460cb463904cf31e2',0,0,45,5886,0,'FF',9,0,3,'Maximum:','','on',3,52),(24338,'6c193d04dce70b6bc399cfc313663e1f',0,0,45,0,0,'FF',1,0,1,'[ASSURED]\\t ','','',2,53),(24339,'ac56be9a43f74205886318cc24f6a5f7',0,0,45,5885,0,'FF',9,0,4,'Current:','','',3,55),(24340,'e966318c270ea5eb4312cc44b23a4e67',0,0,45,5885,0,'FF',9,0,2,'Minimum:','','',3,56),(24341,'e3ef066b5b81444e05f35c5cbc3c5d2d',0,0,45,5885,0,'FF',9,0,3,'Maximum:','','on',3,57),(24342,'dbcd2bd1ac5fe0693a1f9e050dc53a83',0,0,45,0,0,'FF',1,0,1,'----------------------------------------------------------------------','','on',2,58),(24343,'ed007ab9d09efad5e06890d1568b11ba',0,0,45,5877,1,'FF',4,0,1,'','','',2,59),(24344,'c22714ee8a4d773a8375a68406790800',0,0,46,0,0,'FF',1,0,1,'[UDP]','','on',2,2),(24345,'5aef4248e3082050292a69e01a25b729',0,0,46,5887,66,'FF',7,0,1,'UNREPLIED','','',2,3),(24346,'6fd9afe7fd2e92662c94f33027a2224c',0,0,46,5887,0,'FF',9,0,4,'Current:','','',3,5),(24347,'3d711a4de9bdb1dd203a898b31c8a882',0,0,46,5887,0,'FF',9,0,2,'Minimum:','','',3,6),(24348,'400e3c06662739ad8e83441e508a37e0',0,0,46,5887,0,'FF',9,0,3,'Maximum:','','on',3,7),(24349,'722db6f5882824f78f35857a6049aa09',0,0,46,5889,109,'FF',8,0,1,'HALF-ASSURED','','',2,8),(24350,'e2a621d65b0f7f912b9203a2333c1064',0,0,46,5889,0,'FF',9,0,4,'Current:','','',3,10),(24351,'c3b3505c2f9f886e50b27ab081a19c9b',0,0,46,5889,0,'FF',9,0,2,'Minimum:','','',3,11),(24352,'17e3874e752efb62dc8ed4974fdf2315',0,0,46,5889,0,'FF',9,0,3,'Maximum:','','on',3,12),(24353,'851ae224fc8d156c0bdaf9f0e15a1ecf',0,0,46,5888,12,'FF',8,0,1,'ASSURED','','',2,13),(24354,'b225ec4f2400b0d3d6ae6e54d3f59938',0,0,46,5888,0,'FF',9,0,4,'Current:','','',3,16),(24355,'92e405f17e0bc345c48bc48f31d8010c',0,0,46,5888,0,'FF',9,0,2,'Minimum:','','',3,17),(24356,'5b368dcb84ec05cd2da8f6247c147cdd',0,0,46,5888,0,'FF',9,0,3,'Maximum:','','on',3,18),(24357,'7363deef904dca1d11497f554d0afcb8',0,0,46,0,0,'FF',1,0,1,'----------------------------------------------------------------------','','on',2,19),(24358,'64f14715091f395c55e507e76a39c4cc',0,0,46,5890,1,'FF',4,0,1,'[ Total UDP ]','','',2,20),(24359,'779fa9bf3b30087d44c8f8b9bb6566eb',0,0,46,5890,0,'FF',9,0,4,'Current:','','',3,22),(24360,'dc57b5d67d4434f0caab5fee92c185d9',0,0,46,5890,0,'FF',9,0,2,'Minimum:','','',3,23),(24361,'a9d0165b3954f52aaa64508a217fbb1a',0,0,46,5890,0,'FF',9,0,3,'Maximum:','','on',3,24),(24362,'769a6149137052d4bcb0f4bd4f656ca4',0,0,46,0,0,'FF',1,0,1,'----------------------------------------------------------------------','','on',2,25),(24363,'b5eaeca6fd30eaa64353b54b5fb934b4',0,0,46,5887,1,'FF',4,0,1,'','','',2,26),(44652,'',34,5322,4,10926,0,'FF',9,0,4,'Current:','','',2,6),(44651,'',33,5322,4,10926,21,'FF',8,0,1,'User','','',2,5),(44650,'',32,5322,4,10925,0,'FF',9,0,3,'Maximum:','','on',2,4),(44649,'',31,5322,4,10925,0,'FF',9,0,1,'Average:','','',2,3),(44648,'',30,5322,4,10925,0,'FF',9,0,4,'Current:','','',2,2),(44647,'',29,5322,4,10925,9,'FF',7,0,1,'System','','',2,1),(28134,'1faddc150e08cf8334573296394d83b3',0,0,47,6828,1,'FF',5,0,1,'','','',2,1),(28135,'1d01608d0f3cf14cfc1e8b1c50ae7277',0,0,47,6828,9,'FF',7,0,1,'Current CPU Util:','','',2,2),(28136,'462db2e5232f282014a01ec29593d45b',0,0,47,6828,0,'FF',9,0,1,'','','',2,3),(28137,'89c6516c985fec086da80df48ace8461',0,0,48,6829,1,'FF',5,0,1,'','','',2,1),(28138,'a6df78b24c9f4060c0060974593250b3',0,0,48,6829,92,'FF',7,0,1,'Temperature (c)','','',2,2),(28139,'1dfa9db833bb4892d9acc6917fa77a95',0,0,48,6829,0,'FF',9,0,1,'','','',2,3),(44455,'',16,5298,2,10875,0,'FF',9,2,3,'Maximum:','','on',2,8),(44454,'',15,5298,2,10875,0,'FF',9,2,1,'Average:','','',2,7),(44453,'',14,5298,2,10875,0,'FF',9,2,4,'Current:','','',2,6),(44452,'',13,5298,2,10875,20,'FF',4,2,1,'Outbound','','',2,5),(44451,'',12,5298,2,10874,0,'FF',9,2,3,'Maximum:','','on',2,4),(44450,'',11,5298,2,10874,0,'FF',9,2,1,'Average:','','',2,3),(44448,'',9,5298,2,10874,22,'FF',7,2,1,'Inbound','','',2,1),(44449,'',10,5298,2,10874,0,'FF',9,2,4,'Current:','','',2,2),(44389,'95798ae3f73d46450249365a95fa525f',0,0,49,0,0,'FF',9,2,3,'Maximum:','','on',2,8),(44388,'0d2fb7a0578f578d794cc48d4ba68709',0,0,49,0,0,'FF',9,2,1,'Average:','','',2,7),(44386,'73b351c771a6f3579e9db4a5902c174a',0,0,49,0,20,'FF',4,2,1,'Outbound','','',2,5),(44387,'0fbe1c9eaf86d26ca470e7ba50923ec8',0,0,49,0,0,'FF',9,2,4,'Current:','','',2,6),(44375,'3bf48f45283b07c6a21c07a189cfb828',0,0,49,0,0,'FF',9,2,3,'Maximum:','','on',2,4),(44367,'e556e09b36bfe16ef8e35d68569375d3',0,0,49,0,0,'FF',9,2,1,'Average:','','',2,3),(44365,'8e81c1a8df8b3e7e013abbc833317d94',0,0,49,0,22,'FF',7,2,1,'Inbound','','',2,1),(44366,'0146d79668dcb8d87c52f3eaba12f717',0,0,49,0,0,'FF',9,2,4,'Current:','','',2,2),(43319,'',12,5155,2,10604,0,'FF',9,2,3,'Maximum:','','on',2,4),(43318,'',11,5155,2,10604,0,'FF',9,2,1,'Average:','','',2,3),(43317,'',10,5155,2,10604,0,'FF',9,2,4,'Current:','','',2,2),(43316,'',9,5155,2,10604,22,'FF',7,2,1,'Inbound','','',2,1),(43315,'',16,5154,2,10603,0,'FF',9,2,3,'Maximum:','','on',2,8),(43314,'',15,5154,2,10603,0,'FF',9,2,1,'Average:','','',2,7),(43313,'',14,5154,2,10603,0,'FF',9,2,4,'Current:','','',2,6),(43312,'',13,5154,2,10603,20,'FF',4,2,1,'Outbound','','',2,5),(43311,'',12,5154,2,10602,0,'FF',9,2,3,'Maximum:','','on',2,4),(43310,'',11,5154,2,10602,0,'FF',9,2,1,'Average:','','',2,3),(43309,'',10,5154,2,10602,0,'FF',9,2,4,'Current:','','',2,2),(43308,'',9,5154,2,10602,22,'FF',7,2,1,'Inbound','','',2,1),(43307,'',16,5153,2,10601,0,'FF',9,2,3,'Maximum:','','on',2,8),(43306,'',15,5153,2,10601,0,'FF',9,2,1,'Average:','','',2,7),(43305,'',14,5153,2,10601,0,'FF',9,2,4,'Current:','','',2,6),(43304,'',13,5153,2,10601,20,'FF',4,2,1,'Outbound','','',2,5),(43303,'',12,5153,2,10600,0,'FF',9,2,3,'Maximum:','','on',2,4),(43302,'',11,5153,2,10600,0,'FF',9,2,1,'Average:','','',2,3),(43301,'',10,5153,2,10600,0,'FF',9,2,4,'Current:','','',2,2),(43300,'',9,5153,2,10600,22,'FF',7,2,1,'Inbound','','',2,1),(43299,'',16,5152,2,10599,0,'FF',9,2,3,'Maximum:','','on',2,8),(43298,'',15,5152,2,10599,0,'FF',9,2,1,'Average:','','',2,7),(43297,'',14,5152,2,10599,0,'FF',9,2,4,'Current:','','',2,6),(43296,'',13,5152,2,10599,20,'FF',4,2,1,'Outbound','','',2,5),(43295,'',12,5152,2,10598,0,'FF',9,2,3,'Maximum:','','on',2,4),(43294,'',11,5152,2,10598,0,'FF',9,2,1,'Average:','','',2,3),(43293,'',10,5152,2,10598,0,'FF',9,2,4,'Current:','','',2,2),(43292,'',9,5152,2,10598,22,'FF',7,2,1,'Inbound','','',2,1),(43291,'',16,5151,2,10597,0,'FF',9,2,3,'Maximum:','','on',2,8),(43290,'',15,5151,2,10597,0,'FF',9,2,1,'Average:','','',2,7),(43289,'',14,5151,2,10597,0,'FF',9,2,4,'Current:','','',2,6),(43288,'',13,5151,2,10597,20,'FF',4,2,1,'Outbound','','',2,5),(43287,'',12,5151,2,10596,0,'FF',9,2,3,'Maximum:','','on',2,4),(43286,'',11,5151,2,10596,0,'FF',9,2,1,'Average:','','',2,3),(43285,'',10,5151,2,10596,0,'FF',9,2,4,'Current:','','',2,2),(43284,'',9,5151,2,10596,22,'FF',7,2,1,'Inbound','','',2,1),(43283,'',16,5150,2,10595,0,'FF',9,2,3,'Maximum:','','on',2,8),(43282,'',15,5150,2,10595,0,'FF',9,2,1,'Average:','','',2,7),(43281,'',14,5150,2,10595,0,'FF',9,2,4,'Current:','','',2,6),(43280,'',13,5150,2,10595,20,'FF',4,2,1,'Outbound','','',2,5),(43279,'',12,5150,2,10594,0,'FF',9,2,3,'Maximum:','','on',2,4),(43278,'',11,5150,2,10594,0,'FF',9,2,1,'Average:','','',2,3),(43277,'',10,5150,2,10594,0,'FF',9,2,4,'Current:','','',2,2),(43276,'',9,5150,2,10594,22,'FF',7,2,1,'Inbound','','',2,1),(43275,'',16,5149,2,10593,0,'FF',9,2,3,'Maximum:','','on',2,8),(43274,'',15,5149,2,10593,0,'FF',9,2,1,'Average:','','',2,7),(43273,'',14,5149,2,10593,0,'FF',9,2,4,'Current:','','',2,6),(43272,'',13,5149,2,10593,20,'FF',4,2,1,'Outbound','','',2,5),(43271,'',12,5149,2,10592,0,'FF',9,2,3,'Maximum:','','on',2,4),(43270,'',11,5149,2,10592,0,'FF',9,2,1,'Average:','','',2,3),(43269,'',10,5149,2,10592,0,'FF',9,2,4,'Current:','','',2,2),(43268,'',9,5149,2,10592,22,'FF',7,2,1,'Inbound','','',2,1),(43267,'',16,5148,2,10591,0,'FF',9,2,3,'Maximum:','','on',2,8),(43266,'',15,5148,2,10591,0,'FF',9,2,1,'Average:','','',2,7),(43265,'',14,5148,2,10591,0,'FF',9,2,4,'Current:','','',2,6),(43264,'',13,5148,2,10591,20,'FF',4,2,1,'Outbound','','',2,5),(43263,'',12,5148,2,10590,0,'FF',9,2,3,'Maximum:','','on',2,4),(43262,'',11,5148,2,10590,0,'FF',9,2,1,'Average:','','',2,3),(43261,'',10,5148,2,10590,0,'FF',9,2,4,'Current:','','',2,2),(43260,'',9,5148,2,10590,22,'FF',7,2,1,'Inbound','','',2,1),(43259,'',16,5147,2,10589,0,'FF',9,2,3,'Maximum:','','on',2,8),(43258,'',15,5147,2,10589,0,'FF',9,2,1,'Average:','','',2,7),(43257,'',14,5147,2,10589,0,'FF',9,2,4,'Current:','','',2,6),(43256,'',13,5147,2,10589,20,'FF',4,2,1,'Outbound','','',2,5),(43255,'',12,5147,2,10588,0,'FF',9,2,3,'Maximum:','','on',2,4),(43254,'',11,5147,2,10588,0,'FF',9,2,1,'Average:','','',2,3),(43253,'',10,5147,2,10588,0,'FF',9,2,4,'Current:','','',2,2),(43252,'',9,5147,2,10588,22,'FF',7,2,1,'Inbound','','',2,1),(43251,'',16,5146,2,10587,0,'FF',9,2,3,'Maximum:','','on',2,8),(43250,'',15,5146,2,10587,0,'FF',9,2,1,'Average:','','',2,7),(43249,'',14,5146,2,10587,0,'FF',9,2,4,'Current:','','',2,6),(43248,'',13,5146,2,10587,20,'FF',4,2,1,'Outbound','','',2,5),(43247,'',12,5146,2,10586,0,'FF',9,2,3,'Maximum:','','on',2,4),(43246,'',11,5146,2,10586,0,'FF',9,2,1,'Average:','','',2,3),(43245,'',10,5146,2,10586,0,'FF',9,2,4,'Current:','','',2,2),(43244,'',9,5146,2,10586,22,'FF',7,2,1,'Inbound','','',2,1),(43243,'',16,5145,2,10585,0,'FF',9,2,3,'Maximum:','','on',2,8),(43242,'',15,5145,2,10585,0,'FF',9,2,1,'Average:','','',2,7),(43241,'',14,5145,2,10585,0,'FF',9,2,4,'Current:','','',2,6),(43240,'',13,5145,2,10585,20,'FF',4,2,1,'Outbound','','',2,5),(43239,'',12,5145,2,10584,0,'FF',9,2,3,'Maximum:','','on',2,4),(43238,'',11,5145,2,10584,0,'FF',9,2,1,'Average:','','',2,3),(43237,'',10,5145,2,10584,0,'FF',9,2,4,'Current:','','',2,2),(43236,'',9,5145,2,10584,22,'FF',7,2,1,'Inbound','','',2,1),(43235,'',16,5144,2,10583,0,'FF',9,2,3,'Maximum:','','on',2,8),(43234,'',15,5144,2,10583,0,'FF',9,2,1,'Average:','','',2,7),(43233,'',14,5144,2,10583,0,'FF',9,2,4,'Current:','','',2,6),(43232,'',13,5144,2,10583,20,'FF',4,2,1,'Outbound','','',2,5),(43231,'',12,5144,2,10582,0,'FF',9,2,3,'Maximum:','','on',2,4),(43230,'',11,5144,2,10582,0,'FF',9,2,1,'Average:','','',2,3),(43229,'',10,5144,2,10582,0,'FF',9,2,4,'Current:','','',2,2),(43228,'',9,5144,2,10582,22,'FF',7,2,1,'Inbound','','',2,1),(43227,'',16,5143,2,10581,0,'FF',9,2,3,'Maximum:','','on',2,8),(43226,'',15,5143,2,10581,0,'FF',9,2,1,'Average:','','',2,7),(43225,'',14,5143,2,10581,0,'FF',9,2,4,'Current:','','',2,6),(43224,'',13,5143,2,10581,20,'FF',4,2,1,'Outbound','','',2,5),(43223,'',12,5143,2,10580,0,'FF',9,2,3,'Maximum:','','on',2,4),(43222,'',11,5143,2,10580,0,'FF',9,2,1,'Average:','','',2,3),(43221,'',10,5143,2,10580,0,'FF',9,2,4,'Current:','','',2,2),(43220,'',9,5143,2,10580,22,'FF',7,2,1,'Inbound','','',2,1),(43219,'',16,5142,2,10579,0,'FF',9,2,3,'Maximum:','','on',2,8),(43218,'',15,5142,2,10579,0,'FF',9,2,1,'Average:','','',2,7),(43217,'',14,5142,2,10579,0,'FF',9,2,4,'Current:','','',2,6),(43216,'',13,5142,2,10579,20,'FF',4,2,1,'Outbound','','',2,5),(43215,'',12,5142,2,10578,0,'FF',9,2,3,'Maximum:','','on',2,4),(43214,'',11,5142,2,10578,0,'FF',9,2,1,'Average:','','',2,3),(43213,'',10,5142,2,10578,0,'FF',9,2,4,'Current:','','',2,2),(43212,'',9,5142,2,10578,22,'FF',7,2,1,'Inbound','','',2,1),(43211,'',16,5141,2,10577,0,'FF',9,2,3,'Maximum:','','on',2,8),(43210,'',15,5141,2,10577,0,'FF',9,2,1,'Average:','','',2,7),(43209,'',14,5141,2,10577,0,'FF',9,2,4,'Current:','','',2,6),(43208,'',13,5141,2,10577,20,'FF',4,2,1,'Outbound','','',2,5),(43207,'',12,5141,2,10576,0,'FF',9,2,3,'Maximum:','','on',2,4),(43206,'',11,5141,2,10576,0,'FF',9,2,1,'Average:','','',2,3),(43205,'',10,5141,2,10576,0,'FF',9,2,4,'Current:','','',2,2),(43204,'',9,5141,2,10576,22,'FF',7,2,1,'Inbound','','',2,1),(43203,'',16,5140,2,10575,0,'FF',9,2,3,'Maximum:','','on',2,8),(43202,'',15,5140,2,10575,0,'FF',9,2,1,'Average:','','',2,7),(43201,'',14,5140,2,10575,0,'FF',9,2,4,'Current:','','',2,6),(43200,'',13,5140,2,10575,20,'FF',4,2,1,'Outbound','','',2,5),(43199,'',12,5140,2,10574,0,'FF',9,2,3,'Maximum:','','on',2,4),(43198,'',11,5140,2,10574,0,'FF',9,2,1,'Average:','','',2,3),(43197,'',10,5140,2,10574,0,'FF',9,2,4,'Current:','','',2,2),(43196,'',9,5140,2,10574,22,'FF',7,2,1,'Inbound','','',2,1),(43195,'',16,5139,2,10573,0,'FF',9,2,3,'Maximum:','','on',2,8),(43194,'',15,5139,2,10573,0,'FF',9,2,1,'Average:','','',2,7),(43193,'',14,5139,2,10573,0,'FF',9,2,4,'Current:','','',2,6),(43192,'',13,5139,2,10573,20,'FF',4,2,1,'Outbound','','',2,5),(43191,'',12,5139,2,10572,0,'FF',9,2,3,'Maximum:','','on',2,4),(43190,'',11,5139,2,10572,0,'FF',9,2,1,'Average:','','',2,3),(43189,'',10,5139,2,10572,0,'FF',9,2,4,'Current:','','',2,2),(43188,'',9,5139,2,10572,22,'FF',7,2,1,'Inbound','','',2,1),(43187,'',16,5138,2,10571,0,'FF',9,2,3,'Maximum:','','on',2,8),(43186,'',15,5138,2,10571,0,'FF',9,2,1,'Average:','','',2,7),(43185,'',14,5138,2,10571,0,'FF',9,2,4,'Current:','','',2,6),(43184,'',13,5138,2,10571,20,'FF',4,2,1,'Outbound','','',2,5),(43183,'',12,5138,2,10570,0,'FF',9,2,3,'Maximum:','','on',2,4),(43182,'',11,5138,2,10570,0,'FF',9,2,1,'Average:','','',2,3),(43181,'',10,5138,2,10570,0,'FF',9,2,4,'Current:','','',2,2),(43180,'',9,5138,2,10570,22,'FF',7,2,1,'Inbound','','',2,1),(43179,'',16,5137,2,10569,0,'FF',9,2,3,'Maximum:','','on',2,8),(43178,'',15,5137,2,10569,0,'FF',9,2,1,'Average:','','',2,7),(43177,'',14,5137,2,10569,0,'FF',9,2,4,'Current:','','',2,6),(43176,'',13,5137,2,10569,20,'FF',4,2,1,'Outbound','','',2,5),(43175,'',12,5137,2,10568,0,'FF',9,2,3,'Maximum:','','on',2,4),(43174,'',11,5137,2,10568,0,'FF',9,2,1,'Average:','','',2,3),(43173,'',10,5137,2,10568,0,'FF',9,2,4,'Current:','','',2,2),(43172,'',9,5137,2,10568,22,'FF',7,2,1,'Inbound','','',2,1),(44688,'',15,5325,2,10934,0,'FF',9,2,1,'Average:','','',2,7),(44687,'',14,5325,2,10934,0,'FF',9,2,4,'Current:','','',2,6),(44686,'',13,5325,2,10934,20,'FF',4,2,1,'Outbound','','',2,5),(44685,'',12,5325,2,10933,0,'FF',9,2,3,'Maximum:','','on',2,4),(44684,'',11,5325,2,10933,0,'FF',9,2,1,'Average:','','',2,3),(44683,'',10,5325,2,10933,0,'FF',9,2,4,'Current:','','',2,2),(44682,'',9,5325,2,10933,22,'FF',7,2,1,'Inbound','','',2,1),(44680,'',405,5324,13,10931,0,'FF',9,14,1,'Average:','','',2,11),(44681,'',406,5324,13,10931,0,'FF',9,14,3,'Maximum:','','on',2,12),(44694,'',13,5326,2,10936,20,'FF',4,2,1,'Outbound','','',2,5),(44693,'',12,5326,2,10935,0,'FF',9,2,3,'Maximum:','','on',2,4),(44692,'',11,5326,2,10935,0,'FF',9,2,1,'Average:','','',2,3),(44691,'',10,5326,2,10935,0,'FF',9,2,4,'Current:','','',2,2),(44690,'',9,5326,2,10935,22,'FF',7,2,1,'Inbound','','',2,1),(44689,'',16,5325,2,10934,0,'FF',9,2,3,'Maximum:','','on',2,8),(44479,'',16,5301,2,10881,0,'FF',9,2,3,'Maximum:','','on',2,8),(44478,'',15,5301,2,10881,0,'FF',9,2,1,'Average:','','',2,7),(44477,'',14,5301,2,10881,0,'FF',9,2,4,'Current:','','',2,6),(44476,'',13,5301,2,10881,20,'FF',4,2,1,'Outbound','','',2,5),(44475,'',12,5301,2,10880,0,'FF',9,2,3,'Maximum:','','on',2,4),(44474,'',11,5301,2,10880,0,'FF',9,2,1,'Average:','','',2,3),(44473,'',10,5301,2,10880,0,'FF',9,2,4,'Current:','','',2,2),(44472,'',9,5301,2,10880,22,'FF',7,2,1,'Inbound','','',2,1),(44471,'',16,5300,2,10879,0,'FF',9,2,3,'Maximum:','','on',2,8),(44470,'',15,5300,2,10879,0,'FF',9,2,1,'Average:','','',2,7),(44469,'',14,5300,2,10879,0,'FF',9,2,4,'Current:','','',2,6),(44468,'',13,5300,2,10879,20,'FF',4,2,1,'Outbound','','',2,5),(44467,'',12,5300,2,10878,0,'FF',9,2,3,'Maximum:','','on',2,4),(44466,'',11,5300,2,10878,0,'FF',9,2,1,'Average:','','',2,3),(44465,'',10,5300,2,10878,0,'FF',9,2,4,'Current:','','',2,2),(44464,'',9,5300,2,10878,22,'FF',7,2,1,'Inbound','','',2,1),(43320,'',13,5155,2,10605,20,'FF',4,2,1,'Outbound','','',2,5),(43321,'',14,5155,2,10605,0,'FF',9,2,4,'Current:','','',2,6),(43322,'',15,5155,2,10605,0,'FF',9,2,1,'Average:','','',2,7),(43323,'',16,5155,2,10605,0,'FF',9,2,3,'Maximum:','','on',2,8),(43324,'',9,5156,2,10606,22,'FF',7,2,1,'Inbound','','',2,1),(43325,'',10,5156,2,10606,0,'FF',9,2,4,'Current:','','',2,2),(43326,'',11,5156,2,10606,0,'FF',9,2,1,'Average:','','',2,3),(43327,'',12,5156,2,10606,0,'FF',9,2,3,'Maximum:','','on',2,4),(43328,'',13,5156,2,10607,20,'FF',4,2,1,'Outbound','','',2,5),(43329,'',14,5156,2,10607,0,'FF',9,2,4,'Current:','','',2,6),(43330,'',15,5156,2,10607,0,'FF',9,2,1,'Average:','','',2,7),(43331,'',16,5156,2,10607,0,'FF',9,2,3,'Maximum:','','on',2,8),(43332,'',9,5157,2,10608,22,'FF',7,2,1,'Inbound','','',2,1),(43333,'',10,5157,2,10608,0,'FF',9,2,4,'Current:','','',2,2),(43334,'',11,5157,2,10608,0,'FF',9,2,1,'Average:','','',2,3),(43335,'',12,5157,2,10608,0,'FF',9,2,3,'Maximum:','','on',2,4),(43336,'',13,5157,2,10609,20,'FF',4,2,1,'Outbound','','',2,5),(43337,'',14,5157,2,10609,0,'FF',9,2,4,'Current:','','',2,6),(43338,'',15,5157,2,10609,0,'FF',9,2,1,'Average:','','',2,7),(43339,'',16,5157,2,10609,0,'FF',9,2,3,'Maximum:','','on',2,8),(43340,'',9,5158,2,10610,22,'FF',7,2,1,'Inbound','','',2,1),(43341,'',10,5158,2,10610,0,'FF',9,2,4,'Current:','','',2,2),(43342,'',11,5158,2,10610,0,'FF',9,2,1,'Average:','','',2,3),(43343,'',12,5158,2,10610,0,'FF',9,2,3,'Maximum:','','on',2,4),(43344,'',13,5158,2,10611,20,'FF',4,2,1,'Outbound','','',2,5),(43345,'',14,5158,2,10611,0,'FF',9,2,4,'Current:','','',2,6),(43346,'',15,5158,2,10611,0,'FF',9,2,1,'Average:','','',2,7),(43347,'',16,5158,2,10611,0,'FF',9,2,3,'Maximum:','','on',2,8),(43348,'',9,5159,2,10612,22,'FF',7,2,1,'Inbound','','',2,1),(43349,'',10,5159,2,10612,0,'FF',9,2,4,'Current:','','',2,2),(43350,'',11,5159,2,10612,0,'FF',9,2,1,'Average:','','',2,3),(43351,'',12,5159,2,10612,0,'FF',9,2,3,'Maximum:','','on',2,4),(43352,'',13,5159,2,10613,20,'FF',4,2,1,'Outbound','','',2,5),(43353,'',14,5159,2,10613,0,'FF',9,2,4,'Current:','','',2,6),(43354,'',15,5159,2,10613,0,'FF',9,2,1,'Average:','','',2,7),(43355,'',16,5159,2,10613,0,'FF',9,2,3,'Maximum:','','on',2,8),(43356,'',9,5160,2,10614,22,'FF',7,2,1,'Inbound','','',2,1),(43357,'',10,5160,2,10614,0,'FF',9,2,4,'Current:','','',2,2),(43358,'',11,5160,2,10614,0,'FF',9,2,1,'Average:','','',2,3),(43359,'',12,5160,2,10614,0,'FF',9,2,3,'Maximum:','','on',2,4),(43360,'',13,5160,2,10615,20,'FF',4,2,1,'Outbound','','',2,5),(43361,'',14,5160,2,10615,0,'FF',9,2,4,'Current:','','',2,6),(43362,'',15,5160,2,10615,0,'FF',9,2,1,'Average:','','',2,7),(43363,'',16,5160,2,10615,0,'FF',9,2,3,'Maximum:','','on',2,8),(44519,'',9,5306,2,10892,22,'FF',7,2,1,'Inbound','','',2,1),(44520,'',10,5306,2,10892,0,'FF',9,2,4,'Current:','','',2,2),(44521,'',11,5306,2,10892,0,'FF',9,2,1,'Average:','','',2,3),(44522,'',12,5306,2,10892,0,'FF',9,2,3,'Maximum:','','on',2,4),(44523,'',13,5306,2,10893,20,'FF',4,2,1,'Outbound','','',2,5),(44524,'',14,5306,2,10893,0,'FF',9,2,4,'Current:','','',2,6),(44525,'',15,5306,2,10893,0,'FF',9,2,1,'Average:','','',2,7),(44526,'',16,5306,2,10893,0,'FF',9,2,3,'Maximum:','','on',2,8),(44527,'',9,5307,2,10894,22,'FF',7,2,1,'Inbound','','',2,1),(44528,'',10,5307,2,10894,0,'FF',9,2,4,'Current:','','',2,2),(44529,'',11,5307,2,10894,0,'FF',9,2,1,'Average:','','',2,3),(44530,'',12,5307,2,10894,0,'FF',9,2,3,'Maximum:','','on',2,4),(44531,'',13,5307,2,10895,20,'FF',4,2,1,'Outbound','','',2,5),(44532,'',14,5307,2,10895,0,'FF',9,2,4,'Current:','','',2,6),(44533,'',15,5307,2,10895,0,'FF',9,2,1,'Average:','','',2,7),(44534,'',16,5307,2,10895,0,'FF',9,2,3,'Maximum:','','on',2,8),(44697,'',16,5326,2,10936,0,'FF',9,2,3,'Maximum:','','on',2,8),(44696,'',15,5326,2,10936,0,'FF',9,2,1,'Average:','','',2,7),(44695,'',14,5326,2,10936,0,'FF',9,2,4,'Current:','','',2,6),(44646,'',16,5321,2,10923,0,'FF',9,2,3,'Maximum:','','on',2,8),(44645,'',15,5321,2,10923,0,'FF',9,2,1,'Average:','','',2,7),(44644,'',14,5321,2,10923,0,'FF',9,2,4,'Current:','','',2,6),(44643,'',13,5321,2,10923,20,'FF',4,2,1,'Outbound','','',2,5),(44642,'',12,5321,2,10922,0,'FF',9,2,3,'Maximum:','','on',2,4),(44641,'',11,5321,2,10922,0,'FF',9,2,1,'Average:','','',2,3),(44640,'',10,5321,2,10922,0,'FF',9,2,4,'Current:','','',2,2),(44639,'',9,5321,2,10922,22,'FF',7,2,1,'Inbound','','',2,1),(45738,'',28134,5457,47,11197,1,'FF',5,0,1,'','','',2,1),(45739,'',28135,5457,47,11197,9,'FF',7,0,1,'Current CPU Util:','','',2,2),(45740,'',28136,5457,47,11197,0,'FF',9,0,1,'','','',2,3),(45741,'',28137,5458,48,11198,1,'FF',5,0,1,'','','',2,1),(45742,'',28138,5458,48,11198,92,'FF',7,0,1,'Temperature (c)','','',2,2),(45743,'',28139,5458,48,11198,0,'FF',9,0,1,'','','',2,3),(45744,'',28134,5459,47,11199,1,'FF',5,0,1,'','','',2,1),(45745,'',28135,5459,47,11199,9,'FF',7,0,1,'Current CPU Util:','','',2,2),(45746,'',28136,5459,47,11199,0,'FF',9,0,1,'','','',2,3),(45747,'',28137,5460,48,11200,1,'FF',5,0,1,'','','',2,1),(45748,'',28138,5460,48,11200,92,'FF',7,0,1,'Temperature (c)','','',2,2),(45749,'',28139,5460,48,11200,0,'FF',9,0,1,'','','',2,3),(45750,'',139,5461,18,11201,109,'FF',7,0,1,'CPU Usage','','',2,1),(45751,'',140,5461,18,11201,0,'FF',9,0,4,'Current:','','',3,2),(45752,'',141,5461,18,11201,0,'FF',9,0,1,'Average:','','',3,3),(45753,'',142,5461,18,11201,0,'FF',9,0,3,'Maximum:','','on',3,4),(45754,'',24178,5462,43,0,0,'FF',1,0,1,'[ICMP]','','on',2,1),(45755,'',24179,5462,43,11202,108,'FF',7,0,1,'UNREPLIED','','',2,2),(45756,'',24180,5462,43,11202,0,'FF',9,0,4,'Current:','','',3,3),(45757,'',24181,5462,43,11202,0,'FF',9,0,2,'Minimum:','','',3,5),(45758,'',24182,5462,43,11202,0,'FF',9,0,3,'Maximum:','','on',3,6),(45759,'',24183,5462,43,11203,109,'FF',8,0,1,'HALF-ASSURED','','',2,7),(45760,'',24184,5462,43,11203,0,'FF',9,0,4,'Current:','','',3,8),(45761,'',24185,5462,43,11203,0,'FF',9,0,2,'Minimum:','','',3,14),(45762,'',24186,5462,43,11203,0,'FF',9,0,3,'Maximum:','','on',3,15),(45763,'',24187,5462,43,0,0,'FF',1,0,1,'-----------------------------------------------------------------------','','on',2,16),(45764,'',24188,5462,43,11204,1,'FF',4,0,1,'[ Total ICMP ]','','',2,17),(45765,'',24189,5462,43,11204,0,'FF',9,0,4,'Current:','','',3,19),(45766,'',24190,5462,43,11204,0,'FF',9,0,2,'Minimum:','','',3,20),(45767,'',24191,5462,43,11204,0,'FF',9,0,3,'Maximum:','','on',3,21),(45768,'',24192,5462,43,0,0,'FF',1,0,1,'-----------------------------------------------------------------------','','on',2,22),(45769,'',24193,5462,43,11202,1,'FF',4,0,1,'','','',2,23),(45770,'',24194,5463,44,0,0,'FF',1,0,1,'[Protocol]','','on',2,1),(45771,'',24195,5463,44,11206,58,'FF',7,0,1,'TCP','','',2,2),(45772,'',24196,5463,44,11206,0,'FF',9,0,4,'Current:','','',3,3),(45773,'',24197,5463,44,11206,0,'FF',9,0,2,'Minimum:','','',3,4),(45774,'',24198,5463,44,11206,0,'FF',9,0,3,'Maximum:','','on',3,5),(45775,'',24199,5463,44,11217,31,'FF',8,0,1,'UDP','','',2,6),(45776,'',24200,5463,44,11217,0,'FF',9,0,4,'Current:','','',3,7),(45777,'',24201,5463,44,11217,0,'FF',9,0,2,'Minimum:','','',3,8),(45778,'',24202,5463,44,11217,0,'FF',9,0,3,'Maximum:','','on',3,9),(45779,'',24203,5463,44,11220,18,'FF',8,0,1,'ICMP','','',3,10),(45780,'',24204,5463,44,11220,0,'FF',9,0,4,'Current:','','',3,11),(45781,'',24205,5463,44,11220,0,'FF',9,0,2,'Minimum:','','',3,12),(45782,'',24206,5463,44,11220,0,'FF',9,0,3,'Maximum:','','on',3,13),(45783,'',24207,5463,44,11221,51,'FF',8,0,1,'IGMP','','',2,14),(45784,'',24208,5463,44,11221,0,'FF',9,0,4,'Current:','','',3,15),(45785,'',24209,5463,44,11221,0,'FF',9,0,2,'Minimum:','','',3,16),(45786,'',24210,5463,44,11221,0,'FF',9,0,3,'Maximum:','','on',3,17),(45787,'',24211,5463,44,11226,108,'FF',8,0,1,'Other','','',2,18),(45788,'',24212,5463,44,11226,0,'FF',9,0,4,'Current:','','',3,19),(45789,'',24213,5463,44,11226,0,'FF',9,0,2,'Minimum:','','',3,20),(45790,'',24214,5463,44,11226,0,'FF',9,0,3,'Maximum:','','on',3,21),(45791,'',24215,5463,44,0,0,'FF',1,0,1,'----------------------------------------------------------------------------','','on',2,22),(45792,'',24216,5463,44,11216,1,'FF',4,0,1,'[ Total ]','','',2,23),(45793,'',24217,5463,44,11216,0,'FF',9,0,4,'Current:','','',3,24),(45794,'',24218,5463,44,11216,0,'FF',9,0,2,'Minimum:','','',3,25),(45795,'',24219,5463,44,11216,0,'FF',9,0,3,'Maximum:','','on',3,26),(45796,'',24220,5463,44,0,0,'FF',1,0,1,'----------------------------------------------------------------------------','','on',2,27),(45797,'',24221,5463,44,11211,21,'FF',7,3,1,'UNREPLIED: TCP','','',2,28),(45798,'',24222,5463,44,11211,0,'FF',9,0,4,'Current:','','',3,29),(45799,'',24223,5463,44,11211,0,'FF',9,0,2,'Minimum:','','',3,30),(45800,'',24224,5463,44,11211,0,'FF',9,0,3,'Maximum:','','on',3,31),(45801,'',24225,5463,44,11208,73,'FF',8,3,1,'UNREPLIED: UDP','','',2,32),(45802,'',24226,5463,44,11208,0,'FF',9,0,4,'Current:','','',3,33),(45803,'',24227,5463,44,11208,0,'FF',9,0,2,'Minimum:','','',3,34),(45804,'',24228,5463,44,11208,0,'FF',9,0,3,'Maximum:','','on',3,35),(45805,'',24229,5463,44,11214,7,'FF',8,3,1,'UNREPLIED: ICMP','','',2,36),(45806,'',24230,5463,44,11214,0,'FF',9,0,4,'Current:','','',3,37),(45807,'',24231,5463,44,11214,0,'FF',9,0,2,'Minimum:','','',3,38),(45808,'',24232,5463,44,11214,0,'FF',9,0,3,'Maximum:','','on',3,39),(45809,'',24233,5463,44,11222,80,'FF',8,3,1,'UNREPLIED: IGMP','','',2,40),(45810,'',24234,5463,44,11222,0,'FF',9,0,4,'Current:','','',3,41),(45811,'',24235,5463,44,11222,0,'FF',9,0,2,'Minimum:','','',3,42),(45812,'',24236,5463,44,11222,0,'FF',9,0,3,'Maximum:','','on',3,43),(45813,'',24237,5463,44,11225,63,'FF',8,3,1,'UNREPLIED: Other','','',2,44),(45814,'',24238,5463,44,11225,0,'FF',9,0,4,'Current:','','',3,45),(45815,'',24239,5463,44,11225,0,'FF',9,0,2,'Minimum:','','',3,46),(45816,'',24240,5463,44,11225,0,'FF',9,0,3,'Maximum:','','on',3,47),(45817,'',24241,5463,44,11205,1,'FF',1,0,1,'[ UNREPLIED: tot ]   ','','',2,48),(45818,'',24242,5463,44,11205,0,'FF',9,0,4,'Current:','','',3,49),(45819,'',24243,5463,44,11205,0,'FF',9,0,2,'Minimum:','','',3,50),(45820,'',24244,5463,44,11205,0,'FF',9,0,3,'Maximum:','','on',3,51),(45821,'',24245,5463,44,0,0,'FF',1,0,1,'----------------------------------------------------------------------------','','on',2,52),(45822,'',24246,5463,44,11212,46,'FF',8,3,1,'HALF-ASSURED: TCP','','',2,53),(45823,'',24247,5463,44,11212,0,'FF',9,0,4,'Current:','','',3,54),(45824,'',24248,5463,44,11212,0,'FF',9,0,2,'Minimum:','','',3,55),(45825,'',24249,5463,44,11212,0,'FF',9,0,3,'Maximum:','','on',3,56),(45826,'',24250,5463,44,11209,109,'FF',8,3,1,'HALF-ASSURED: UDP','','',2,57),(45827,'',24251,5463,44,11209,0,'FF',9,0,4,'Current:','','',3,58),(45828,'',24252,5463,44,11209,0,'FF',9,0,2,'Minimum:','','',3,59),(45829,'',24253,5463,44,11209,0,'FF',9,0,3,'Maximum:','','on',3,60),(45830,'',24254,5463,44,11215,15,'FF',8,3,1,'HALF-ASSURED: ICMP','','',2,61),(45831,'',24255,5463,44,11215,0,'FF',9,0,4,'Current:','','',3,62),(45832,'',24256,5463,44,11215,0,'FF',9,0,2,'Minimum:','','',3,63),(45833,'',24257,5463,44,11215,0,'FF',9,0,3,'Maximum:','','on',3,64),(45834,'',24258,5463,44,11207,4,'FF',8,3,1,'HALF-ASSURED: IGMP','','',2,65),(45835,'',24259,5463,44,11207,0,'FF',9,0,4,'Current:','','',3,66),(45836,'',24260,5463,44,11207,0,'FF',9,0,2,'Minimum:','','',3,67),(45837,'',24261,5463,44,11207,0,'FF',9,0,3,'Maximum:','','on',3,68),(45838,'',24262,5463,44,11224,2,'FF',8,3,1,'HALF-ASSURED: Other','','',2,69),(45839,'',24263,5463,44,11224,0,'FF',9,0,4,'Current:','','',3,70),(45840,'',24264,5463,44,11224,0,'FF',9,0,2,'Minimum:','','',3,71),(45841,'',24265,5463,44,11224,0,'FF',9,0,3,'Maximum:','','on',3,72),(45842,'',24266,5463,44,0,1,'FF',1,0,1,'[ HALF-ASSURED: tot ]','','',2,73),(45843,'',24267,5463,44,11218,0,'FF',9,0,4,'Current:','','',3,74),(45844,'',24268,5463,44,11218,0,'FF',9,0,2,'Minimum:','','',3,75),(45845,'',24269,5463,44,11218,0,'FF',9,0,3,'Maximum:','','on',3,76),(45846,'',24270,5463,44,0,0,'FF',1,0,1,'----------------------------------------------------------------------------','','on',2,77),(45847,'',24271,5463,44,11213,93,'FF',8,3,1,'ASSURED: TCP','','',2,78),(45848,'',24272,5463,44,11213,0,'FF',9,0,4,'Current:','','',3,79),(45849,'',24273,5463,44,11213,0,'FF',9,0,2,'Minimum:','','',3,80),(45850,'',24274,5463,44,11213,0,'FF',9,0,3,'Maximum:','','on',3,81),(45851,'',24275,5463,44,11210,110,'FF',8,3,1,'ASSURED: UDP','','',2,82),(45852,'',24276,5463,44,11210,0,'FF',9,0,4,'Current:','','',3,83),(45853,'',24277,5463,44,11210,0,'FF',9,0,2,'Minimum:','','',3,84),(45854,'',24278,5463,44,11210,0,'FF',9,0,3,'Maximum:','','on',3,85),(45855,'',24279,5463,44,11223,92,'FF',8,3,1,'ASSURED: Other','','',2,86),(45856,'',24280,5463,44,11223,0,'FF',9,0,4,'Current:','','',3,87),(45857,'',24281,5463,44,11223,0,'FF',9,0,2,'Minimum:','','',3,88),(45858,'',24282,5463,44,11223,0,'FF',9,0,3,'Maximum:','','on',3,89),(45859,'',24283,5463,44,0,1,'FF',1,0,1,'[ ASSURED: tot ]	  ','','',2,90),(45860,'',24284,5463,44,11219,0,'FF',9,0,4,'Current:','','',3,91),(45861,'',24285,5463,44,11219,0,'FF',9,0,2,'Minimum:','','',3,92),(45862,'',24286,5463,44,11219,0,'FF',9,0,3,'Maximum:','','on',3,93),(45863,'',24287,5463,44,0,0,'FF',1,0,1,'----------------------------------------------------------------------------','','on',2,94),(45864,'',24288,5463,44,11206,1,'FF',4,0,1,'','','',2,95),(45865,'',24289,5463,44,11205,1,'FF',4,3,1,'','','',2,96),(45866,'',24290,5463,44,11216,1,'FF',4,3,1,'','','',2,97),(45867,'',61,5464,7,11227,25,'FF',7,0,1,'','','',2,1),(45868,'',62,5464,7,11227,0,'FF',9,0,4,'Current:','','',2,2),(45869,'',63,5464,7,11227,0,'FF',9,0,1,'Average:','','',2,3),(45870,'',64,5464,7,11227,0,'FF',9,0,3,'Maximum:','','on',2,4),(45951,'',9,5475,2,11250,22,'FF',7,2,1,'Inbound','','',2,1),(45952,'',10,5475,2,11250,0,'FF',9,2,4,'Current:','','',2,2),(45953,'',11,5475,2,11250,0,'FF',9,2,1,'Average:','','',2,3),(45954,'',12,5475,2,11250,0,'FF',9,2,3,'Maximum:','','on',2,4),(45955,'',13,5475,2,11251,20,'FF',4,2,1,'Outbound','','',2,5),(45956,'',14,5475,2,11251,0,'FF',9,2,4,'Current:','','',2,6),(45957,'',15,5475,2,11251,0,'FF',9,2,1,'Average:','','',2,7),(45958,'',16,5475,2,11251,0,'FF',9,2,3,'Maximum:','','on',2,8);

--
